000
CXUS51 KBGM 082102 CCA
CLMAVP

CLIMATE REPORT...CORRECTED
NATIONAL WEATHER SERVICE BINGHAMTON NY
400 PM EST MON DEC 8 2014

...................................

...THE AVOCA PA CLIMATE SUMMARY FOR THE MONTH OF NOVEMBER 2014...

CLIMATE NORMAL PERIOD 1981 TO 2010
CLIMATE RECORD PERIOD 1901 TO 2014

WEATHER         OBSERVED          NORMAL  DEPART  LAST YEAR`S
                 VALUE   DATE(S)  VALUE   FROM    VALUE  DATE(S)
                                          NORMAL
................................................................
TEMPERATURE (F)
RECORD
 HIGH              80   11/02/1982
 LOW                9   11/24/2000
                        11/30/1995
                        11/30/1976
HIGHEST            70   11/24        49      21       69  11/01
LOWEST             12   11/29        34     -22       13  11/30
AVG. MAXIMUM     47.5              49.4    -1.9     46.7
AVG. MINIMUM     30.8              33.3    -2.5     30.1
MEAN             39.1              41.4    -2.3     38.4
DAYS MAX >= 90      0               0.0     0.0        0
DAYS MAX <= 32      2               1.0     1.0        3
DAYS MIN <= 32     17              13.8     3.2       19
DAYS MIN <= 0       0               0.0     0.0        0

PRECIPITATION (INCHES)
RECORD
 MAXIMUM         7.62   1972
 MINIMUM         0.80   1976
TOTALS           1.80              3.14   -1.34     2.74
DAILY AVG.       0.06              0.10   -0.04     0.09
DAYS >= .01         9              11.2    -2.2       11
DAYS >= .10         3               6.2    -3.2        5
DAYS >= .50         2               1.7     0.3        3
DAYS >= 1.00        0               0.6    -0.6        0
GREATEST
 24 HR. TOTAL    0.73   11/26 TO 11/26

SNOWFALL (INCHES)
RECORDS
 TOTAL           22.5   1971
 24 HR TOTAL     18.5   11/25/1971 TO 11/25/1971
TOTALS            8.9               2.9     6.0      2.7
SINCE 7/1         8.9               3.0     5.9      2.6
DAYS >= TRACE       8               2.1     5.9       11
DAYS >= 1.0         2               0.8     1.2        1
GREATEST
 24 HR TOTAL      7.1   11/26

DEGREE_DAYS
HEATING TOTAL     768               710      58      792
 SINCE 7/1       1190              1313    -123     1276
COOLING TOTAL       0                 0       0        0
 SINCE 1/1        686               580     106      795
.................................................................

WIND (MPH)
AVERAGE WIND SPEED              8.0
RESULTANT WIND SPEED/DIRECTION   4/254
HIGHEST WIND SPEED/DIRECTION    31/330    DATE  11/02
HIGHEST GUST SPEED/DIRECTION    45/270    DATE  11/18

SKY COVER
POSSIBLE SUNSHINE (PERCENT)   MM
AVERAGE SKY COVER           0.50
NUMBER OF DAYS FAIR           10
NUMBER OF DAYS PC             12
NUMBER OF DAYS CLOUDY          8

AVERAGE RH (PERCENT)     59

WEATHER CONDITIONS. NUMBER OF DAYS WITH
THUNDERSTORM              0     MIXED PRECIP               0
HEAVY RAIN                1     RAIN                       4
LIGHT RAIN                9     FREEZING RAIN              0
LT FREEZING RAIN          0     HAIL                       0
HEAVY SNOW                1     SNOW                       3
LIGHT SNOW                6     SLEET                      0
FOG                       9     FOG W/VIS <= 1/4 MILE      2
HAZE                      3

-  INDICATES NEGATIVE NUMBERS.
R  INDICATES RECORD WAS SET OR TIED.
MM INDICATES DATA IS MISSING.
T  INDICATES TRACE AMOUNT.

&&
CORRECTED SNOWFALL

DAILY RECORD LOW TEMPERATURE OF 15 DEGREES WAS TIED ON 11/22
DAILY RECORD HIGH TEMPERATURE OF 70 DEGREES WAS SET ON 11/24
DAILY RECORD SNOWFALL OF 7.1 INCHES WAS SET ON 11/26

$$

TAC
