000
CXUS51 KBGM 011415 AAA
CLMAVP

CLIMATE REPORT...UPDATED AND CORRECTED
NATIONAL WEATHER SERVICE BINGHAMTON NY
1015 AM EDT WED OCT 1 2014

...................................

...THE AVOCA PA CLIMATE SUMMARY FOR THE MONTH OF SEPTEMBER 2014...

CLIMATE NORMAL PERIOD 1981 TO 2010
CLIMATE RECORD PERIOD 1901 TO 2014

WEATHER         OBSERVED          NORMAL  DEPART  LAST YEAR`S
                 VALUE   DATE(S)  VALUE   FROM    VALUE  DATE(S)
                                          NORMAL
................................................................
TEMPERATURE (F)
RECORD
 HIGH              95   09/11/2013
                        09/10/1983
                        09/02/1980
 LOW               29   09/29/2000
HIGHEST            89   09/02        72      17       95  09/11
LOWEST             41   09/23        53     -12       36  09/17
AVG. MAXIMUM     75.1              72.3     2.8     74.0
AVG. MINIMUM     53.5              52.1     1.4     49.9
MEAN             64.3              62.2     2.1     62.0
DAYS MAX >= 90      0               0.5    -0.5        2
DAYS MAX <= 32      0               0.0     0.0        0
DAYS MIN <= 32      0               0.1    -0.1        0
DAYS MIN <= 0       0               0.0     0.0        0

PRECIPITATION (INCHES)
RECORD
 MAXIMUM        11.46   2011
 MINIMUM         0.52   1943
TOTALS           0.69              4.07   -3.38     1.57
DAILY AVG.       0.02              0.14   -0.12     0.05
DAYS >= .01         7              10.2    -3.2        7
DAYS >= .10         3               6.0    -3.0        4
DAYS >= .50         0               2.4    -2.4        1
DAYS >= 1.00        0               1.3    -1.3        0
GREATEST
 24 HR. TOTAL    0.22   08/31 TO 09/01

SNOWFALL (INCHES)
RECORDS
 TOTAL              T   1993
                        1992
                        1990
 24 HR TOTAL        T   09/29/1993 TO 09/29/1993
                        09/22/1992 TO 09/22/1992
                        09/13/1990 TO 09/13/1990
TOTALS            0.0               0.0     0.0      0.0
SINCE 7/1         0.0               0.0     0.0      0.0
DAYS >= TRACE       0               0.0     0.0        0
DAYS >= 1.0         0               0.0     0.0        0
GREATEST
 24 HR TOTAL      0.0

DEGREE_DAYS
HEATING TOTAL     102               136     -34      153
 SINCE 7/1        113               162     -49      162
COOLING TOTAL      89                52      37       69
 SINCE 1/1        675               576      99      771
.................................................................

WIND (MPH)
AVERAGE WIND SPEED              5.2
RESULTANT WIND SPEED/DIRECTION   1/063
HIGHEST WIND SPEED/DIRECTION    22/310    DATE  09/21
HIGHEST GUST SPEED/DIRECTION    29/300    DATE  09/21

SKY COVER
POSSIBLE SUNSHINE (PERCENT)   MM
AVERAGE SKY COVER           0.40
NUMBER OF DAYS FAIR           16
NUMBER OF DAYS PC             12
NUMBER OF DAYS CLOUDY          2

AVERAGE RH (PERCENT)     68

WEATHER CONDITIONS. NUMBER OF DAYS WITH
THUNDERSTORM              0     MIXED PRECIP               0
HEAVY RAIN                3     RAIN                       5
LIGHT RAIN                6     FREEZING RAIN              0
LT FREEZING RAIN          0     HAIL                       0
HEAVY SNOW                0     SNOW                       0
LIGHT SNOW                0     SLEET                      0
FOG                      11     FOG W/VIS <= 1/4 MILE      1
HAZE                      5

-  INDICATES NEGATIVE NUMBERS.
R  INDICATES RECORD WAS SET OR TIED.
MM INDICATES DATA IS MISSING.
T  INDICATES TRACE AMOUNT.

&&

SECOND DRIEST SEPTEMBER  CORRECTION ON DRIEST SEPTEMBER

$$

TAC
