817
CXUS51 KBGM 011458 CCA
CLMAVP

CLIMATE REPORT...UPDATED AND CORRECTED
NATIONAL WEATHER SERVICE BINGHAMTON NY
1059 AM EDT SAT OCT 1 2016

...................................

...THE AVOCA PA CLIMATE SUMMARY FOR THE MONTH OF SEPTEMBER 2016...

CLIMATE NORMAL PERIOD 1981 TO 2010
CLIMATE RECORD PERIOD 1901 TO 2016

WEATHER         OBSERVED          NORMAL  DEPART  LAST YEAR`S
                 VALUE   DATE(S)  VALUE   FROM    VALUE  DATE(S)
                                          NORMAL
................................................................
TEMPERATURE (F)
RECORD
 HIGH              95   09/08/2015
                        09/11/2013
                        09/10/1983
 LOW               29   09/29/2000
HIGHEST            92   09/08        72      20       95  09/08
LOWEST             42   09/25        53     -11       47  09/23
AVG. MAXIMUM     78.5              72.3     6.2     80.4
AVG. MINIMUM     55.8              52.1     3.7     57.4
MEAN             67.1              62.2     4.9     68.9
DAYS MAX >= 90      2               0.5     1.5        4
DAYS MAX <= 32      0               0.0     0.0        0
DAYS MIN <= 32      0               0.1    -0.1        0
DAYS MIN <= 0       0               0.0     0.0        0

PRECIPITATION (INCHES)
RECORD
 MAXIMUM        11.46   2011
 MINIMUM         0.52   1943
TOTALS           3.00              4.07   -1.07     2.61
DAILY AVG.       0.10              0.14   -0.04     0.09
DAYS >= .01        13              10.2     2.8       10
DAYS >= .10         9               6.0     3.0        4
DAYS >= .50         3               2.4     0.6        1
DAYS >= 1.00        0               1.3    -1.3        1
GREATEST
 24 HR. TOTAL    0.94   09/18 TO 09/19

SNOWFALL (INCHES)
RECORDS
 TOTAL              T   1993
                        1992
                        1990
 24 HR TOTAL        T   09/29/1993 TO 09/29/1993
                        09/22/1992 TO 09/22/1992
                        09/13/1990 TO 09/13/1990
TOTALS            0.0               0.0     0.0      0.0
SINCE 7/1         0.0               0.0     0.0      0.0
DAYS >= TRACE       0               0.0     0.0        0
DAYS >= 1.0         0               0.0     0.0        0
GREATEST
 24 HR TOTAL      0.0   09/30 TO 09/30

DEGREE_DAYS
HEATING TOTAL      59               136     -77       29
 SINCE 7/1         60               162    -102       29
COOLING TOTAL     127                52      75      151
 SINCE 1/1        993               576     417      927
.................................................................

WIND (MPH)
AVERAGE WIND SPEED              5.6
RESULTANT WIND SPEED/DIRECTION   2/075
HIGHEST WIND SPEED/DIRECTION    25/320    DATE  09/11
HIGHEST GUST SPEED/DIRECTION    34/330    DATE  09/11

SKY COVER
POSSIBLE SUNSHINE (PERCENT)   MM
AVERAGE SKY COVER           0.30
NUMBER OF DAYS FAIR           17
NUMBER OF DAYS PC             10
NUMBER OF DAYS CLOUDY          3

AVERAGE RH (PERCENT)     70

WEATHER CONDITIONS. NUMBER OF DAYS WITH
THUNDERSTORM              3     MIXED PRECIP               0
HEAVY RAIN                5     RAIN                       7
LIGHT RAIN               13     FREEZING RAIN              0
LT FREEZING RAIN          0     HAIL                       0
HEAVY SNOW                0     SNOW                       0
LIGHT SNOW                0     SLEET                      0
FOG                      13     FOG W/VIS <= 1/4 MILE      0
HAZE                      0

-  INDICATES NEGATIVE NUMBERS.
R  INDICATES RECORD WAS SET OR TIED.
MM INDICATES DATA IS MISSING.
T  INDICATES TRACE AMOUNT.

&&
7TH WARMEST AVERAGE TEMPERATURE FOR SEPTEMBER
RECORD AVERAGE TEMPERATURE 68.9F IN 2015
CORRECTED NUMBER OF THUNDERSTORM DAYS
$$

TAC
