000
CXUS51 KBGM 040059 CCA
CLMAVP

CLIMATE REPORT...CORRECTED
NATIONAL WEATHER SERVICE BINGHAMTON NY
800 PM EST WED FEB 3 2016

...................................

...THE AVOCA PA CLIMATE SUMMARY FOR THE MONTH OF JANUARY 2016...

CLIMATE NORMAL PERIOD 1981 TO 2010
CLIMATE RECORD PERIOD 1901 TO 2016

WEATHER         OBSERVED          NORMAL  DEPART  LAST YEAR`S
                 VALUE   DATE(S)  VALUE   FROM    VALUE  DATE(S)
                                          NORMAL
................................................................
TEMPERATURE (F)
RECORD
 HIGH              67   01/30/2013
                        01/08/2008
                        01/25/1967
 LOW              -21   01/21/1994
HIGHEST            59   01/10        32      27       49  01/04
LOWEST              5   01/05        17     -12        2  01/29
                                                          01/08
AVG. MAXIMUM     36.2              33.2     3.0     31.3
AVG. MINIMUM     20.1              18.5     1.6     15.6
MEAN             28.2              25.8     2.4     23.4
DAYS MAX >= 90      0               0.0     0.0        0
DAYS MAX <= 32     12              14.2    -2.2       16
DAYS MIN <= 32     28              27.5     0.5       30
DAYS MIN <= 0       0               1.9    -1.9        0

PRECIPITATION (INCHES)
RECORD
 MAXIMUM         6.48   1979
 MINIMUM         0.39   1980
TOTALS           1.79              2.37   -0.58     1.87
DAILY AVG.       0.06              0.08   -0.02     0.06
DAYS >= .01         8              12.0    -4.0       15
DAYS >= .10         4               5.4    -1.4        6
DAYS >= .50         1               1.4    -0.4        1
DAYS >= 1.00        1               0.3     0.7        0
GREATEST
 24 HR. TOTAL    1.25   01/10 TO 01/10

SNOWFALL (INCHES)
RECORDS
 TOTAL           42.3   1994
 24 HR TOTAL     18.3   01/13/1964 TO 01/13/1964
TOTALS            4.5              14.2    -9.7     15.5
SINCE 7/1         5.3              24.6   -19.3     28.8
DAYS >= TRACE      18               9.3     8.7       22
DAYS >= 1.0         2               3.2    -1.2        5
GREATEST
 24 HR TOTAL      1.8   01/23 TO 01/23

DEGREE_DAYS
HEATING TOTAL    1135              1213     -78     1281
 SINCE 7/1       2671              3591    -920     3373
COOLING TOTAL       0                 0       0        0
 SINCE 1/1          0                 0       0        0
.................................................................

WIND (MPH)
AVERAGE WIND SPEED              7.5
RESULTANT WIND SPEED/DIRECTION   3/279
HIGHEST WIND SPEED/DIRECTION    29/270    DATE  01/12
HIGHEST GUST SPEED/DIRECTION    36/240    DATE  01/12

SKY COVER
POSSIBLE SUNSHINE (PERCENT)   MM
AVERAGE SKY COVER           0.60
NUMBER OF DAYS FAIR           10
NUMBER OF DAYS PC              9
NUMBER OF DAYS CLOUDY         12

AVERAGE RH (PERCENT)     62

WEATHER CONDITIONS. NUMBER OF DAYS WITH
THUNDERSTORM              1     MIXED PRECIP               0
HEAVY RAIN                1     RAIN                       1
LIGHT RAIN                5     FREEZING RAIN              0
LT FREEZING RAIN          0     HAIL                       0
HEAVY SNOW                2     SNOW                       2
LIGHT SNOW               12     SLEET                      0
FOG                       8     FOG W/VIS <= 1/4 MILE      3
HAZE                     15

-  INDICATES NEGATIVE NUMBERS.
R  INDICATES RECORD WAS SET OR TIED.
MM INDICATES DATA IS MISSING.
T  INDICATES TRACE AMOUNT.

&&
CORRECTED NUMBER OF THUNDERSTORM DAYS FROM 0 TO 1
CORRECTED NUMBER OF DAYS WITH ANY SNOWFALL FROM 14 TO 18
CORRECTED SNOWFALL AMOUNTS FOR MONTH AND SINCE 7/1 AS WELL AS DEPARTURES
$$
