000
CXUS51 KBGM 011232
CLMAVP


CLIMATE REPORT
NATIONAL WEATHER SERVICE BINGHAMTON NY
732 AM EST THU JAN 1 2015

...................................

...THE AVOCA PA CLIMATE SUMMARY FOR THE YEAR OF 2014...

CLIMATE NORMAL PERIOD 1981 TO 2010
CLIMATE RECORD PERIOD 1901 TO 2014

WEATHER         OBSERVED          NORMAL  DEPART  LAST YEAR`S
                 VALUE   DATE(S)  VALUE   FROM    VALUE  DATE(S)
                                          NORMAL
................................................................
TEMPERATURE (F)
RECORD
 HIGH             103   07/09/1936
 LOW              -21   01/21/1994
HIGHEST            92   07/23        59      33       96  07/18
LOWEST             -6   02/12        40     -46        0  01/24
AVG. MAXIMUM     58.7              58.8    -0.1     59.6
AVG. MINIMUM     39.7              40.1    -0.4     41.0
MEAN             49.2              49.4    -0.2     50.3
DAYS MAX >= 90      5               6.3    -1.3       13
DAYS MAX <= 32     53              36.2    16.8       38
DAYS MIN <= 32    129             123.6     5.4      137
DAYS MIN <= 0       9               2.9     6.1        1

PRECIPITATION (INCHES)
RECORD
 MAXIMUM        60.00   2011
 MINIMUM        26.22   1963
TOTALS          30.87             38.26   -7.39    27.57
DAILY AVG.       0.09              0.10   -0.01     0.08
DAYS >= .01       125             139.2   -14.2      131
DAYS >= .10        70              78.0    -8.0       67
DAYS >= .50        18              23.4    -5.4       16
DAYS >= 1.00        4               7.8    -3.8        3
GREATEST
 24 HR. TOTAL    2.98   MM                       06/27 TO 06/28
                                                          12/14 TO 12/14
                                                          12/14 TO 12/14
 STORM TOTAL       MM                                 MM
 (MM/DD(HH))            MM                    06/28(00) TO 06/28(00)
                                                 12/14(00) TO 12/14(00)4
                                                 12/14(00) TO 12/14(00)4

SNOWFALL (INCHES)
RECORDS
 TOTAL           80.2   1994
 24 HR TOTAL     18.7   03/13/1993 TO 03/13/1993
TOTALS           58.7              46.2    12.5     34.7
SINCE 7/1        13.3              10.4     2.9     13.5
DAYS >= TRACE      68              33.0    35.0       91
DAYS >= 1.0        17              12.5     4.5       12
GREATEST
 24 HR TOTAL      8.3   MM                       12/14 TO 12/14
                                                          12/14 TO 12/14
                                                          12/14 TO 12/14
 STORM TOTAL       MM                                 MM
 (MM/DD(HH))            MM                    12/14(00) TO 12/14(00)
                                                 12/14(00) TO 12/14(00)4
                                                 12/14(00) TO 12/14(00)4

DEGREE_DAYS
HEATING TOTAL    6300              6255      45     6030
 SINCE 7/1       2092              2378    -286     2314
COOLING TOTAL     692               579     113      795
 SINCE 1/1        692               580     112      795

FREEZE DATES
RECORD
 EARLIEST     09/21/1956
 LATEST       05/25/1956
EARLIEST                        10/15
LATEST                          04/26
.....................................................

WIND (MPH)
AVERAGE WIND SPEED              6.8
RESULTANT WIND SPEED/DIRECTION   2/270
HIGHEST WIND SPEED/DIRECTION    43/250    DATE  07/08
HIGHEST GUST SPEED/DIRECTION    53/250    DATE  07/08

SKY COVER
POSSIBLE SUNSHINE (PERCENT)   MM
AVERAGE SKY COVER           0.50
NUMBER OF DAYS FAIR          134
NUMBER OF DAYS PC            132
NUMBER OF DAYS CLOUDY         99

AVERAGE RH (PERCENT)     64

WEATHER CONDITIONS. NUMBER OF DAYS WITH
THUNDERSTORM              0     MIXED PRECIP               0
HEAVY RAIN               35     RAIN                      60
LIGHT RAIN              130     FREEZING RAIN              1
LT FREEZING RAIN          2     HAIL                       0
HEAVY SNOW                6     SNOW                      20
LIGHT SNOW               57     SLEET                      0
FOG                     151     FOG W/VIS <= 1/4 MILE     16
HAZE                     70

-  INDICATES NEGATIVE NUMBERS.
R  INDICATES RECORD WAS SET OR TIED.
MM INDICATES DATA IS MISSING.
T  INDICATES TRACE AMOUNT.

$$
