000
CXUS51 KBGM 030140 CCA
CLMAVP

CLIMATE REPORT...CORRECTED
NATIONAL WEATHER SERVICE BINGHAMTON NY
940 PM EDT FRI MAY 2 2014

...................................

...THE AVOCA PA CLIMATE SUMMARY FOR THE MONTH OF APRIL 2014...

CLIMATE NORMAL PERIOD 1981 TO 2010
CLIMATE RECORD PERIOD 1901 TO 2014

WEATHER         OBSERVED          NORMAL  DEPART  LAST YEAR`S
                 VALUE   DATE(S)  VALUE   FROM    VALUE  DATE(S)
                                          NORMAL
................................................................
TEMPERATURE (F)
RECORD
 HIGH              94   04/18/1896
 LOW               14   04/07/1982
HIGHEST            81   04/13        58      23       77  04/09
LOWEST             23   04/16        38     -15       23  04/04
AVG. MAXIMUM     59.5              59.1     0.4     59.9
AVG. MINIMUM     37.2              38.2    -1.0     39.2
MEAN             48.4              48.6    -0.2     49.5
DAYS MAX >= 90      0               0.1    -0.1        0
DAYS MAX <= 32      0               0.1    -0.1        0
DAYS MIN <= 32     10               7.2     2.8        7
DAYS MIN <= 0       0               0.0     0.0        0

PRECIPITATION (INCHES)
RECORD
 MAXIMUM         9.56   1983
 MINIMUM         0.96   1997
TOTALS           3.01              3.33   -0.32     1.80
DAILY AVG.       0.10              0.11   -0.01     0.06
DAYS >= .01        11              12.3    -1.3        9
DAYS >= .10         8               7.3     0.7        6
DAYS >= .50         2               2.1    -0.1        1
DAYS >= 1.00        1               0.6     0.4        0
GREATEST
 24 HR. TOTAL    1.11   04/15 TO 04/15

SNOWFALL (INCHES)
RECORDS
 TOTAL           26.7   1983
 24 HR TOTAL     10.0   04/16/2007 TO 04/16/2007
TOTALS            0.7               3.3    -2.6        T
SINCE 7/1        58.9              46.2    12.7     33.9
DAYS >= TRACE       2               1.7     0.3        2
DAYS >= 1.0         0               0.6    -0.6        0
GREATEST
 24 HR TOTAL      0.7   04/15

DEGREE_DAYS
HEATING TOTAL     498               496       2      459
 SINCE 7/1       6364              5973     391     5609
COOLING TOTAL       7                 6       1        4
 SINCE 1/1          7                 6       1        4
.................................................................

WIND (MPH)
AVERAGE WIND SPEED              8.6
RESULTANT WIND SPEED/DIRECTION   3/263
HIGHEST WIND SPEED/DIRECTION    30/320    DATE  04/15
HIGHEST GUST SPEED/DIRECTION    43/110    DATE  04/30

SKY COVER
POSSIBLE SUNSHINE (PERCENT)   MM
AVERAGE SKY COVER           0.40
NUMBER OF DAYS FAIR           17
NUMBER OF DAYS PC              4
NUMBER OF DAYS CLOUDY          9

AVERAGE RH (PERCENT)     58

WEATHER CONDITIONS. NUMBER OF DAYS WITH
THUNDERSTORM              0     MIXED PRECIP               0
HEAVY RAIN                3     RAIN                       4
LIGHT RAIN               12     FREEZING RAIN              0
LT FREEZING RAIN          0     HAIL                       0
HEAVY SNOW                0     SNOW                       1
LIGHT SNOW                2     SLEET                      0
FOG                      13     FOG W/VIS <= 1/4 MILE      0
HAZE                      2

-  INDICATES NEGATIVE NUMBERS.
R  INDICATES RECORD WAS SET OR TIED.
MM INDICATES DATA IS MISSING.
T  INDICATES TRACE AMOUNT.

&&
ADDED THE DATE OF THE GREATEST 24 HOUR SNOW

$$
