694
CXUS51 KBGM 010551
CLMAVP


CLIMATE REPORT
NATIONAL WEATHER SERVICE BINGHAMTON NY
1250 AM EST WED MAR 1 2017

...................................

...THE AVOCA PA CLIMATE SUMMARY FOR THE MONTH OF FEBRUARY 2017...

CLIMATE NORMAL PERIOD 1981 TO 2010
CLIMATE RECORD PERIOD 1901 TO 2017

WEATHER         OBSERVED          NORMAL  DEPART  LAST YEAR`S
                 VALUE   DATE(S)  VALUE   FROM    VALUE  DATE(S)
                                          NORMAL
................................................................
TEMPERATURE (F)
RECORD
 HIGH              76   02/24/2017
 LOW              -19   02/09/1934
HIGHEST            76R  02/24        35      41       62  02/24
                                                          02/20
LOWEST             14   02/09        19      -5       -6  02/14
AVG. MAXIMUM     46.7              36.8     9.9     41.7
AVG. MINIMUM     28.8              20.7     8.1     23.6
MEAN             37.8              28.8     9.0     32.6
DAYS MAX >= 90      0               0.0     0.0        0
DAYS MAX <= 32      4               8.8    -4.8        8
DAYS MIN <= 32     20              24.3    -4.3       22
DAYS MIN <= 0       0               0.5    -0.5        1

PRECIPITATION (INCHES)
RECORD
 MAXIMUM         8.06   1981
 MINIMUM         0.30   1968
TOTALS           2.98              2.03    0.95     4.01
DAILY AVG.       0.11              0.07    0.04     0.14
DAYS >= .01        10              11.0    -1.0       10
DAYS >= .10         4               5.4    -1.4        7
DAYS >= .50         3               0.8     2.2        2
DAYS >= 1.00        1               0.4     0.6        2
GREATEST
 24 HR. TOTAL    1.44   02/25 TO 02/25

SNOWFALL (INCHES)
RECORDS
 TOTAL           29.3   2014
 24 HR TOTAL     13.0   02/14/2007 TO 02/14/2007
TOTALS            8.3               9.3    -1.0      6.7
SINCE 7/1        24.8              33.9    -9.1     12.0
DAYS >= TRACE      10               7.7     2.3       14
DAYS >= 1.0         1               3.2    -2.2        3
GREATEST
 24 HR TOTAL      7.5   02/09 TO 02/09

DEGREE_DAYS
HEATING TOTAL     756              1015    -259      899
 SINCE 7/1       3755              4606    -851     3570
COOLING TOTAL       0                 0       0        0
 SINCE 1/1          0                 0       0        0
.................................................................

WIND (MPH)
AVERAGE WIND SPEED              7.8
RESULTANT WIND SPEED/DIRECTION   4/274
HIGHEST WIND SPEED/DIRECTION    30/320    DATE  02/09
HIGHEST GUST SPEED/DIRECTION    40/300    DATE  02/13

SKY COVER
POSSIBLE SUNSHINE (PERCENT)   MM
AVERAGE SKY COVER           0.50
NUMBER OF DAYS FAIR            8
NUMBER OF DAYS PC             14
NUMBER OF DAYS CLOUDY          6

AVERAGE RH (PERCENT)     64

WEATHER CONDITIONS. NUMBER OF DAYS WITH
THUNDERSTORM              0     MIXED PRECIP               0
HEAVY RAIN                2     RAIN                       3
LIGHT RAIN                7     FREEZING RAIN              1
LT FREEZING RAIN          1     HAIL                       0
HEAVY SNOW                2     SNOW                       2
LIGHT SNOW               10     SLEET                      1
FOG                      13     FOG W/VIS <= 1/4 MILE      1
HAZE                      8

-  INDICATES NEGATIVE NUMBERS.
R  INDICATES RECORD WAS SET OR TIED.
MM INDICATES DATA IS MISSING.
T  INDICATES TRACE AMOUNT.

$$
