000
CXUS51 KBGM 010606
CLMAVP


CLIMATE REPORT
NATIONAL WEATHER SERVICE BINGHAMTON NY
104 AM EST SAT FEB 1 2014

...................................

...THE AVOCA PA CLIMATE SUMMARY FOR THE MONTH OF JANUARY 2014...

CLIMATE NORMAL PERIOD 1981 TO 2010
CLIMATE RECORD PERIOD 1901 TO 2014

WEATHER         OBSERVED          NORMAL  DEPART  LAST YEAR`S
                 VALUE   DATE(S)  VALUE   FROM    VALUE  DATE(S)
                                          NORMAL
................................................................
TEMPERATURE (F)
RECORD
 HIGH              67   01/30/2013
                        01/08/2008
                        01/25/1967
 LOW              -21   01/21/1994
HIGHEST            59   01/11        32      27       63  01/30
LOWEST             -5   01/22        17     -22        0  01/24
AVG. MAXIMUM     30.1              33.2    -3.1     36.5
AVG. MINIMUM     12.1              18.5    -6.4     22.0
MEAN             21.1              25.8    -4.7     29.3
DAYS MAX >= 90      0               0.0     0.0        0
DAYS MAX <= 32     19              14.2     4.8       10
DAYS MIN <= 32     28              27.5     0.5       26
DAYS MIN <= 0       5               1.9     3.1        1

PRECIPITATION (INCHES)
RECORD
 MAXIMUM         6.48   1979
 MINIMUM         0.39   1980
TOTALS           2.11              2.37   -0.26     2.02
DAILY AVG.       0.07              0.08   -0.01     0.07
DAYS >= .01        13              12.0     1.0       13
DAYS >= .10         6               5.4     0.6        6
DAYS >= .50         1               1.4    -0.4        0
DAYS >= 1.00        0               0.3    -0.3        0
GREATEST
 24 HR. TOTAL    0.62   01/05 TO 01/06

SNOWFALL (INCHES)
RECORDS
 TOTAL           42.3   1994
 24 HR TOTAL     18.3   01/13/1964 TO 01/13/1964
TOTALS           13.0              14.2    -1.2      5.9
SINCE 7/1        26.5              24.6     1.9     18.6
DAYS >= TRACE      16               9.3     6.7       17
DAYS >= 1.0         3               3.2    -0.2        2
GREATEST
 24 HR TOTAL      4.0   01/02 TO 01/02

DEGREE_DAYS
HEATING TOTAL    1357              1213     144     1103
 SINCE 7/1       3671              3591      80     3217
COOLING TOTAL       0                 0       0        0
 SINCE 1/1          0                 0       0        0
.................................................................

WIND (MPH)
AVERAGE WIND SPEED              8.4
RESULTANT WIND SPEED/DIRECTION   5/252
HIGHEST WIND SPEED/DIRECTION    30/280    DATE  01/07
HIGHEST GUST SPEED/DIRECTION    43/190    DATE  01/11

SKY COVER
POSSIBLE SUNSHINE (PERCENT)   MM
AVERAGE SKY COVER           0.60
NUMBER OF DAYS FAIR            8
NUMBER OF DAYS PC             11
NUMBER OF DAYS CLOUDY         12

AVERAGE RH (PERCENT)     67

WEATHER CONDITIONS. NUMBER OF DAYS WITH
THUNDERSTORM              0     MIXED PRECIP               0
HEAVY RAIN                2     RAIN                       4
LIGHT RAIN                6     FREEZING RAIN              0
LT FREEZING RAIN          0     HAIL                       0
HEAVY SNOW                1     SNOW                       5
LIGHT SNOW               15     SLEET                      0
FOG                      18     FOG W/VIS <= 1/4 MILE      2
HAZE                     13

-  INDICATES NEGATIVE NUMBERS.
R  INDICATES RECORD WAS SET OR TIED.
MM INDICATES DATA IS MISSING.
T  INDICATES TRACE AMOUNT.

$$
