000
CXUS51 KBGM 011157
CLMAVP


CLIMATE REPORT
NATIONAL WEATHER SERVICE BINGHAMTON NY
752 AM EDT FRI AUG 1 2014

...................................

...THE AVOCA PA CLIMATE SUMMARY FOR THE MONTH OF JULY 2014...

CLIMATE NORMAL PERIOD 1981 TO 2010
CLIMATE RECORD PERIOD 1901 TO 2014

WEATHER         OBSERVED          NORMAL  DEPART  LAST YEAR`S
                 VALUE   DATE(S)  VALUE   FROM    VALUE  DATE(S)
                                          NORMAL
................................................................
TEMPERATURE (F)
RECORD
 HIGH             101   07/16/1988
                        07/03/1966
 LOW               43   07/06/1979
HIGHEST            92   07/23        82      10       96  07/18
LOWEST             51   07/25        62     -11       50  07/25
AVG. MAXIMUM     82.8              81.9     0.9     85.1
AVG. MINIMUM     61.7              60.9     0.8     65.5
MEAN             72.3              71.4     0.9     75.3
DAYS MAX >= 90      4               2.9     1.1        8
DAYS MAX <= 32      0               0.0     0.0        0
DAYS MIN <= 32      0               0.0     0.0        0
DAYS MIN <= 0       0               0.0     0.0        0

PRECIPITATION (INCHES)
RECORD
 MAXIMUM         7.25   1986
 MINIMUM         0.28   2001
TOTALS           2.49              3.79   -1.30     1.74
DAILY AVG.       0.08              0.12   -0.04     0.06
DAYS >= .01        11              11.2    -0.2       11
DAYS >= .10         6               7.3    -1.3        4
DAYS >= .50         2               2.6    -0.6        1
DAYS >= 1.00        0               0.8    -0.8        0
GREATEST
 24 HR. TOTAL    0.97   07/07 TO 07/08

SNOWFALL (INCHES)
RECORDS
 TOTAL            0.0   2007
                        2006
                        2005
 24 HR TOTAL      0.0   MM
TOTALS            0.0               0.0     0.0      0.0
SINCE 7/1         0.0               0.0     0.0      0.0
DAYS >= TRACE       0               0.0     0.0        0
DAYS >= 1.0         0               0.0     0.0        0
GREATEST
 24 HR TOTAL      0.0   07/31 TO 07/31

DEGREE_DAYS
HEATING TOTAL       2                 8      -6        1
 SINCE 7/1          2                 8      -6        1
COOLING TOTAL     235               206      29      329
 SINCE 1/1        435               360      75      529
.................................................................

WIND (MPH)
AVERAGE WIND SPEED              4.8
RESULTANT WIND SPEED/DIRECTION   1/247
HIGHEST WIND SPEED/DIRECTION    43/250    DATE  07/08
HIGHEST GUST SPEED/DIRECTION    53/250    DATE  07/08

SKY COVER
POSSIBLE SUNSHINE (PERCENT)   MM
AVERAGE SKY COVER           0.40
NUMBER OF DAYS FAIR           11
NUMBER OF DAYS PC             17
NUMBER OF DAYS CLOUDY          3

AVERAGE RH (PERCENT)     66

WEATHER CONDITIONS. NUMBER OF DAYS WITH
THUNDERSTORM              0     MIXED PRECIP               0
HEAVY RAIN                5     RAIN                       5
LIGHT RAIN               16     FREEZING RAIN              0
LT FREEZING RAIN          0     HAIL                       0
HEAVY SNOW                0     SNOW                       0
LIGHT SNOW                0     SLEET                      0
FOG                      12     FOG W/VIS <= 1/4 MILE      0
HAZE                      3

-  INDICATES NEGATIVE NUMBERS.
R  INDICATES RECORD WAS SET OR TIED.
MM INDICATES DATA IS MISSING.
T  INDICATES TRACE AMOUNT.

$$

PN
