000
CXUS51 KBGM 011404
CLMAVP


CLIMATE REPORT...CORRECTED
NATIONAL WEATHER SERVICE BINGHAMTON NY
958 AM EDT TUE APR 1 2014

...................................

...THE AVOCA PA CLIMATE SUMMARY FOR THE MONTH OF MARCH 2014...

CLIMATE NORMAL PERIOD 1981 TO 2010
CLIMATE RECORD PERIOD 1901 TO 2014

WEATHER         OBSERVED          NORMAL  DEPART  LAST YEAR`S
                 VALUE   DATE(S)  VALUE   FROM    VALUE  DATE(S)
                                          NORMAL
................................................................
TEMPERATURE (F)
RECORD
 HIGH              85   03/31/1998
 LOW               -4   03/19/1967
HIGHEST            62   03/11        46      16       56  03/30
                                                          03/10
LOWEST              0   03/04        28     -28       19  03/21
                                                          03/18
AVG. MAXIMUM     40.6              46.2    -5.6     42.2
AVG. MINIMUM     21.5              27.6    -6.1     27.4
MEAN             31.1              36.9    -5.8     34.8
DAYS MAX >= 90      0               0.0     0.0        0
DAYS MAX <= 32      9               2.9     6.1        3
DAYS MIN <= 32     25              21.0     4.0       27
DAYS MIN <= 0       1               0.0     1.0        0

PRECIPITATION (INCHES)
RECORD
 MAXIMUM         5.21   2008
 MINIMUM         0.49   1981
TOTALS           2.07              2.55   -0.48     1.62
DAILY AVG.       0.07              0.08   -0.01     0.05
DAYS >= .01         7              11.8    -4.8        8
DAYS >= .10         5               6.6    -1.6        5
DAYS >= .50         1               1.6    -0.6        1
DAYS >= 1.00        0               0.4    -0.4        0
GREATEST
 24 HR. TOTAL    1.11   03/29 TO 03/30

SNOWFALL (INCHES)
RECORDS
 TOTAL           32.0   1993
 24 HR TOTAL     18.7   03/13/1993 TO 03/13/1993
TOTALS            2.4               9.0    -6.6      6.5
SINCE 7/1        58.2              42.9    15.3     33.9
DAYS >= TRACE      13               5.0     8.0       21
DAYS >= 1.0         1               2.3    -1.3        2
GREATEST
 24 HR TOTAL      2.2   03/30 TO 03/31

DEGREE_DAYS
HEATING TOTAL    1043               871     172      926
 SINCE 7/1       5866              5477     389     5150
COOLING TOTAL       0                 0       0        0
 SINCE 1/1          0                 0       0        0
.................................................................

WIND (MPH)
AVERAGE WIND SPEED              8.2
RESULTANT WIND SPEED/DIRECTION   4/317
HIGHEST WIND SPEED/DIRECTION    30/350    DATE  03/31
HIGHEST GUST SPEED/DIRECTION    43/350    DATE  03/31

SKY COVER
POSSIBLE SUNSHINE (PERCENT)   MM
AVERAGE SKY COVER           0.50
NUMBER OF DAYS FAIR           11
NUMBER OF DAYS PC             12
NUMBER OF DAYS CLOUDY          8

AVERAGE RH (PERCENT)     57

WEATHER CONDITIONS. NUMBER OF DAYS WITH
THUNDERSTORM              0     MIXED PRECIP               0
HEAVY RAIN                3     RAIN                       5
LIGHT RAIN                8     FREEZING RAIN              0
LT FREEZING RAIN          0     HAIL                       0
HEAVY SNOW                0     SNOW                       0
LIGHT SNOW                8     SLEET                      0
FOG                      10     FOG W/VIS <= 1/4 MILE      0
HAZE                      7

-  INDICATES NEGATIVE NUMBERS.
R  INDICATES RECORD WAS SET OR TIED.
MM INDICATES DATA IS MISSING.
T  INDICATES TRACE AMOUNT.

&&
7TH COLDEST MARCH  RECORD 25.3 IN 1960

$$

TAC
