000
CXUS51 KBGM 030111 CCA
CLMAVP

CLIMATE REPORT...CORRECTED
NATIONAL WEATHER SERVICE BINGHAMTON NY
911 PM EDT TUE MAY 2 2017

...................................

...THE AVOCA PA CLIMATE SUMMARY FOR THE MONTH OF APRIL 2017...

CLIMATE NORMAL PERIOD 1981 TO 2010
CLIMATE RECORD PERIOD 1901 TO 2017

WEATHER         OBSERVED          NORMAL  DEPART  LAST YEAR`S
                 VALUE   DATE(S)  VALUE   FROM    VALUE  DATE(S)
                                          NORMAL
................................................................
TEMPERATURE (F)
RECORD
 HIGH              94   04/18/1896
 LOW               14   04/07/1982
HIGHEST            85   04/11        58      27       78  04/18
LOWEST             31   04/09        38      -7       20  04/05
AVG. MAXIMUM     66.5              59.1     7.4     59.0
AVG. MINIMUM     45.2              38.2     7.0     36.4
MEAN             55.8              48.6     7.2     47.7
DAYS MAX >= 90      0               0.1    -0.1        0
DAYS MAX <= 32      0               0.1    -0.1        0
DAYS MIN <= 32      2               7.2    -5.2        9
DAYS MIN <= 0       0               0.0     0.0        0

PRECIPITATION (INCHES)
RECORD
 MAXIMUM         9.56   1983
 MINIMUM         0.96   1997
TOTALS           2.99              3.33   -0.34     2.69
DAILY AVG.       0.10              0.11   -0.01     0.09
DAYS >= .01        12              12.3    -0.3       12
DAYS >= .10         4               7.3    -3.3        5
DAYS >= .50         2               2.1    -0.1        1
DAYS >= 1.00        1               0.6     0.4        1
GREATEST
 24 HR. TOTAL    1.14   04/06 TO 04/06

SNOWFALL (INCHES)
RECORDS
 TOTAL           26.7   1983
 24 HR TOTAL     10.0   04/16/2007 TO 04/16/2007
TOTALS            0.1               3.3    -3.2      2.2
SINCE 7/1        55.5              46.2     9.3     15.5
DAYS >= TRACE       2               1.7     0.3        5
DAYS >= 1.0         0               0.6    -0.6        1
GREATEST
 24 HR TOTAL      0.1   04/01 TO 04/01

DEGREE_DAYS
HEATING TOTAL     289               496    -207      510
 SINCE 7/1       4979              5973    -994     4711
COOLING TOTAL      22                 6      16        1
 SINCE 1/1         22                 6      16        1
.................................................................

WIND (MPH)
AVERAGE WIND SPEED              7.3
RESULTANT WIND SPEED/DIRECTION   1/315
HIGHEST WIND SPEED/DIRECTION    29/240    DATE  04/16
HIGHEST GUST SPEED/DIRECTION    40/230    DATE  04/16

SKY COVER
POSSIBLE SUNSHINE (PERCENT)   MM
AVERAGE SKY COVER           0.50
NUMBER OF DAYS FAIR           13
NUMBER OF DAYS PC              8
NUMBER OF DAYS CLOUDY          9

AVERAGE RH (PERCENT)     61

WEATHER CONDITIONS. NUMBER OF DAYS WITH
THUNDERSTORM              2     MIXED PRECIP               0
HEAVY RAIN                3     RAIN                       4
LIGHT RAIN               17     FREEZING RAIN              0
LT FREEZING RAIN          0     HAIL                       0
HEAVY SNOW                0     SNOW                       0
LIGHT SNOW                2     SLEET                      0
FOG                      13     FOG W/VIS <= 1/4 MILE      0
HAZE                      8

-  INDICATES NEGATIVE NUMBERS.
R  INDICATES RECORD WAS SET OR TIED.
MM INDICATES DATA IS MISSING.
T  INDICATES TRACE AMOUNT.

&&
CORRECTED NUMBER OF THUNDERSTORM DAYS
WARMEST APRIL AVERAGE TEMPERATURE
$$
