000
CXUS51 KBGM 010542
CLMAVP


CLIMATE REPORT
NATIONAL WEATHER SERVICE BINGHAMTON NY
140 AM EDT WED APR 1 2015

...................................

...THE AVOCA PA CLIMATE SUMMARY FOR THE MONTH OF MARCH 2015...

CLIMATE NORMAL PERIOD 1981 TO 2010
CLIMATE RECORD PERIOD 1901 TO 2015

WEATHER         OBSERVED          NORMAL  DEPART  LAST YEAR`S
                 VALUE   DATE(S)  VALUE   FROM    VALUE  DATE(S)
                                          NORMAL
................................................................
TEMPERATURE (F)
RECORD
 HIGH              85   03/31/1998
 LOW               -4   03/19/1967
HIGHEST            60   03/26        46      14       62  03/11
LOWEST              4   03/06        28     -24        0  03/04
AVG. MAXIMUM     41.0              46.2    -5.2     40.6
AVG. MINIMUM     24.3              27.6    -3.3     21.5
MEAN             32.7              36.9    -4.2     31.1
DAYS MAX >= 90      0               0.0     0.0        0
DAYS MAX <= 32      4               2.9     1.1        9
DAYS MIN <= 32     26              21.0     5.0       25
DAYS MIN <= 0       0               0.0     0.0        1

PRECIPITATION (INCHES)
RECORD
 MAXIMUM         5.21   2008
 MINIMUM         0.49   1981
TOTALS           1.96              2.55   -0.59     2.07
DAILY AVG.       0.06              0.08   -0.02     0.07
DAYS >= .01        14              11.8     2.2        7
DAYS >= .10         8               6.6     1.4        5
DAYS >= .50         0               1.6    -1.6        1
DAYS >= 1.00        0               0.4    -0.4        0
GREATEST
 24 HR. TOTAL    0.32   03/14 TO 03/14

SNOWFALL (INCHES)
RECORDS
 TOTAL           32.0   1993
 24 HR TOTAL     18.7   03/13/1993 TO 03/13/1993
TOTALS            8.9               9.0    -0.1      2.4
SINCE 7/1        51.0              42.9     8.1     58.2
DAYS >= TRACE      13               5.0     8.0       13
DAYS >= 1.0         3               2.3     0.7        1
GREATEST
 24 HR TOTAL      3.0   03/20 TO 03/20

DEGREE_DAYS
HEATING TOTAL     995               871     124     1043
 SINCE 7/1       5692              5477     215     5866
COOLING TOTAL       0                 0       0        0
 SINCE 1/1          0                 0       0        0
.................................................................

WIND (MPH)
AVERAGE WIND SPEED              7.8
RESULTANT WIND SPEED/DIRECTION   4/309
HIGHEST WIND SPEED/DIRECTION    32/320    DATE  03/17
HIGHEST GUST SPEED/DIRECTION    42/330    DATE  03/17

SKY COVER
POSSIBLE SUNSHINE (PERCENT)   MM
AVERAGE SKY COVER           0.50
NUMBER OF DAYS FAIR           10
NUMBER OF DAYS PC             11
NUMBER OF DAYS CLOUDY         10

AVERAGE RH (PERCENT)     59

WEATHER CONDITIONS. NUMBER OF DAYS WITH
THUNDERSTORM              0     MIXED PRECIP               0
HEAVY RAIN                0     RAIN                       4
LIGHT RAIN               15     FREEZING RAIN              1
LT FREEZING RAIN          1     HAIL                       0
HEAVY SNOW                2     SNOW                       4
LIGHT SNOW               14     SLEET                      0
FOG                      13     FOG W/VIS <= 1/4 MILE      5
HAZE                     18

-  INDICATES NEGATIVE NUMBERS.
R  INDICATES RECORD WAS SET OR TIED.
MM INDICATES DATA IS MISSING.
T  INDICATES TRACE AMOUNT.

$$
