000
CXUS51 KBGM 010550
CLMAVP


CLIMATE REPORT
NATIONAL WEATHER SERVICE BINGHAMTON NY
148 AM EDT THU JUN 1 2017

...................................

...THE AVOCA PA CLIMATE SUMMARY FOR THE MONTH OF MAY 2017...

CLIMATE NORMAL PERIOD 1981 TO 2010
CLIMATE RECORD PERIOD 1901 TO 2017

WEATHER         OBSERVED          NORMAL  DEPART  LAST YEAR`S
                 VALUE   DATE(S)  VALUE   FROM    VALUE  DATE(S)
                                          NORMAL
................................................................
TEMPERATURE (F)
RECORD
 HIGH              93   05/30/2006
                        05/18/1962
 LOW               27   05/05/1974
HIGHEST            90   05/18        69      21       92  05/28
                        05/17
LOWEST             36   05/09        48     -12       35  05/16
AVG. MAXIMUM     68.2              69.7    -1.5     70.0
AVG. MINIMUM     49.6              47.6     2.0     49.1
MEAN             58.9              58.6     0.3     59.6
DAYS MAX >= 90      2               0.2     1.8        1
DAYS MAX <= 32      0               0.0     0.0        0
DAYS MIN <= 32      0               0.4    -0.4        0
DAYS MIN <= 0       0               0.0     0.0        0

PRECIPITATION (INCHES)
RECORD
 MAXIMUM         8.02   1989
 MINIMUM         0.77   1959
TOTALS           3.66              3.52    0.14     2.55
DAILY AVG.       0.12              0.11    0.01     0.08
DAYS >= .01        13              13.2    -0.2       12
DAYS >= .10         9               7.7     1.3        7
DAYS >= .50         3               2.2     0.8        2
DAYS >= 1.00        0               0.7    -0.7        0
GREATEST
 24 HR. TOTAL    0.84   05/13 TO 05/13

SNOWFALL (INCHES)
RECORDS
 TOTAL            2.4   1977
 24 HR TOTAL      2.0   05/09/1977 TO 05/09/1977
TOTALS            0.0               0.0     0.0      0.0
SINCE 7/1        55.5              46.2     9.3     15.5
DAYS >= TRACE       0               0.0     0.0        0
DAYS >= 1.0         0               0.0     0.0        0
GREATEST
 24 HR TOTAL      0.0   05/31 TO 05/31

DEGREE_DAYS
HEATING TOTAL     212               228     -16      231
 SINCE 7/1       5191              6201   -1010     4942
COOLING TOTAL      30                31      -1       71
 SINCE 1/1         52                37      15       72
.................................................................

WIND (MPH)
AVERAGE WIND SPEED              6.4
RESULTANT WIND SPEED/DIRECTION   1/264
HIGHEST WIND SPEED/DIRECTION    35/260    DATE  05/02
HIGHEST GUST SPEED/DIRECTION    48/270    DATE  05/02

SKY COVER
POSSIBLE SUNSHINE (PERCENT)   MM
AVERAGE SKY COVER           0.60
NUMBER OF DAYS FAIR            8
NUMBER OF DAYS PC              9
NUMBER OF DAYS CLOUDY         14

AVERAGE RH (PERCENT)     68

WEATHER CONDITIONS. NUMBER OF DAYS WITH
THUNDERSTORM              0     MIXED PRECIP               0
HEAVY RAIN                6     RAIN                      10
LIGHT RAIN               18     FREEZING RAIN              0
LT FREEZING RAIN          0     HAIL                       0
HEAVY SNOW                0     SNOW                       0
LIGHT SNOW                0     SLEET                      0
FOG                      15     FOG W/VIS <= 1/4 MILE      0
HAZE                      4

-  INDICATES NEGATIVE NUMBERS.
R  INDICATES RECORD WAS SET OR TIED.
MM INDICATES DATA IS MISSING.
T  INDICATES TRACE AMOUNT.

$$
