000
CXUS51 KBGM 050938 CCA
CLMAVP

CLIMATE REPORT...CORRECTED
NATIONAL WEATHER SERVICE BINGHAMTON NY
438 AM EST THU MAR 5 2015

...................................

...THE AVOCA PA CLIMATE SUMMARY FOR THE MONTH OF FEBRUARY 2015...

CLIMATE NORMAL PERIOD 1981 TO 2010
CLIMATE RECORD PERIOD 1901 TO 2015

WEATHER         OBSERVED          NORMAL  DEPART  LAST YEAR`S
                 VALUE   DATE(S)  VALUE   FROM    VALUE  DATE(S)
                                          NORMAL
................................................................
TEMPERATURE (F)
RECORD
 HIGH              71   02/24/1985
 LOW              -16   02/18/1979
HIGHEST            43   02/08        35       8       52  02/21
LOWEST             -9   02/24        19     -28       -6  02/12
AVG. MAXIMUM     27.3              36.8    -9.5     31.8
AVG. MINIMUM      7.6              20.7   -13.1     15.2
MEAN             17.5              28.8   -11.3     23.5
DAYS MAX >= 90      0               0.0     0.0        0
DAYS MAX <= 32     18               8.8     9.2       17
DAYS MIN <= 32     27              24.3     2.7       27
DAYS MIN <= 0       8               0.5     7.5        3

PRECIPITATION (INCHES)
RECORD
 MAXIMUM         8.06   1981
 MINIMUM         0.30   1968
TOTALS           1.13              2.03   -0.90     2.77
DAILY AVG.       0.04              0.07   -0.03     0.10
DAYS >= .01        11              11.0     0.0       12
DAYS >= .10         3               5.4    -2.4        7
DAYS >= .50         0               0.8    -0.8        2
DAYS >= 1.00        0               0.4    -0.4        0
GREATEST
 24 HR. TOTAL    0.50   02/01 TO 02/02

SNOWFALL (INCHES)
RECORDS
 TOTAL           29.3   2014
 24 HR TOTAL     13.0   02/14/2007 TO 02/14/2007
TOTALS           13.6               9.3     4.3     29.3
SINCE 7/1        42.1              33.9     8.2     55.3
DAYS >= TRACE      21               7.7    13.3       20
DAYS >= 1.0         5               3.2     1.8        9
GREATEST
 24 HR TOTAL      4.2   02/02

DEGREE_DAYS
HEATING TOTAL    1324              1015     309     1152
 SINCE 7/1       4697              4606      91     4823
COOLING TOTAL       0                 0       0        0
 SINCE 1/1          0                 0       0        0
.................................................................

WIND (MPH)
AVERAGE WIND SPEED              7.0
RESULTANT WIND SPEED/DIRECTION   4/313
HIGHEST WIND SPEED/DIRECTION    32/330    DATE  02/15
HIGHEST GUST SPEED/DIRECTION    41/350    DATE  02/02

SKY COVER
POSSIBLE SUNSHINE (PERCENT)   MM
AVERAGE SKY COVER           0.60
NUMBER OF DAYS FAIR           11
NUMBER OF DAYS PC              5
NUMBER OF DAYS CLOUDY         12

AVERAGE RH (PERCENT)     60

WEATHER CONDITIONS. NUMBER OF DAYS WITH
THUNDERSTORM              0     MIXED PRECIP               0
HEAVY RAIN                0     RAIN                       0
LIGHT RAIN                2     FREEZING RAIN              0
LT FREEZING RAIN          1     HAIL                       0
HEAVY SNOW                1     SNOW                       4
LIGHT SNOW               21     SLEET                      0
FOG                      11     FOG W/VIS <= 1/4 MILE      0
HAZE                     19

-  INDICATES NEGATIVE NUMBERS.
R  INDICATES RECORD WAS SET OR TIED.
MM INDICATES DATA IS MISSING.
T  INDICATES TRACE AMOUNT.

&&

CORRECTED MONTHLY AND SEASONAL SNOWFALL
MANY DAILY TEMPERATURE RECORDS
3RD COLDEST FEBRUARY AND TIED FOR 4TH COLDEST MONTH EVER.
8 DAYS OF 0 DEGREES OR LESS IS SECOND GREATEST FOR FEBRUARY
AND TIED FOR 2ND MOST IN ANY MONTH. RECORD 9 DAYS IN 1979.

$$

TAC
