000
CXUS51 KBGM 021645 AAA
CLMAVP

CLIMATE REPORT...UPDATED
NATIONAL WEATHER SERVICE BINGHAMTON NY
1146 AM EST WED DEC 2 2015

...................................

...THE AVOCA PA CLIMATE SUMMARY FOR THE MONTH OF NOVEMBER 2015...

CLIMATE NORMAL PERIOD 1981 TO 2010
CLIMATE RECORD PERIOD 1901 TO 2015

WEATHER         OBSERVED          NORMAL  DEPART  LAST YEAR`S
                 VALUE   DATE(S)  VALUE   FROM    VALUE  DATE(S)
                                          NORMAL
................................................................
TEMPERATURE (F)
RECORD
 HIGH              80   11/02/1982
 LOW                9   11/24/2000
                        11/30/1995
                        11/30/1976
HIGHEST            78   11/04        49      29       70  11/24
LOWEST             21   11/24        34     -13       12  11/29
AVG. MAXIMUM     57.6              49.4     8.2     47.5
AVG. MINIMUM     38.5              33.3     5.2     30.8
MEAN             48.1              41.4     6.7     39.1
DAYS MAX >= 90      0               0.0     0.0        0
DAYS MAX <= 32      0               1.0    -1.0        2
DAYS MIN <= 32      9              13.8    -4.8       17
DAYS MIN <= 0       0               0.0     0.0        0

PRECIPITATION (INCHES)
RECORD
 MAXIMUM         7.62   1972
 MINIMUM         0.80   1976
TOTALS           1.34              3.14   -1.80     1.80
DAILY AVG.       0.04              0.10   -0.06     0.06
DAYS >= .01         5              11.2    -6.2        9
DAYS >= .10         3               6.2    -3.2        3
DAYS >= .50         1               1.7    -0.7        2
DAYS >= 1.00        0               0.6    -0.6        0
GREATEST
 24 HR. TOTAL    1.05   11/10 TO 11/11

SNOWFALL (INCHES)
RECORDS
 TOTAL           22.5   1971
 24 HR TOTAL     18.5   11/25/1971 TO 11/25/1971
TOTALS              T               2.9    -2.9      8.9
SINCE 7/1           T               3.0    -3.0      7.1
DAYS >= TRACE       1               2.1    -1.1        8
DAYS >= 1.0         0               0.8    -0.8        2
GREATEST
 24 HR TOTAL        T   11/23 TO 11/23

DEGREE_DAYS
HEATING TOTAL     501               710    -209      768
 SINCE 7/1        908              1313    -405     1190
COOLING TOTAL       2                 0       2        0
 SINCE 1/1        929               580     349      686
.................................................................

WIND (MPH)
AVERAGE WIND SPEED              6.4
RESULTANT WIND SPEED/DIRECTION   1/249
HIGHEST WIND SPEED/DIRECTION    28/250    DATE  11/13
HIGHEST GUST SPEED/DIRECTION    38/270    DATE  11/13

SKY COVER
POSSIBLE SUNSHINE (PERCENT)   MM
AVERAGE SKY COVER           0.40
NUMBER OF DAYS FAIR           15
NUMBER OF DAYS PC              6
NUMBER OF DAYS CLOUDY          9

AVERAGE RH (PERCENT)     64

WEATHER CONDITIONS. NUMBER OF DAYS WITH
THUNDERSTORM              0     MIXED PRECIP               0
HEAVY RAIN                2     RAIN                       3
LIGHT RAIN                9     FREEZING RAIN              0
LT FREEZING RAIN          0     HAIL                       0
HEAVY SNOW                0     SNOW                       0
LIGHT SNOW                1     SLEET                      0
FOG                       7     FOG W/VIS <= 1/4 MILE      0
HAZE                      4

-  INDICATES NEGATIVE NUMBERS.
R  INDICATES RECORD WAS SET OR TIED.
MM INDICATES DATA IS MISSING.
T  INDICATES TRACE AMOUNT.

&&
2ND WARMEST NOVEMBER   WARMEST 1931 49.1F
DAILY RECORD HIGH TEMPERATURES DAYS 4 AND 6
$$
