000
CXUS51 KBGM 011715
CLMAVP


CLIMATE REPORT
NATIONAL WEATHER SERVICE BINGHAMTON NY
114 PM EDT MON AUG 1 2016

...................................

...THE AVOCA PA CLIMATE SUMMARY FOR THE MONTH OF JULY 2016...

CLIMATE NORMAL PERIOD 1981 TO 2010
CLIMATE RECORD PERIOD 1901 TO 2016

WEATHER         OBSERVED          NORMAL  DEPART  LAST YEAR`S
                 VALUE   DATE(S)  VALUE   FROM    VALUE  DATE(S)
                                          NORMAL
................................................................
TEMPERATURE (F)
RECORD
 HIGH             101   07/16/1988
                        07/03/1966
 LOW               43   07/06/1979
HIGHEST            97   07/23        82      15       93  07/19
LOWEST             53   07/03        62      -9       51  07/16
AVG. MAXIMUM     87.8              81.9     5.9     84.0
AVG. MINIMUM     64.2              60.9     3.3     61.8
MEAN             76.0              71.4     4.6     72.9
DAYS MAX >= 90     15               2.9    12.1        4
DAYS MAX <= 32      0               0.0     0.0        0
DAYS MIN <= 32      0               0.0     0.0        0
DAYS MIN <= 0       0               0.0     0.0        0

PRECIPITATION (INCHES)
RECORD
 MAXIMUM         7.25   1986
 MINIMUM         0.28   2001
TOTALS           4.08              3.79    0.29     2.33
DAILY AVG.       0.13              0.12    0.01     0.08
DAYS >= .01        14              11.2     2.8        9
DAYS >= .10         6               7.3    -1.3        6
DAYS >= .50         2               2.6    -0.6        2
DAYS >= 1.00        1               0.8     0.2        0
GREATEST
 24 HR. TOTAL    2.62   07/30 TO 07/31

SNOWFALL (INCHES)
RECORDS
 TOTAL            0.0   2007
                        2006
                        2005
 24 HR TOTAL      0.0   MM
TOTALS            0.0               0.0     0.0      0.0
SINCE 7/1         0.0               0.0     0.0      0.0
DAYS >= TRACE       0               0.0     0.0        0
DAYS >= 1.0         0               0.0     0.0        0
GREATEST
 24 HR TOTAL      0.0   07/31 TO 07/31

DEGREE_DAYS
HEATING TOTAL       0                 8      -8        0
 SINCE 7/1          0                 8      -8        0
COOLING TOTAL     351               206     145      253
 SINCE 1/1        566               360     206      556
.................................................................

WIND (MPH)
AVERAGE WIND SPEED              6.0
RESULTANT WIND SPEED/DIRECTION   2/235
HIGHEST WIND SPEED/DIRECTION    31/320    DATE  07/25
HIGHEST GUST SPEED/DIRECTION    40/320    DATE  07/25

SKY COVER
POSSIBLE SUNSHINE (PERCENT)   MM
AVERAGE SKY COVER           0.30
NUMBER OF DAYS FAIR           18
NUMBER OF DAYS PC             11
NUMBER OF DAYS CLOUDY          2

AVERAGE RH (PERCENT)     65

WEATHER CONDITIONS. NUMBER OF DAYS WITH
THUNDERSTORM              0     MIXED PRECIP               0
HEAVY RAIN                5     RAIN                       7
LIGHT RAIN               17     FREEZING RAIN              0
LT FREEZING RAIN          0     HAIL                       0
HEAVY SNOW                0     SNOW                       0
LIGHT SNOW                0     SLEET                      0
FOG                      16     FOG W/VIS <= 1/4 MILE      0
HAZE                      3

-  INDICATES NEGATIVE NUMBERS.
R  INDICATES RECORD WAS SET OR TIED.
MM INDICATES DATA IS MISSING.
T  INDICATES TRACE AMOUNT.

$$
