000
CXUS51 KBGM 011352
CLMAVP


CLIMATE REPORT
NATIONAL WEATHER SERVICE BINGHAMTON NY
952 AM EDT FRI APR 1 2016

...................................

...THE AVOCA PA CLIMATE SUMMARY FOR THE MONTH OF MARCH 2016...

CLIMATE NORMAL PERIOD 1981 TO 2010
CLIMATE RECORD PERIOD 1901 TO 2016

WEATHER         OBSERVED          NORMAL  DEPART  LAST YEAR`S
                 VALUE   DATE(S)  VALUE   FROM    VALUE  DATE(S)
                                          NORMAL
................................................................
TEMPERATURE (F)
RECORD
 HIGH              85   03/31/1998
 LOW               -4   03/19/1967
HIGHEST            76   03/09        46      30       60  03/26
LOWEST             18   03/03        28     -10        4  03/06
AVG. MAXIMUM     55.2              46.2     9.0     41.0
AVG. MINIMUM     33.8              27.6     6.2     24.3
MEAN             44.5              36.9     7.6     32.7
DAYS MAX >= 90      0               0.0     0.0        0
DAYS MAX <= 32      1               2.9    -1.9        4
DAYS MIN <= 32     15              21.0    -6.0       26
DAYS MIN <= 0       0               0.0     0.0        0

PRECIPITATION (INCHES)
RECORD
 MAXIMUM         5.21   2008
 MINIMUM         0.49   1981
TOTALS           1.78              2.55   -0.77     1.96
DAILY AVG.       0.06              0.08   -0.02     0.06
DAYS >= .01         9              11.8    -2.8       14
DAYS >= .10         5               6.6    -1.6        8
DAYS >= .50         0               1.6    -1.6        0
DAYS >= 1.00        0               0.4    -0.4        0
GREATEST
 24 HR. TOTAL    0.53   03/10 TO 03/11

SNOWFALL (INCHES)
RECORDS
 TOTAL           32.0   1993
 24 HR TOTAL     18.7   03/13/1993 TO 03/13/1993
TOTALS            1.3               9.0    -7.7      9.0
SINCE 7/1        13.3              42.9   -29.6     51.0
DAYS >= TRACE       6               5.0     1.0       13
DAYS >= 1.0         0               2.3    -2.3        3
GREATEST
 24 HR TOTAL      0.6   MM

DEGREE_DAYS
HEATING TOTAL     631               871    -240      995
 SINCE 7/1       4201              5477   -1276     5692
COOLING TOTAL       0                 0       0        0
 SINCE 1/1          0                 0       0        0
.................................................................

WIND (MPH)
AVERAGE WIND SPEED              7.6
RESULTANT WIND SPEED/DIRECTION   2/277
HIGHEST WIND SPEED/DIRECTION    35/260    DATE  03/28
HIGHEST GUST SPEED/DIRECTION    48/280    DATE  03/28

SKY COVER
POSSIBLE SUNSHINE (PERCENT)   MM
AVERAGE SKY COVER           0.50
NUMBER OF DAYS FAIR            9
NUMBER OF DAYS PC             12
NUMBER OF DAYS CLOUDY         10

AVERAGE RH (PERCENT)     58

WEATHER CONDITIONS. NUMBER OF DAYS WITH
THUNDERSTORM              0     MIXED PRECIP               0
HEAVY RAIN                3     RAIN                       4
LIGHT RAIN               10     FREEZING RAIN              0
LT FREEZING RAIN          0     HAIL                       0
HEAVY SNOW                0     SNOW                       0
LIGHT SNOW                5     SLEET                      0
FOG                       7     FOG W/VIS <= 1/4 MILE      1
HAZE                      3

-  INDICATES NEGATIVE NUMBERS.
R  INDICATES RECORD WAS SET OR TIED.
MM INDICATES DATA IS MISSING.
T  INDICATES TRACE AMOUNT.

$$
