000
CXUS51 KBGM 010551
CLMAVP


CLIMATE REPORT
NATIONAL WEATHER SERVICE BINGHAMTON NY
150 AM EDT SAT APR 1 2017

...................................

...THE AVOCA PA CLIMATE SUMMARY FOR THE MONTH OF MARCH 2017...

CLIMATE NORMAL PERIOD 1981 TO 2010
CLIMATE RECORD PERIOD 1901 TO 2017

WEATHER         OBSERVED          NORMAL  DEPART  LAST YEAR`S
                 VALUE   DATE(S)  VALUE   FROM    VALUE  DATE(S)
                                          NORMAL
................................................................
TEMPERATURE (F)
RECORD
 HIGH              85   03/31/1998
 LOW               -4   03/19/1967
HIGHEST            64   03/01        46      18       76  03/09
LOWEST              8   03/05        28     -20       18  03/03
AVG. MAXIMUM     43.2              46.2    -3.0     55.2
AVG. MINIMUM     26.0              27.6    -1.6     33.8
MEAN             34.6              36.9    -2.3     44.5
DAYS MAX >= 90      0               0.0     0.0        0
DAYS MAX <= 32      5               2.9     2.1        1
DAYS MIN <= 32     20              21.0    -1.0       15
DAYS MIN <= 0       0               0.0     0.0        0

PRECIPITATION (INCHES)
RECORD
 MAXIMUM         5.21   2008
 MINIMUM         0.49   1981
TOTALS           5.45R             2.55    2.90     1.78
DAILY AVG.       0.18              0.08    0.10     0.06
DAYS >= .01        14              11.8     2.2        9
DAYS >= .10         9               6.6     2.4        5
DAYS >= .50         2               1.6     0.4        0
DAYS >= 1.00        1               0.4     0.6        0
GREATEST
 24 HR. TOTAL    2.43   03/14 TO 03/14

SNOWFALL (INCHES)
RECORDS
 TOTAL           32.0   1993
 24 HR TOTAL     18.7   03/13/1993 TO 03/13/1993
TOTALS           30.6               9.0    21.6      1.3
SINCE 7/1        55.4              42.9    12.5     13.3
DAYS >= TRACE      11               5.0     6.0        6
DAYS >= 1.0         3               2.3     0.7        0
GREATEST
 24 HR TOTAL     22.1R  MM

DEGREE_DAYS
HEATING TOTAL     935               871      64      631
 SINCE 7/1       4690              5477    -787     4201
COOLING TOTAL       0                 0       0        0
 SINCE 1/1          0                 0       0        0
.................................................................

WIND (MPH)
AVERAGE WIND SPEED              8.4
RESULTANT WIND SPEED/DIRECTION   4/308
HIGHEST WIND SPEED/DIRECTION    41/260    DATE  03/02
HIGHEST GUST SPEED/DIRECTION    52/250    DATE  03/02

SKY COVER
POSSIBLE SUNSHINE (PERCENT)   MM
AVERAGE SKY COVER           0.60
NUMBER OF DAYS FAIR            4
NUMBER OF DAYS PC             16
NUMBER OF DAYS CLOUDY         11

AVERAGE RH (PERCENT)     64

WEATHER CONDITIONS. NUMBER OF DAYS WITH
THUNDERSTORM              0     MIXED PRECIP               0
HEAVY RAIN                3     RAIN                       8
LIGHT RAIN               10     FREEZING RAIN              0
LT FREEZING RAIN          0     HAIL                       0
HEAVY SNOW                3     SNOW                       6
LIGHT SNOW               12     SLEET                      0
FOG                      18     FOG W/VIS <= 1/4 MILE      3
HAZE                     15

-  INDICATES NEGATIVE NUMBERS.
R  INDICATES RECORD WAS SET OR TIED.
MM INDICATES DATA IS MISSING.
T  INDICATES TRACE AMOUNT.

$$
