000
CXUS51 KBGM 010857
CLMAVP


CLIMATE REPORT
NATIONAL WEATHER SERVICE BINGHAMTON NY
442 AM EDT SUN JUN 1 2014

...................................

...THE AVOCA PA CLIMATE SUMMARY FOR THE MONTH OF MAY 2014...

CLIMATE NORMAL PERIOD 1981 TO 2010
CLIMATE RECORD PERIOD 1901 TO 2014

WEATHER         OBSERVED          NORMAL  DEPART  LAST YEAR`S
                 VALUE   DATE(S)  VALUE   FROM    VALUE  DATE(S)
                                          NORMAL
................................................................
TEMPERATURE (F)
RECORD
 HIGH              93   05/30/2006
                        05/18/1962
 LOW               27   05/05/1974
HIGHEST            83   05/26        69      14       90  05/31
                        05/12                             05/22
LOWEST             36   05/19        48     -12       29  05/14
AVG. MAXIMUM     72.3              69.7     2.6     71.9
AVG. MINIMUM     50.0              47.6     2.4     48.5
MEAN             61.1              58.6     2.5     60.2
DAYS MAX >= 90      0               0.2    -0.2        2
DAYS MAX <= 32      0               0.0     0.0        0
DAYS MIN <= 32      0               0.4    -0.4        2
DAYS MIN <= 0       0               0.0     0.0        0

PRECIPITATION (INCHES)
RECORD
 MAXIMUM         8.02   1989
 MINIMUM         0.77   1959
TOTALS           2.75              3.52   -0.77     3.02
DAILY AVG.       0.09              0.11   -0.02     0.10
DAYS >= .01         8              13.2    -5.2       13
DAYS >= .10         4               7.7    -3.7       10
DAYS >= .50         1               2.2    -1.2        2
DAYS >= 1.00        1               0.7     0.3        0
GREATEST
 24 HR. TOTAL    1.82   05/16 TO 05/16

SNOWFALL (INCHES)
RECORDS
 TOTAL            2.4   1977
 24 HR TOTAL      2.0   05/09/1977 TO 05/09/1977
TOTALS            0.0               0.0     0.0        T
SINCE 7/1        58.9              46.2    12.7     33.9
DAYS >= TRACE       0               0.0     0.0        1
DAYS >= 1.0         0               0.0     0.0        0
GREATEST
 24 HR TOTAL      0.0   05/31 TO 05/31

DEGREE_DAYS
HEATING TOTAL     147               228     -81      200
 SINCE 7/1       6511              6201     310     5809
COOLING TOTAL      34                31       3       60
 SINCE 1/1         41                37       4       64
.................................................................

WIND (MPH)
AVERAGE WIND SPEED              8.3
RESULTANT WIND SPEED/DIRECTION   3/252
HIGHEST WIND SPEED/DIRECTION    33/320    DATE  05/04
HIGHEST GUST SPEED/DIRECTION    45/310    DATE  05/04

SKY COVER
POSSIBLE SUNSHINE (PERCENT)   MM
AVERAGE SKY COVER           0.50
NUMBER OF DAYS FAIR           12
NUMBER OF DAYS PC             11
NUMBER OF DAYS CLOUDY          8

AVERAGE RH (PERCENT)     62

WEATHER CONDITIONS. NUMBER OF DAYS WITH
THUNDERSTORM              0     MIXED PRECIP               0
HEAVY RAIN                3     RAIN                       4
LIGHT RAIN               17     FREEZING RAIN              0
LT FREEZING RAIN          0     HAIL                       0
HEAVY SNOW                0     SNOW                       0
LIGHT SNOW                0     SLEET                      0
FOG                      12     FOG W/VIS <= 1/4 MILE      1
HAZE                      5

-  INDICATES NEGATIVE NUMBERS.
R  INDICATES RECORD WAS SET OR TIED.
MM INDICATES DATA IS MISSING.
T  INDICATES TRACE AMOUNT.

&&
DAILY RECORD RAINFALL FOR MAY 16TH 1.82"  OLD RECORD 1.19" IN 1942
1.82" ALSO THE 9TH HIGHEST ONE DAY MAY RAINFALL
TIED DAILY HIGHEST MINIMUM TEMPERATURE FOR MAY 10TH  63
    OLD RECORD SET IN 1965

$$

TAC
