000
CXUS51 KBGM 012125 AAA
CLMAVP

CLIMATE REPORT...UPDATED
NATIONAL WEATHER SERVICE BINGHAMTON NY
524 PM EDT SUN SEP 1 2013

...................................

...THE AVOCA PA CLIMATE SUMMARY FOR THE MONTH OF AUGUST 2013...

CLIMATE NORMAL PERIOD 1981 TO 2010
CLIMATE RECORD PERIOD 1901 TO 2013

WEATHER         OBSERVED          NORMAL  DEPART  LAST YEAR`S
                 VALUE   DATE(S)  VALUE   FROM    VALUE  DATE(S)
                                          NORMAL
................................................................
TEMPERATURE (F)
RECORD
 HIGH              98   08/09/2001
 LOW               38   08/29/1982
HIGHEST            88   08/30        80       8       91  08/03
LOWEST             46   08/15        60     -14       50  08/30
AVG. MAXIMUM     80.8              79.9     0.9     82.6
AVG. MINIMUM     59.2              59.5    -0.3     61.2
MEAN             70.0              69.7     0.3     71.9
DAYS MAX >= 90      0               1.7    -1.7        1
DAYS MAX <= 32      0               0.0     0.0        0
DAYS MIN <= 32      0               0.0     0.0        0
DAYS MIN <= 0       0               0.0     0.0        0

PRECIPITATION (INCHES)
RECORD
 MAXIMUM        11.76   1955
 MINIMUM         0.95   1995
TOTALS           1.43              3.41   -1.98     3.06
DAILY AVG.       0.05              0.11   -0.06     0.10
DAYS >= .01        12              11.3     0.7        9
DAYS >= .10         5               6.9    -1.9        7
DAYS >= .50         0               2.2    -2.2        2
DAYS >= 1.00        0               0.7    -0.7        0
GREATEST
 24 HR. TOTAL    0.33   08/08 TO 08/09

SNOWFALL (INCHES)
RECORDS
 TOTAL            0.0   2007
                        2006
                        2005
 24 HR TOTAL      0.0   MM
TOTALS            0.0               0.0     0.0      0.0
SINCE 7/1         0.0               0.0     0.0      0.0
DAYS >= TRACE       0               0.0     0.0        0
DAYS >= 1.0         0               0.0     0.0        0
GREATEST
 24 HR TOTAL      0.0   08/31 TO 08/31

DEGREE_DAYS
HEATING TOTAL       8                18     -10        2
 SINCE 7/1          9                26     -17        2
COOLING TOTAL     173               164       9      223
 SINCE 1/1        702               524     178      791
.................................................................

WIND (MPH)
AVERAGE WIND SPEED              4.4
RESULTANT WIND SPEED/DIRECTION   1/257
HIGHEST WIND SPEED/DIRECTION    22/320    DATE  08/13
HIGHEST GUST SPEED/DIRECTION    35/210    DATE  08/08

SKY COVER
POSSIBLE SUNSHINE (PERCENT)   MM
AVERAGE SKY COVER           0.40
NUMBER OF DAYS FAIR           16
NUMBER OF DAYS PC             13
NUMBER OF DAYS CLOUDY          2

AVERAGE RH (PERCENT)     67

WEATHER CONDITIONS. NUMBER OF DAYS WITH
THUNDERSTORM              0     MIXED PRECIP               0
HEAVY RAIN                4     RAIN                       4
LIGHT RAIN               12     FREEZING RAIN              0
LT FREEZING RAIN          0     HAIL                       0
HEAVY SNOW                0     SNOW                       0
LIGHT SNOW                0     SLEET                      0
FOG                      18     FOG W/VIS <= 1/4 MILE      2
HAZE                      9

-  INDICATES NEGATIVE NUMBERS.
R  INDICATES RECORD WAS SET OR TIED.
MM INDICATES DATA IS MISSING.
T  INDICATES TRACE AMOUNT.

&&
UPDATED TO ADD NEXT LINE
10TH LOWEST AUGUST RAINFALL
TIED RECORD LOW TEMPERATURE OF 46 FOR 8/15. OLD RECORD 1907.

$$
