000
CXUS51 KBGM 010553
CLMAVP


CLIMATE REPORT
NATIONAL WEATHER SERVICE BINGHAMTON NY
151 AM EDT SAT JUN 1 2013

...................................

...THE AVOCA PA CLIMATE SUMMARY FOR THE MONTH OF MAY 2013...

CLIMATE NORMAL PERIOD 1981 TO 2010
CLIMATE RECORD PERIOD 1901 TO 2013

WEATHER         OBSERVED          NORMAL  DEPART  LAST YEAR`S
                 VALUE   DATE(S)  VALUE   FROM    VALUE  DATE(S)
                                          NORMAL
................................................................
TEMPERATURE (F)
RECORD
 HIGH              93   05/30/2006
                        05/18/1962
 LOW               27   05/05/1974
HIGHEST            90   05/31        69      21       90  05/29
                        05/22                             05/28
LOWEST             29   05/14        48     -19       36  05/11
AVG. MAXIMUM     71.9              69.7     2.2     75.2
AVG. MINIMUM     48.5              47.6     0.9     54.7
MEAN             60.2              58.6     1.6     65.0
DAYS MAX >= 90      2               0.2     1.8        2
DAYS MAX <= 32      0               0.0     0.0        0
DAYS MIN <= 32      2               0.4     1.6        0
DAYS MIN <= 0       0               0.0     0.0        0

PRECIPITATION (INCHES)
RECORD
 MAXIMUM         8.02   1989
 MINIMUM         0.77   1959
TOTALS           3.02              3.52   -0.50     5.57
DAILY AVG.       0.10              0.11   -0.01     0.18
DAYS >= .01        13              13.2    -0.2       14
DAYS >= .10        10               7.7     2.3        9
DAYS >= .50         2               2.2    -0.2        4
DAYS >= 1.00        0               0.7    -0.7        1
GREATEST
 24 HR. TOTAL    0.97   05/23 TO 05/24

SNOWFALL (INCHES)
RECORDS
 TOTAL            2.4   1977
 24 HR TOTAL      2.0   05/09/1977 TO 05/09/1977
TOTALS              T               0.0     0.0      0.0
SINCE 7/1        33.9              46.2   -12.3     18.5
DAYS >= TRACE       1               0.0     1.0        0
DAYS >= 1.0         0               0.0     0.0        0
GREATEST
 24 HR TOTAL        T   05/13 TO 05/13

DEGREE_DAYS
HEATING TOTAL     200               228     -28       85
 SINCE 7/1       5809              6201    -392     4919
COOLING TOTAL      60                31      29       89
 SINCE 1/1         64                37      27       94
.................................................................

WIND (MPH)
AVERAGE WIND SPEED              5.5
RESULTANT WIND SPEED/DIRECTION   1/255
HIGHEST WIND SPEED/DIRECTION    30/340    DATE  05/25
HIGHEST GUST SPEED/DIRECTION    38/350    DATE  05/25

SKY COVER
POSSIBLE SUNSHINE (PERCENT)   MM
AVERAGE SKY COVER           0.40
NUMBER OF DAYS FAIR           16
NUMBER OF DAYS PC              7
NUMBER OF DAYS CLOUDY          6

AVERAGE RH (PERCENT)     62

WEATHER CONDITIONS. NUMBER OF DAYS WITH
THUNDERSTORM              0     MIXED PRECIP               0
HEAVY RAIN                5     RAIN                       8
LIGHT RAIN               14     FREEZING RAIN              0
LT FREEZING RAIN          0     HAIL                       0
HEAVY SNOW                0     SNOW                       0
LIGHT SNOW                0     SLEET                      0
FOG                      11     FOG W/VIS <= 1/4 MILE      1
HAZE                      4

-  INDICATES NEGATIVE NUMBERS.
R  INDICATES RECORD WAS SET OR TIED.
MM INDICATES DATA IS MISSING.
T  INDICATES TRACE AMOUNT.

$$
