000
CXUS51 KBGM 041841 CCA
CLMAVP

CLIMATE REPORT...CORRECTED AND AMENDED
NATIONAL WEATHER SERVICE BINGHAMTON NY
242 PM EDT FRI OCT 4 2013

...................................

...THE AVOCA PA CLIMATE SUMMARY FOR THE MONTH OF SEPTEMBER 2013...

CLIMATE NORMAL PERIOD 1981 TO 2010
CLIMATE RECORD PERIOD 1901 TO 2013

WEATHER         OBSERVED          NORMAL  DEPART  LAST YEAR`S
                 VALUE   DATE(S)  VALUE   FROM    VALUE  DATE(S)
                                          NORMAL
................................................................
TEMPERATURE (F)
RECORD
 HIGH             101   09/03/1953
 LOW               29   09/29/2000
HIGHEST            95   09/11        72      23       88  09/01
LOWEST             36   09/17        53     -17       39  09/25
AVG. MAXIMUM     74.0              72.3     1.7     73.3
AVG. MINIMUM     49.9              52.1    -2.2     53.3
MEAN             62.0              62.2    -0.2     63.3
DAYS MAX >= 90      2               0.5     1.5        0
DAYS MAX <= 32      0               0.0     0.0        0
DAYS MIN <= 32      0               0.1    -0.1        0
DAYS MIN <= 0       0               0.0     0.0        0

PRECIPITATION (INCHES)
RECORD
 MAXIMUM        11.46   2011
 MINIMUM         0.80   2005
TOTALS           1.57              4.07   -2.50     5.03
DAILY AVG.       0.05              0.14   -0.09     0.17
DAYS >= .01         7              10.2    -3.2       15
DAYS >= .10         4               6.0    -2.0        9
DAYS >= .50         1               2.4    -1.4        3
DAYS >= 1.00        0               1.3    -1.3        1
GREATEST
 24 HR. TOTAL    0.88   09/21 TO 09/21

SNOWFALL (INCHES)
RECORDS
 TOTAL              T   1993
                        1992
                        1990
 24 HR TOTAL        T   09/29/1993 TO 09/29/1993
                        09/22/1992 TO 09/22/1992
                        09/13/1990 TO 09/13/1990
TOTALS            0.0               0.0     0.0      0.0
SINCE 7/1         0.0               0.0     0.0      0.0
DAYS >= TRACE       0               0.0     0.0        0
DAYS >= 1.0         0               0.0     0.0        0
GREATEST
 24 HR TOTAL      0.0   09/30 TO 09/30

DEGREE_DAYS
HEATING TOTAL     153               136      17      115
 SINCE 7/1        162               162       0      117
COOLING TOTAL      69                52      17       70
 SINCE 1/1        771               576     195      861
.................................................................

WIND (MPH)
AVERAGE WIND SPEED              5.3
RESULTANT WIND SPEED/DIRECTION   1/333
HIGHEST WIND SPEED/DIRECTION    28/260    DATE  09/12
HIGHEST GUST SPEED/DIRECTION    39/250    DATE  09/12

SKY COVER
POSSIBLE SUNSHINE (PERCENT)   MM
AVERAGE SKY COVER           0.40
NUMBER OF DAYS FAIR           15
NUMBER OF DAYS PC             11
NUMBER OF DAYS CLOUDY          4

AVERAGE RH (PERCENT)     66

WEATHER CONDITIONS. NUMBER OF DAYS WITH
THUNDERSTORM              0     MIXED PRECIP               0
HEAVY RAIN                2     RAIN                       4
LIGHT RAIN                7     FREEZING RAIN              0
LT FREEZING RAIN          0     HAIL                       0
HEAVY SNOW                0     SNOW                       0
LIGHT SNOW                0     SLEET                      0
FOG                      10     FOG W/VIS <= 1/4 MILE      1
HAZE                      8

-  INDICATES NEGATIVE NUMBERS.
R  INDICATES RECORD WAS SET OR TIED.
MM INDICATES DATA IS MISSING.
T  INDICATES TRACE AMOUNT.

&&
CORRECTED RECORD SEPTEMBER HIGH TEMPERATURE
AMENDED TO ADD THIS WAS THE 10TH DRIEST SEPTEMBER

$$

TAC
