000
CXUS51 KBGM 060137
CLMAVP


CLIMATE REPORT
NATIONAL WEATHER SERVICE BINGHAMTON NY
917 PM EDT MON AUG 5 2013

...................................

...THE AVOCA PA CLIMATE SUMMARY FOR THE MONTH OF JULY 2013...

CLIMATE NORMAL PERIOD 1981 TO 2010
CLIMATE RECORD PERIOD 1901 TO 2013

WEATHER         OBSERVED          NORMAL  DEPART  LAST YEAR`S
                 VALUE   DATE(S)  VALUE   FROM    VALUE  DATE(S)
                                          NORMAL
................................................................
TEMPERATURE (F)
RECORD
 HIGH             101   07/16/1988
                        07/03/1966
 LOW               43   07/06/1979
HIGHEST            96   07/18        82      14       97  07/18
                                                          07/17
LOWEST             50   07/25        62     -12       56  07/06
AVG. MAXIMUM     85.1              81.9     3.2     87.1
AVG. MINIMUM     65.5              60.9     4.6     64.8
MEAN             75.3              71.4     3.9     76.0
DAYS MAX >= 90      8               2.9     5.1       13
DAYS MAX <= 32      0               0.0     0.0        0
DAYS MIN <= 32      0               0.0     0.0        0
DAYS MIN <= 0       0               0.0     0.0        0

PRECIPITATION (INCHES)
RECORD
 MAXIMUM         7.25   1986
 MINIMUM         0.28   2001
TOTALS           1.74              3.79   -2.05     2.65
DAILY AVG.       0.06              0.12   -0.06     0.09
DAYS >= .01        11              11.2    -0.2       13
DAYS >= .10         4               7.3    -3.3        6
DAYS >= .50         1               2.6    -1.6        2
DAYS >= 1.00        0               0.8    -0.8        0
GREATEST
 24 HR. TOTAL    0.55   07/27 TO 07/28

SNOWFALL (INCHES)
RECORDS
 TOTAL            0.0   2007
                        2006
                        2005
 24 HR TOTAL      0.0   MM
TOTALS            0.0               0.0     0.0      0.0
SINCE 7/1         0.0               0.0     0.0      0.0
DAYS >= TRACE       0               0.0     0.0        0
DAYS >= 1.0         0               0.0     0.0        0
GREATEST
 24 HR TOTAL      0.0   07/31 TO 07/31

DEGREE_DAYS
HEATING TOTAL       1                 8      -7        0
 SINCE 7/1          1                 8      -7        0
COOLING TOTAL     329               206     123      349
 SINCE 1/1        529               360     169      568
.................................................................

WIND (MPH)
AVERAGE WIND SPEED              4.8
RESULTANT WIND SPEED/DIRECTION   1/230
HIGHEST WIND SPEED/DIRECTION    31/250    DATE  07/07
HIGHEST GUST SPEED/DIRECTION    40/250    DATE  07/07

SKY COVER
POSSIBLE SUNSHINE (PERCENT)   MM
AVERAGE SKY COVER           0.40
NUMBER OF DAYS FAIR           14
NUMBER OF DAYS PC             15
NUMBER OF DAYS CLOUDY          2

AVERAGE RH (PERCENT)     70

WEATHER CONDITIONS. NUMBER OF DAYS WITH
THUNDERSTORM              0     MIXED PRECIP               0
HEAVY RAIN                4     RAIN                       8
LIGHT RAIN               11     FREEZING RAIN              0
LT FREEZING RAIN          0     HAIL                       0
HEAVY SNOW                0     SNOW                       0
LIGHT SNOW                0     SLEET                      0
FOG                      18     FOG W/VIS <= 1/4 MILE      0
HAZE                      9

-  INDICATES NEGATIVE NUMBERS.
R  INDICATES RECORD WAS SET OR TIED.
MM INDICATES DATA IS MISSING.
T  INDICATES TRACE AMOUNT.

&&
TIED 8TH WARMEST AVERAGE JULY TEMPERATURE

$$

TAC
