000
CXUS51 KBGM 010956
CLMAVP


CLIMATE REPORT
NATIONAL WEATHER SERVICE BINGHAMTON NY
456 AM EST THU JAN 1 2015

...................................

...THE AVOCA PA CLIMATE SUMMARY FOR THE MONTH OF DECEMBER 2014...

CLIMATE NORMAL PERIOD 1981 TO 2010
CLIMATE RECORD PERIOD 1901 TO 2014

WEATHER         OBSERVED          NORMAL  DEPART  LAST YEAR`S
                 VALUE   DATE(S)  VALUE   FROM    VALUE  DATE(S)
                                          NORMAL
................................................................
TEMPERATURE (F)
RECORD
 HIGH              71   12/01/2006
 LOW               -9   12/24/1989
HIGHEST            61   12/25        37      24       66  12/22
LOWEST             19   12/31        23      -4        9  12/17
AVG. MAXIMUM     40.5              37.5     3.0     38.3
AVG. MINIMUM     30.7              23.8     6.9     24.3
MEAN             35.6              30.6     5.0     31.3
DAYS MAX >= 90      0               0.0     0.0        0
DAYS MAX <= 32      6               9.2    -3.2       11
DAYS MIN <= 32     20              24.7    -4.7       24
DAYS MIN <= 0       0               0.5    -0.5        0

PRECIPITATION (INCHES)
RECORD
 MAXIMUM         6.58   1983
 MINIMUM         0.35   1958
TOTALS           2.78              2.68    0.10     3.34
DAILY AVG.       0.09              0.09    0.00     0.11
DAYS >= .01        14              11.5     2.5       16
DAYS >= .10         8               5.9     2.1        7
DAYS >= .50         1               1.8    -0.8        3
DAYS >= 1.00        0               0.3    -0.3        0
GREATEST
 24 HR. TOTAL    0.97   12/05 TO 12/06

SNOWFALL (INCHES)
RECORDS
 TOTAL           33.9   1969
 24 HR TOTAL     15.0   12/25/2002 TO 12/25/2002
TOTALS            4.4               7.4    -3.0     10.8
SINCE 7/1        13.3              10.4     2.9     13.4
DAYS >= TRACE       8               7.1     0.9       16
DAYS >= 1.0         2               2.3    -0.3        4
GREATEST
 24 HR TOTAL      1.9   MM

DEGREE_DAYS
HEATING TOTAL     902              1065    -163     1038
 SINCE 7/1       2092              2378    -286     2314
COOLING TOTAL       0                 0       0        0
 SINCE 1/1        686               580     106      795
.................................................................

WIND (MPH)
AVERAGE WIND SPEED              7.3
RESULTANT WIND SPEED/DIRECTION   4/311
HIGHEST WIND SPEED/DIRECTION    31/260    DATE  12/25
HIGHEST GUST SPEED/DIRECTION    37/260    DATE  12/25

SKY COVER
POSSIBLE SUNSHINE (PERCENT)   MM
AVERAGE SKY COVER           0.80
NUMBER OF DAYS FAIR            5
NUMBER OF DAYS PC              6
NUMBER OF DAYS CLOUDY         20

AVERAGE RH (PERCENT)     70

WEATHER CONDITIONS. NUMBER OF DAYS WITH
THUNDERSTORM              0     MIXED PRECIP               0
HEAVY RAIN                2     RAIN                       8
LIGHT RAIN               15     FREEZING RAIN              1
LT FREEZING RAIN          1     HAIL                       0
HEAVY SNOW                0     SNOW                       2
LIGHT SNOW                9     SLEET                      0
FOG                      17     FOG W/VIS <= 1/4 MILE      0
HAZE                      8

-  INDICATES NEGATIVE NUMBERS.
R  INDICATES RECORD WAS SET OR TIED.
MM INDICATES DATA IS MISSING.
T  INDICATES TRACE AMOUNT.

$$
