000
CXUS51 KBGM 061038 RRA
CLMAVP

CLIMATE REPORT
NATIONAL WEATHER SERVICE BINGHAMTON NY
605 AM EDT MON JUN 6 2016

...................................

...THE AVOCA PA CLIMATE SUMMARY FOR THE MONTH OF MAY 2016...

CLIMATE NORMAL PERIOD 1981 TO 2010
CLIMATE RECORD PERIOD 1901 TO 2016

WEATHER         OBSERVED          NORMAL  DEPART  LAST YEAR`S
                 VALUE   DATE(S)  VALUE   FROM    VALUE  DATE(S)
                                          NORMAL
................................................................
TEMPERATURE (F)
RECORD
 HIGH              93   05/30/2006
                        05/18/1962
 LOW               27   05/05/1974
HIGHEST            92   05/28        69      23       91  05/08
LOWEST             35   05/16        48     -13       37  05/14
AVG. MAXIMUM     70.0              69.7     0.3     78.8
AVG. MINIMUM     49.1              47.6     1.5     53.9
MEAN             59.6              58.6     1.0     66.3
DAYS MAX >= 90      1               0.2     0.8        1
DAYS MAX <= 32      0               0.0     0.0        0
DAYS MIN <= 32      0               0.4    -0.4        0
DAYS MIN <= 0       0               0.0     0.0        0

PRECIPITATION (INCHES)
RECORD
 MAXIMUM         8.02   1989
 MINIMUM         0.77   1959
TOTALS           2.55              3.52   -0.97     1.72
DAILY AVG.       0.08              0.11   -0.03     0.06
DAYS >= .01        12              13.2    -1.2        9
DAYS >= .10         7               7.7    -0.7        5
DAYS >= .50         2               2.2    -0.2        1
DAYS >= 1.00        0               0.7    -0.7        0
GREATEST
 24 HR. TOTAL    0.57   05/02 TO 05/03

SNOWFALL (INCHES)
RECORDS
 TOTAL            2.4   1977
 24 HR TOTAL      2.0   05/09/1977 TO 05/09/1977
TOTALS            0.0               0.0     0.0      0.0
SINCE 7/1        15.5              46.2   -30.7     51.4
DAYS >= TRACE       0               0.0     0.0        0
DAYS >= 1.0         0               0.0     0.0        0
GREATEST
 24 HR TOTAL      0.0   05/31 TO 05/31

DEGREE_DAYS
HEATING TOTAL     231               228       3      100
 SINCE 7/1       4942              6201   -1259     6244
COOLING TOTAL      71                31      40      148
 SINCE 1/1         72                37      35      148
.................................................................

WIND (MPH)
AVERAGE WIND SPEED              5.6
RESULTANT WIND SPEED/DIRECTION   1/298
HIGHEST WIND SPEED/DIRECTION    30/320    DATE  05/15
HIGHEST GUST SPEED/DIRECTION    40/290    DATE  05/15

SKY COVER
POSSIBLE SUNSHINE (PERCENT)   MM
AVERAGE SKY COVER           0.50
NUMBER OF DAYS FAIR           14
NUMBER OF DAYS PC              8
NUMBER OF DAYS CLOUDY          9

AVERAGE RH (PERCENT)     65

WEATHER CONDITIONS. NUMBER OF DAYS WITH
THUNDERSTORM              5     MIXED PRECIP               0
HEAVY RAIN                5     RAIN                       8
LIGHT RAIN               17     FREEZING RAIN              0
LT FREEZING RAIN          0     HAIL                       0
HEAVY SNOW                0     SNOW                       0
LIGHT SNOW                0     SLEET                      0
FOG                      15     FOG W/VIS <= 1/4 MILE      2
HAZE                      8

-  INDICATES NEGATIVE NUMBERS.
R  INDICATES RECORD WAS SET OR TIED.
MM INDICATES DATA IS MISSING.
T  INDICATES TRACE AMOUNT.

$$
