000
CXUS51 KBGM 010534
CLMAVP


CLIMATE REPORT
NATIONAL WEATHER SERVICE BINGHAMTON NY
133 AM EDT SAT JUL 1 2017

...................................

...THE AVOCA PA CLIMATE SUMMARY FOR THE MONTH OF JUNE 2017...

CLIMATE NORMAL PERIOD 1981 TO 2010
CLIMATE RECORD PERIOD 1901 TO 2017

WEATHER         OBSERVED          NORMAL  DEPART  LAST YEAR`S
                 VALUE   DATE(S)  VALUE   FROM    VALUE  DATE(S)
                                          NORMAL
................................................................
TEMPERATURE (F)
RECORD
 HIGH              97   06/30/1964
 LOW               34   06/11/1972
HIGHEST            90   06/13        78      12       89  06/20
                        06/12                             06/19
                                                          06/11
LOWEST             45   06/04        57     -12       46  06/09
AVG. MAXIMUM     79.6              77.7     1.9     80.5
AVG. MINIMUM     57.5              56.5     1.0     57.0
MEAN             68.6              67.1     1.5     68.8
DAYS MAX >= 90      2               0.9     1.1        0
DAYS MAX <= 32      0               0.0     0.0        0
DAYS MIN <= 32      0               0.0     0.0        0
DAYS MIN <= 0       0               0.0     0.0        0

PRECIPITATION (INCHES)
RECORD
 MAXIMUM         9.00   2006
 MINIMUM         0.27   1966
TOTALS           3.88              4.03   -0.15     1.59
DAILY AVG.       0.13              0.13    0.00     0.05
DAYS >= .01        16              12.8     3.2        9
DAYS >= .10        11               8.0     3.0        5
DAYS >= .50         2               2.4    -0.4        1
DAYS >= 1.00        0               0.7    -0.7        0
GREATEST
 24 HR. TOTAL    0.60   06/06 TO 06/06

SNOWFALL (INCHES)
RECORDS
 TOTAL            0.0   2007
                        2006
                        2005
 24 HR TOTAL      0.0   MM
TOTALS            0.0               0.0     0.0      0.0
SINCE 7/1        55.5              46.2     9.3     15.5
DAYS >= TRACE       0               0.0     0.0        0
DAYS >= 1.0         0               0.0     0.0        0
GREATEST
 24 HR TOTAL      0.0   06/30 TO 06/30

DEGREE_DAYS
HEATING TOTAL      43                54     -11       24
 SINCE 7/1       5234              6255   -1021     4966
COOLING TOTAL     157               117      40      143
 SINCE 1/1        209               154      55      215
.................................................................

WIND (MPH)
AVERAGE WIND SPEED              5.9
RESULTANT WIND SPEED/DIRECTION   3/231
HIGHEST WIND SPEED/DIRECTION    25/260    DATE  06/19
HIGHEST GUST SPEED/DIRECTION    35/250    DATE  06/18

SKY COVER
POSSIBLE SUNSHINE (PERCENT)   MM
AVERAGE SKY COVER           0.40
NUMBER OF DAYS FAIR           15
NUMBER OF DAYS PC             13
NUMBER OF DAYS CLOUDY          2

AVERAGE RH (PERCENT)     68

WEATHER CONDITIONS. NUMBER OF DAYS WITH
THUNDERSTORM              0     MIXED PRECIP               0
HEAVY RAIN                9     RAIN                      10
LIGHT RAIN               16     FREEZING RAIN              0
LT FREEZING RAIN          0     HAIL                       0
HEAVY SNOW                0     SNOW                       0
LIGHT SNOW                0     SLEET                      0
FOG                      21     FOG W/VIS <= 1/4 MILE      1
HAZE                      2

-  INDICATES NEGATIVE NUMBERS.
R  INDICATES RECORD WAS SET OR TIED.
MM INDICATES DATA IS MISSING.
T  INDICATES TRACE AMOUNT.

$$
