000
CXUS51 KBGM 010548
CLMAVP


CLIMATE REPORT
NATIONAL WEATHER SERVICE BINGHAMTON NY
147 AM EDT FRI MAY 1 2015

...................................

...THE AVOCA PA CLIMATE SUMMARY FOR THE MONTH OF APRIL 2015...

CLIMATE NORMAL PERIOD 1981 TO 2010
CLIMATE RECORD PERIOD 1901 TO 2015

WEATHER         OBSERVED          NORMAL  DEPART  LAST YEAR`S
                 VALUE   DATE(S)  VALUE   FROM    VALUE  DATE(S)
                                          NORMAL
................................................................
TEMPERATURE (F)
RECORD
 HIGH              94   04/18/1896
 LOW               14   04/07/1982
HIGHEST            80   04/18        58      22       81  04/13
LOWEST             22   04/01        38     -16       23  04/16
AVG. MAXIMUM     60.7              59.1     1.6     59.5
AVG. MINIMUM     38.6              38.2     0.4     37.2
MEAN             49.7              48.6     1.1     48.4
DAYS MAX >= 90      0               0.1    -0.1        0
DAYS MAX <= 32      0               0.1    -0.1        0
DAYS MIN <= 32      7               7.2    -0.2       10
DAYS MIN <= 0       0               0.0     0.0        0

PRECIPITATION (INCHES)
RECORD
 MAXIMUM         9.56   1983
 MINIMUM         0.96   1997
TOTALS           2.88              3.33   -0.45     3.01
DAILY AVG.       0.10              0.11   -0.01     0.10
DAYS >= .01        12              12.3    -0.3       11
DAYS >= .10         7               7.3    -0.3        8
DAYS >= .50         1               2.1    -1.1        2
DAYS >= 1.00        1               0.6     0.4        1
GREATEST
 24 HR. TOTAL    1.43   04/20 TO 04/21

SNOWFALL (INCHES)
RECORDS
 TOTAL           26.7   1983
 24 HR TOTAL     10.0   04/16/2007 TO 04/16/2007
TOTALS              T               3.3    -3.3      0.7
SINCE 7/1        51.4              46.2     5.2     58.9
DAYS >= TRACE       4               1.7     2.3        2
DAYS >= 1.0         0               0.6    -0.6        0
GREATEST
 24 HR TOTAL        T   04/24 TO 04/24

DEGREE_DAYS
HEATING TOTAL     452               496     -44      498
 SINCE 7/1       6144              5973     171     6364
COOLING TOTAL       0                 6      -6        7
 SINCE 1/1          0                 6      -6        7
.................................................................

WIND (MPH)
AVERAGE WIND SPEED              7.6
RESULTANT WIND SPEED/DIRECTION   2/303
HIGHEST WIND SPEED/DIRECTION    32/270    DATE  04/21
HIGHEST GUST SPEED/DIRECTION    48/240    DATE  04/21

SKY COVER
POSSIBLE SUNSHINE (PERCENT)   MM
AVERAGE SKY COVER           0.50
NUMBER OF DAYS FAIR           11
NUMBER OF DAYS PC             10
NUMBER OF DAYS CLOUDY          9

AVERAGE RH (PERCENT)     57

WEATHER CONDITIONS. NUMBER OF DAYS WITH
THUNDERSTORM              0     MIXED PRECIP               0
HEAVY RAIN                6     RAIN                      10
LIGHT RAIN               20     FREEZING RAIN              0
LT FREEZING RAIN          0     HAIL                       0
HEAVY SNOW                0     SNOW                       0
LIGHT SNOW                4     SLEET                      0
FOG                      13     FOG W/VIS <= 1/4 MILE      2
HAZE                     12

-  INDICATES NEGATIVE NUMBERS.
R  INDICATES RECORD WAS SET OR TIED.
MM INDICATES DATA IS MISSING.
T  INDICATES TRACE AMOUNT.

$$
