000
CXUS51 KBGM 010541
CLMAVP


CLIMATE REPORT
NATIONAL WEATHER SERVICE BINGHAMTON NY
140 AM EDT MON JUN 1 2015

...................................

...THE AVOCA PA CLIMATE SUMMARY FOR THE MONTH OF MAY 2015...

CLIMATE NORMAL PERIOD 1981 TO 2010
CLIMATE RECORD PERIOD 1901 TO 2015

WEATHER         OBSERVED          NORMAL  DEPART  LAST YEAR`S
                 VALUE   DATE(S)  VALUE   FROM    VALUE  DATE(S)
                                          NORMAL
................................................................
TEMPERATURE (F)
RECORD
 HIGH              93   05/30/2006
                        05/18/1962
 LOW               27   05/05/1974
HIGHEST            91   05/08        69      22       83  05/26
                                                          05/12
LOWEST             37   05/14        48     -11       36  05/19
AVG. MAXIMUM     78.8              69.7     9.1     72.3
AVG. MINIMUM     53.9              47.6     6.3     50.0
MEAN             66.3              58.6     7.7     61.1
DAYS MAX >= 90      1               0.2     0.8        0
DAYS MAX <= 32      0               0.0     0.0        0
DAYS MIN <= 32      0               0.4    -0.4        0
DAYS MIN <= 0       0               0.0     0.0        0

PRECIPITATION (INCHES)
RECORD
 MAXIMUM         8.02   1989
 MINIMUM         0.77   1959
TOTALS           1.72              3.52   -1.80     2.75
DAILY AVG.       0.06              0.11   -0.05     0.09
DAYS >= .01         9              13.2    -4.2        8
DAYS >= .10         5               7.7    -2.7        4
DAYS >= .50         1               2.2    -1.2        1
DAYS >= 1.00        0               0.7    -0.7        1
GREATEST
 24 HR. TOTAL    0.83   05/26 TO 05/27

SNOWFALL (INCHES)
RECORDS
 TOTAL            2.4   1977
 24 HR TOTAL      2.0   05/09/1977 TO 05/09/1977
TOTALS            0.0               0.0     0.0      0.0
SINCE 7/1        51.4              46.2     5.2     58.9
DAYS >= TRACE       0               0.0     0.0        0
DAYS >= 1.0         0               0.0     0.0        0
GREATEST
 24 HR TOTAL      0.0   05/31 TO 05/31

DEGREE_DAYS
HEATING TOTAL     100               228    -128      147
 SINCE 7/1       6244              6201      43     6511
COOLING TOTAL     148                31     117       34
 SINCE 1/1        148                37     111       41
.................................................................

WIND (MPH)
AVERAGE WIND SPEED              6.2
RESULTANT WIND SPEED/DIRECTION   2/243
HIGHEST WIND SPEED/DIRECTION    32/260    DATE  05/27
HIGHEST GUST SPEED/DIRECTION    45/250    DATE  05/27

SKY COVER
POSSIBLE SUNSHINE (PERCENT)   MM
AVERAGE SKY COVER           0.40
NUMBER OF DAYS FAIR           18
NUMBER OF DAYS PC             10
NUMBER OF DAYS CLOUDY          3

AVERAGE RH (PERCENT)     58

WEATHER CONDITIONS. NUMBER OF DAYS WITH
THUNDERSTORM              0     MIXED PRECIP               0
HEAVY RAIN                3     RAIN                       4
LIGHT RAIN               13     FREEZING RAIN              0
LT FREEZING RAIN          0     HAIL                       0
HEAVY SNOW                0     SNOW                       0
LIGHT SNOW                0     SLEET                      0
FOG                      13     FOG W/VIS <= 1/4 MILE      1
HAZE                     12

-  INDICATES NEGATIVE NUMBERS.
R  INDICATES RECORD WAS SET OR TIED.
MM INDICATES DATA IS MISSING.
T  INDICATES TRACE AMOUNT.

$$
