000
CXUS51 KBGM 012114 CCA
CLMAVP

CLIMATE REPORT...CORRECTED
NATIONAL WEATHER SERVICE BINGHAMTON NY
412 PM EST SAT MAR 1 2014

...................................

...THE AVOCA PA CLIMATE SUMMARY FOR THE MONTH OF FEBRUARY 2014...

CLIMATE NORMAL PERIOD 1981 TO 2010
CLIMATE RECORD PERIOD 1901 TO 2014

WEATHER         OBSERVED          NORMAL  DEPART  LAST YEAR`S
                 VALUE   DATE(S)  VALUE   FROM    VALUE  DATE(S)
                                          NORMAL
................................................................
TEMPERATURE (F)
RECORD
 HIGH              71   02/24/1985
 LOW              -16   02/18/1979
HIGHEST            52   02/21        35      17       46  02/15
LOWEST             -6   02/12        19     -25        9  02/10
AVG. MAXIMUM     31.8              36.8    -5.0     35.1
AVG. MINIMUM     15.2              20.7    -5.5     22.5
MEAN             23.5              28.8    -5.3     28.8
DAYS MAX >= 90      0               0.0     0.0        0
DAYS MAX <= 32     17               8.8     8.2       11
DAYS MIN <= 32     27              24.3     2.7       27
DAYS MIN <= 0       3               0.5     2.5        0

PRECIPITATION (INCHES)
RECORD
 MAXIMUM         8.06   1981
 MINIMUM         0.30   1968
TOTALS           2.77              2.03    0.74     1.31
DAILY AVG.       0.10              0.07    0.03     0.05
DAYS >= .01        12              11.0     1.0       12
DAYS >= .10         7               5.4     1.6        4
DAYS >= .50         2               0.8     1.2        0
DAYS >= 1.00        0               0.4    -0.4        0
GREATEST
 24 HR. TOTAL    0.88   02/05 TO 02/05

SNOWFALL (INCHES)
RECORDS
 TOTAL           27.1   2010
 24 HR TOTAL     13.0   02/14/2007 TO 02/14/2007
TOTALS           29.3R              9.3    20.0      8.8
SINCE 7/1        55.8              33.9    21.9     27.4
DAYS >= TRACE      19               7.7    11.3       20
DAYS >= 1.0         9               3.2     5.8        3
GREATEST
 24 HR TOTAL      8.3   02/13

DEGREE_DAYS
HEATING TOTAL    1152              1015     137     1007
 SINCE 7/1       4823              4606     217     4224
COOLING TOTAL       0                 0       0        0
 SINCE 1/1          0                 0       0        0
.................................................................

WIND (MPH)
AVERAGE WIND SPEED              7.2
RESULTANT WIND SPEED/DIRECTION   3/276
HIGHEST WIND SPEED/DIRECTION    30/240    DATE  02/22
HIGHEST GUST SPEED/DIRECTION    41/240    DATE  02/22

SKY COVER
POSSIBLE SUNSHINE (PERCENT)   MM
AVERAGE SKY COVER           0.50
NUMBER OF DAYS FAIR           10
NUMBER OF DAYS PC             11
NUMBER OF DAYS CLOUDY          7

AVERAGE RH (PERCENT)     64

WEATHER CONDITIONS. NUMBER OF DAYS WITH
THUNDERSTORM              0     MIXED PRECIP               0
HEAVY RAIN                1     RAIN                       1
LIGHT RAIN                4     FREEZING RAIN              0
LT FREEZING RAIN          1     HAIL                       0
HEAVY SNOW                4     SNOW                       9
LIGHT SNOW               17     SLEET                      0
FOG                      14     FOG W/VIS <= 1/4 MILE      8
HAZE                     13

-  INDICATES NEGATIVE NUMBERS.
R  INDICATES RECORD WAS SET OR TIED.
MM INDICATES DATA IS MISSING.
T  INDICATES TRACE AMOUNT.

&&

CORRECTED MONTHLY AND TOTAL SNOWFALL
RECORD DAILY SNOWFALLS ON DAYS 3 5 AND 13

$$

TAC
