000
CXUS51 KBGM 030542 CCA
CLMAVP

CLIMATE REPORT...CORRECTED
NATIONAL WEATHER SERVICE BINGHAMTON NY
142 AM EDT SAT OCT 3 2015

...................................

...THE AVOCA PA CLIMATE SUMMARY FOR THE MONTH OF SEPTEMBER 2015...

CLIMATE NORMAL PERIOD 1981 TO 2010
CLIMATE RECORD PERIOD 1901 TO 2015

WEATHER         OBSERVED          NORMAL  DEPART  LAST YEAR`S
                 VALUE   DATE(S)  VALUE   FROM    VALUE  DATE(S)
                                          NORMAL
................................................................
TEMPERATURE (F)
RECORD
 HIGH              95   09/08/2015
                        09/11/2013
                        09/10/1983
 LOW               29   09/29/2000
HIGHEST            95R  09/08        72      23       89  09/02
LOWEST             47   09/23        53      -6       41  09/23
AVG. MAXIMUM     80.4              72.3     8.1     75.1
AVG. MINIMUM     57.4              52.1     5.3     53.5
MEAN             68.9R             62.2     6.7     64.3
DAYS MAX >= 90      4               0.5     3.5        0
DAYS MAX <= 32      0               0.0     0.0        0
DAYS MIN <= 32      0               0.1    -0.1        0
DAYS MIN <= 0       0               0.0     0.0        0

PRECIPITATION (INCHES)
RECORD
 MAXIMUM        11.46   2011
 MINIMUM         0.52   1943
TOTALS           2.61              4.07   -1.46     0.69
DAILY AVG.       0.09              0.14   -0.05     0.02
DAYS >= .01        10              10.2    -0.2        7
DAYS >= .10         4               6.0    -2.0        3
DAYS >= .50         1               2.4    -1.4        0
DAYS >= 1.00        1               1.3    -0.3        0
GREATEST
 24 HR. TOTAL    1.94   09/29 TO 09/30

SNOWFALL (INCHES)
RECORDS
 TOTAL              T   1993
                        1992
                        1990
 24 HR TOTAL        T   09/29/1993 TO 09/29/1993
                        09/22/1992 TO 09/22/1992
                        09/13/1990 TO 09/13/1990
TOTALS            0.0               0.0     0.0      0.0
SINCE 7/1         0.0               0.0     0.0      0.0
DAYS >= TRACE       0               0.0     0.0        0
DAYS >= 1.0         0               0.0     0.0        0
GREATEST
 24 HR TOTAL      0.0   09/30 TO 09/30

DEGREE_DAYS
HEATING TOTAL      29               136    -107      102
 SINCE 7/1         29               162    -133      113
COOLING TOTAL     151                52      99       89
 SINCE 1/1        927               576     351      675
.................................................................

WIND (MPH)
AVERAGE WIND SPEED              5.0
RESULTANT WIND SPEED/DIRECTION   1/088
HIGHEST WIND SPEED/DIRECTION    32/360    DATE  09/03
HIGHEST GUST SPEED/DIRECTION    41/360    DATE  09/03

SKY COVER
POSSIBLE SUNSHINE (PERCENT)   MM
AVERAGE SKY COVER           0.30
NUMBER OF DAYS FAIR           20
NUMBER OF DAYS PC              5
NUMBER OF DAYS CLOUDY          5

AVERAGE RH (PERCENT)     66

WEATHER CONDITIONS. NUMBER OF DAYS WITH
THUNDERSTORM              1     MIXED PRECIP               0
HEAVY RAIN                2     RAIN                       3
LIGHT RAIN               11     FREEZING RAIN              0
LT FREEZING RAIN          0     HAIL                       0
HEAVY SNOW                0     SNOW                       0
LIGHT SNOW                0     SLEET                      0
FOG                      12     FOG W/VIS <= 1/4 MILE      0
HAZE                      4

-  INDICATES NEGATIVE NUMBERS.
R  INDICATES RECORD WAS SET OR TIED.
MM INDICATES DATA IS MISSING.
T  INDICATES TRACE AMOUNT.

&&
CORRECTED NUMBER OF THUNDERSTORM DAYS

WARMEST SEPTEMBER  OLD RECORD 68.4F IN 1961
MAINLY DAILY RECORD HIGH TEMPERATURES 7TH TO 9TH

$$

TAC
