000
CXUS51 KBGM 011311
CLMAVP


CLIMATE REPORT
NATIONAL WEATHER SERVICE BINGHAMTON NY
811 AM EST SUN DEC 1 2013

...................................

...THE AVOCA PA CLIMATE SUMMARY FOR THE MONTH OF NOVEMBER 2013...

CLIMATE NORMAL PERIOD 1981 TO 2010
CLIMATE RECORD PERIOD 1901 TO 2013

WEATHER         OBSERVED          NORMAL  DEPART  LAST YEAR`S
                 VALUE   DATE(S)  VALUE   FROM    VALUE  DATE(S)
                                          NORMAL
................................................................
TEMPERATURE (F)
RECORD
 HIGH              80   11/02/1982
 LOW                9   11/24/2000
                        11/30/1995
                        11/30/1976
HIGHEST            69   11/01        49      20       72  11/11
LOWEST             13   11/30        34     -21       22  11/28
AVG. MAXIMUM     46.7              49.4    -2.7     47.3
AVG. MINIMUM     30.1              33.3    -3.2     31.0
MEAN             38.4              41.4    -3.0     39.1
DAYS MAX >= 90      0               0.0     0.0        0
DAYS MAX <= 32      3               1.0     2.0        0
DAYS MIN <= 32     19              13.8     5.2       23
DAYS MIN <= 0       0               0.0     0.0        0

PRECIPITATION (INCHES)
RECORD
 MAXIMUM         7.62   1972
 MINIMUM         0.80   1976
TOTALS           2.74              3.14   -0.40     1.09
DAILY AVG.       0.09              0.10   -0.01     0.04
DAYS >= .01        11              11.2    -0.2        4
DAYS >= .10         5               6.2    -1.2        2
DAYS >= .50         3               1.7     1.3        1
DAYS >= 1.00        0               0.6    -0.6        0
GREATEST
 24 HR. TOTAL    1.37   11/26 TO 11/27

SNOWFALL (INCHES)
RECORDS
 TOTAL           22.5   1971
 24 HR TOTAL     18.5   11/25/1971 TO 11/25/1971
TOTALS            2.6               2.9    -0.3      2.0
SINCE 7/1         2.6               3.0    -0.4      2.0
DAYS >= TRACE      10               2.1     7.9        9
DAYS >= 1.0         1               0.8     0.2        1
GREATEST
 24 HR TOTAL      1.4   MM

DEGREE_DAYS
HEATING TOTAL     792               710      82      769
 SINCE 7/1       1276              1313     -37     1227
COOLING TOTAL       0                 0       0        0
 SINCE 1/1        795               580     215      864
.................................................................

WIND (MPH)
AVERAGE WIND SPEED              7.5
RESULTANT WIND SPEED/DIRECTION   3/278
HIGHEST WIND SPEED/DIRECTION    33/330    DATE  11/23
HIGHEST GUST SPEED/DIRECTION    47/230    DATE  11/01

SKY COVER
POSSIBLE SUNSHINE (PERCENT)   MM
AVERAGE SKY COVER           0.60
NUMBER OF DAYS FAIR            9
NUMBER OF DAYS PC             12
NUMBER OF DAYS CLOUDY          9

AVERAGE RH (PERCENT)     62

WEATHER CONDITIONS. NUMBER OF DAYS WITH
THUNDERSTORM              0     MIXED PRECIP               0
HEAVY RAIN                2     RAIN                       6
LIGHT RAIN               14     FREEZING RAIN              0
LT FREEZING RAIN          0     HAIL                       0
HEAVY SNOW                1     SNOW                       1
LIGHT SNOW                6     SLEET                      0
FOG                      10     FOG W/VIS <= 1/4 MILE      1
HAZE                      3

-  INDICATES NEGATIVE NUMBERS.
R  INDICATES RECORD WAS SET OR TIED.
MM INDICATES DATA IS MISSING.
T  INDICATES TRACE AMOUNT.

$$
