000
CXUS51 KBGM 010553
CLMAVP


CLIMATE REPORT
NATIONAL WEATHER SERVICE BINGHAMTON NY
149 AM EDT WED MAY 1 2013

...................................

...THE AVOCA PA CLIMATE SUMMARY FOR THE MONTH OF APRIL 2013...

CLIMATE NORMAL PERIOD 1981 TO 2010
CLIMATE RECORD PERIOD 1901 TO 2013

WEATHER         OBSERVED          NORMAL  DEPART  LAST YEAR`S
                 VALUE   DATE(S)  VALUE   FROM    VALUE  DATE(S)
                                          NORMAL
................................................................
TEMPERATURE (F)
RECORD
 HIGH              94   04/18/1896
 LOW               14   04/07/1982
HIGHEST            77   04/09        58      19       88  04/16
LOWEST             23   04/04        38     -15       28  04/13
                                                          04/06
AVG. MAXIMUM     59.9              59.1     0.8     59.6
AVG. MINIMUM     39.2              38.2     1.0     37.3
MEAN             49.5              48.6     0.9     48.5
DAYS MAX >= 90      0               0.1    -0.1        0
DAYS MAX <= 32      0               0.1    -0.1        0
DAYS MIN <= 32      7               7.2    -0.2        9
DAYS MIN <= 0       0               0.0     0.0        0

PRECIPITATION (INCHES)
RECORD
 MAXIMUM         9.56   1983
 MINIMUM         0.96   1997
TOTALS           1.80              3.33   -1.53     2.53
DAILY AVG.       0.06              0.11   -0.05     0.08
DAYS >= .01         9              12.3    -3.3       10
DAYS >= .10         6               7.3    -1.3        4
DAYS >= .50         1               2.1    -1.1        1
DAYS >= 1.00        0               0.6    -0.6        1
GREATEST
 24 HR. TOTAL    0.52   04/19 TO 04/20

SNOWFALL (INCHES)
RECORDS
 TOTAL           26.7   1983
 24 HR TOTAL     10.0   04/16/2007 TO 04/16/2007
TOTALS            0.0               3.3    -3.3        T
SINCE 7/1        33.9              46.2   -12.3     18.5
DAYS >= TRACE       0               1.7    -1.7        3
DAYS >= 1.0         0               0.6    -0.6        0
GREATEST
 24 HR TOTAL      0.0   04/30 TO 04/30

DEGREE_DAYS
HEATING TOTAL     459               496     -37      493
 SINCE 7/1       5609              5973    -364     4834
COOLING TOTAL       4                 6      -2        5
 SINCE 1/1          4                 6      -2        5
.................................................................

WIND (MPH)
AVERAGE WIND SPEED              7.7
RESULTANT WIND SPEED/DIRECTION   2/262
HIGHEST WIND SPEED/DIRECTION    37/240    DATE  04/19
HIGHEST GUST SPEED/DIRECTION    51/310    DATE  04/10

SKY COVER
POSSIBLE SUNSHINE (PERCENT)   MM
AVERAGE SKY COVER           0.50
NUMBER OF DAYS FAIR           13
NUMBER OF DAYS PC             10
NUMBER OF DAYS CLOUDY          7

AVERAGE RH (PERCENT)     55

WEATHER CONDITIONS. NUMBER OF DAYS WITH
THUNDERSTORM              0     MIXED PRECIP               0
HEAVY RAIN                3     RAIN                       6
LIGHT RAIN               13     FREEZING RAIN              0
LT FREEZING RAIN          0     HAIL                       0
HEAVY SNOW                0     SNOW                       0
LIGHT SNOW                0     SLEET                      0
FOG                      12     FOG W/VIS <= 1/4 MILE      0
HAZE                      2

-  INDICATES NEGATIVE NUMBERS.
R  INDICATES RECORD WAS SET OR TIED.
MM INDICATES DATA IS MISSING.
T  INDICATES TRACE AMOUNT.

$$
