000
CXUS51 KBGM 011936 CCA
CLMAVP

CLIMATE REPORT...CORRECTED
NATIONAL WEATHER SERVICE BINGHAMTON NY
234 PM EST WED JAN 1 2014

...................................

...THE AVOCA PA CLIMATE SUMMARY FOR THE MONTH OF DECEMBER 2013...

CLIMATE NORMAL PERIOD 1981 TO 2010
CLIMATE RECORD PERIOD 1901 TO 2013

WEATHER         OBSERVED          NORMAL  DEPART  LAST YEAR`S
                 VALUE   DATE(S)  VALUE   FROM    VALUE  DATE(S)
                                          NORMAL
................................................................
TEMPERATURE (F)
RECORD
 HIGH              71   12/01/2006
 LOW               -9   12/24/1989
HIGHEST            66   12/22        37      29       63  12/04
LOWEST              9   12/17        23     -14       21  12/30
                                                          12/26
                                                          12/14
AVG. MAXIMUM     38.3              37.5     0.8     42.2
AVG. MINIMUM     24.3              23.8     0.5     30.3
MEAN             31.3              30.6     0.7     36.2
DAYS MAX >= 90      0               0.0     0.0        0
DAYS MAX <= 32     11               9.2     1.8        4
DAYS MIN <= 32     24              24.7    -0.7       20
DAYS MIN <= 0       0               0.5    -0.5        0

PRECIPITATION (INCHES)
RECORD
 MAXIMUM         6.58   1983
 MINIMUM         0.35   1958
TOTALS           3.34              2.68    0.66     3.92
DAILY AVG.       0.11              0.09    0.02     0.13
DAYS >= .01        16              11.5     4.5       18
DAYS >= .10         7               5.9     1.1       10
DAYS >= .50         3               1.8     1.2        1
DAYS >= 1.00        0               0.3    -0.3        1
GREATEST
 24 HR. TOTAL    0.99   12/06 TO 12/06

SNOWFALL (INCHES)
RECORDS
 TOTAL           33.9   1969
 24 HR TOTAL     15.0   12/25/2002 TO 12/25/2002
TOTALS           10.8               7.4     3.4     10.2
SINCE 7/1        13.5              10.4     3.1     12.2
DAYS >= TRACE      16               7.1     8.9        9
DAYS >= 1.0         4               2.3     1.7        3
GREATEST
 24 HR TOTAL      4.7   12/14 TO 12/14

DEGREE_DAYS
HEATING TOTAL    1038              1065     -27      887
 SINCE 7/1       2314              2378     -64     2114
COOLING TOTAL       0                 0       0        0
 SINCE 1/1        795               580     215      864
.................................................................

WIND (MPH)
AVERAGE WIND SPEED              6.9
RESULTANT WIND SPEED/DIRECTION   4/245
HIGHEST WIND SPEED/DIRECTION    28/270    DATE  12/16
HIGHEST GUST SPEED/DIRECTION    38/290    DATE  12/16

SKY COVER
POSSIBLE SUNSHINE (PERCENT)   MM
AVERAGE SKY COVER           0.70
NUMBER OF DAYS FAIR            4
NUMBER OF DAYS PC             13
NUMBER OF DAYS CLOUDY         14

AVERAGE RH (PERCENT)     73

WEATHER CONDITIONS. NUMBER OF DAYS WITH
THUNDERSTORM              0     MIXED PRECIP               0
HEAVY RAIN                2     RAIN                       4
LIGHT RAIN                8     FREEZING RAIN              1
LT FREEZING RAIN          4     HAIL                       0
HEAVY SNOW                1     SNOW                       6
LIGHT SNOW               11     SLEET                      0
FOG                      20     FOG W/VIS <= 1/4 MILE      3
HAZE                     14

-  INDICATES NEGATIVE NUMBERS.
R  INDICATES RECORD WAS SET OR TIED.
MM INDICATES DATA IS MISSING.
T  INDICATES TRACE AMOUNT.

&&
CORRECTED SNOWFALL TOTAL AND ADDED DATES FOR GREATEST 24 HOUR SNOWFALL
RECORD DAILY HIGH TEMPERATURE OF 66F FOR 12/22  OLD RECORD 60 IN 1949

$$

TAC
