000
CXUS51 KBGM 010931
CLMAVP


CLIMATE REPORT
NATIONAL WEATHER SERVICE BINGHAMTON NY
524 AM EDT FRI NOV 1 2013

...................................

...THE AVOCA PA CLIMATE SUMMARY FOR THE MONTH OF OCTOBER 2013...

CLIMATE NORMAL PERIOD 1981 TO 2010
CLIMATE RECORD PERIOD 1901 TO 2013

WEATHER         OBSERVED          NORMAL  DEPART  LAST YEAR`S
                 VALUE   DATE(S)  VALUE   FROM    VALUE  DATE(S)
                                          NORMAL
................................................................
TEMPERATURE (F)
RECORD
 HIGH              87   10/08/2007
 LOW               19   10/20/1972
HIGHEST            83   10/05        61      22       76  10/05
                        10/02
LOWEST             28   10/28        42     -14       27  10/13
AVG. MAXIMUM     65.7              60.7     5.0     61.8
AVG. MINIMUM     44.5              41.1     3.4     45.8
MEAN             55.1              50.9     4.2     53.8
DAYS MAX >= 90      0               0.0     0.0        0
DAYS MAX <= 32      0               0.0     0.0        0
DAYS MIN <= 32      5               4.4     0.6        2
DAYS MIN <= 0       0               0.0     0.0        0

PRECIPITATION (INCHES)
RECORD
 MAXIMUM         8.12   1976
 MINIMUM         0.03   1963
TOTALS           1.57              3.34   -1.77     5.73
DAILY AVG.       0.05              0.11   -0.06     0.18
DAYS >= .01         7              10.7    -3.7       14
DAYS >= .10         3               5.3    -2.3        7
DAYS >= .50         1               2.2    -1.2        4
DAYS >= 1.00        0               1.0    -1.0        2
GREATEST
 24 HR. TOTAL    0.83   10/07 TO 10/07

SNOWFALL (INCHES)
RECORDS
 TOTAL            9.1   2011
 24 HR TOTAL      9.1   10/29/2011 TO 10/29/2011
TOTALS              T               0.1    -0.1      0.0
SINCE 7/1           T               0.1    -0.1      0.0
DAYS >= TRACE       3               0.1     2.9        0
DAYS >= 1.0         0               0.1    -0.1        0
GREATEST
 24 HR TOTAL        T   10/25 TO 10/25

DEGREE_DAYS
HEATING TOTAL     322               441    -119      341
 SINCE 7/1        484               603    -119      458
COOLING TOTAL      24                 4      20        3
 SINCE 1/1        795               580     215      864
.................................................................

WIND (MPH)
AVERAGE WIND SPEED              4.4
RESULTANT WIND SPEED/DIRECTION   1/204
HIGHEST WIND SPEED/DIRECTION    29/260    DATE  10/07
HIGHEST GUST SPEED/DIRECTION    37/250    DATE  10/07

SKY COVER
POSSIBLE SUNSHINE (PERCENT)   MM
AVERAGE SKY COVER           0.50
NUMBER OF DAYS FAIR           12
NUMBER OF DAYS PC             15
NUMBER OF DAYS CLOUDY          4

AVERAGE RH (PERCENT)     68

WEATHER CONDITIONS. NUMBER OF DAYS WITH
THUNDERSTORM              0     MIXED PRECIP               0
HEAVY RAIN                2     RAIN                       3
LIGHT RAIN                8     FREEZING RAIN              0
LT FREEZING RAIN          0     HAIL                       0
HEAVY SNOW                0     SNOW                       0
LIGHT SNOW                2     SLEET                      1
FOG                      12     FOG W/VIS <= 1/4 MILE      2
HAZE                      7

-  INDICATES NEGATIVE NUMBERS.
R  INDICATES RECORD WAS SET OR TIED.
MM INDICATES DATA IS MISSING.
T  INDICATES TRACE AMOUNT.

$$
