000
CXUS51 KBGM 012341 AAA
CLMAVP

CLIMATE REPORT...UPDATED
NATIONAL WEATHER SERVICE BINGHAMTON NY
641 PM EST FRI JAN 1 2016

...................................

...THE AVOCA PA CLIMATE SUMMARY FOR THE MONTH OF DECEMBER 2015...

CLIMATE NORMAL PERIOD 1981 TO 2010
CLIMATE RECORD PERIOD 1901 TO 2015

WEATHER         OBSERVED          NORMAL  DEPART  LAST YEAR`S
                 VALUE   DATE(S)  VALUE   FROM    VALUE  DATE(S)
                                          NORMAL
................................................................
TEMPERATURE (F)
RECORD
 HIGH              71   12/01/2006
 LOW               -9   12/24/1989
HIGHEST            68   12/24        37      31       61  12/25
LOWEST             25   12/06        23       2       19  12/31
AVG. MAXIMUM     50.7R             37.5    13.2     40.5
AVG. MINIMUM     38.1R             23.8    14.3     30.7
MEAN             44.4R             30.6    13.8     35.6
DAYS MAX >= 90      0               0.0     0.0        0
DAYS MAX <= 32      0R              9.2    -9.2        6
DAYS MIN <= 32      9R             24.7   -15.7       20
DAYS MIN <= 0       0R              0.5    -0.5        0

PRECIPITATION (INCHES)
RECORD
 MAXIMUM         6.58   1983
 MINIMUM         0.35   1958
TOTALS           2.55              2.68   -0.13     2.78
DAILY AVG.       0.08              0.09   -0.01     0.09
DAYS >= .01        13              11.5     1.5       14
DAYS >= .10         9               5.9     3.1        8
DAYS >= .50         0               1.8    -1.8        1
DAYS >= 1.00        0               0.3    -0.3        0
GREATEST
 24 HR. TOTAL    0.48   12/14 TO 12/14

SNOWFALL (INCHES)
RECORDS
 TOTAL           33.9   1969
 24 HR TOTAL     15.0   12/25/2002 TO 12/25/2002
TOTALS            0.8               7.4    -6.6      4.4
SINCE 7/1         0.8              10.4    -9.6     13.3
DAYS >= TRACE       5               7.1    -2.1        8
DAYS >= 1.0         0               2.3    -2.3        2
GREATEST
 24 HR TOTAL      0.5   12/29 TO 12/29

DEGREE_DAYS
HEATING TOTAL     628              1065    -437      902
 SINCE 7/1       1536              2378    -842     2092
COOLING TOTAL       0                 0       0        0
 SINCE 1/1        929               580     349      686
.................................................................

WIND (MPH)
AVERAGE WIND SPEED              5.6
RESULTANT WIND SPEED/DIRECTION   2/265
HIGHEST WIND SPEED/DIRECTION    24/240    DATE  12/24
HIGHEST GUST SPEED/DIRECTION    39/140    DATE  12/01

SKY COVER
POSSIBLE SUNSHINE (PERCENT)   MM
AVERAGE SKY COVER           0.70
NUMBER OF DAYS FAIR            2
NUMBER OF DAYS PC             12
NUMBER OF DAYS CLOUDY         17

AVERAGE RH (PERCENT)     75

WEATHER CONDITIONS. NUMBER OF DAYS WITH
THUNDERSTORM              0     MIXED PRECIP               0
HEAVY RAIN                1     RAIN                       7
LIGHT RAIN               18     FREEZING RAIN              0
LT FREEZING RAIN          1     HAIL                       0
HEAVY SNOW                0     SNOW                       0
LIGHT SNOW                2     SLEET                      1
FOG                      21     FOG W/VIS <= 1/4 MILE      4
HAZE                     12

-  INDICATES NEGATIVE NUMBERS.
R  INDICATES RECORD WAS SET OR TIED.
MM INDICATES DATA IS MISSING.
T  INDICATES TRACE AMOUNT.

&&
WARMEST DECEMBER  OLD RECORD 37.9 IN 2006
DAILY WARM TEMPERATURE RECORDS BROKEN DAYS 13, 14, 15, 23, 24
TIED RECORD LOWEST NUMBER OF DAYS WITH MAX <=32  ALSO 0 IN 1923
RECORD LOWEST NUMBER OF DAYS WITH MIN <=32  OLD RECORD 16 IN 1984
$$
