999
CXUS51 KBGM 010556
CLMAVP


CLIMATE REPORT
NATIONAL WEATHER SERVICE BINGHAMTON NY
155 AM EDT TUE NOV 1 2016

...................................

...THE AVOCA PA CLIMATE SUMMARY FOR THE MONTH OF OCTOBER 2016...

CLIMATE NORMAL PERIOD 1981 TO 2010
CLIMATE RECORD PERIOD 1901 TO 2016

WEATHER         OBSERVED          NORMAL  DEPART  LAST YEAR`S
                 VALUE   DATE(S)  VALUE   FROM    VALUE  DATE(S)
                                          NORMAL
................................................................
TEMPERATURE (F)
RECORD
 HIGH              87   10/08/2007
 LOW               19   10/20/1972
HIGHEST            82   10/18        61      21       76  10/21
                                                          10/12
LOWEST             30   10/26        42     -12       26  10/19
AVG. MAXIMUM     63.7              60.7     3.0     62.7
AVG. MINIMUM     44.2              41.1     3.1     42.3
MEAN             54.0              50.9     3.1     52.5
DAYS MAX >= 90      0               0.0     0.0        0
DAYS MAX <= 32      0               0.0     0.0        0
DAYS MIN <= 32      3               4.4    -1.4        4
DAYS MIN <= 0       0               0.0     0.0        0

PRECIPITATION (INCHES)
RECORD
 MAXIMUM         8.12   1976
 MINIMUM         0.03   1963
TOTALS           2.60              3.34   -0.74     3.53
DAILY AVG.       0.08              0.11   -0.03     0.11
DAYS >= .01        12              10.7     1.3        9
DAYS >= .10         7               5.3     1.7        5
DAYS >= .50         2               2.2    -0.2        2
DAYS >= 1.00        0               1.0    -1.0        1
GREATEST
 24 HR. TOTAL    0.79   09/30 TO 10/01

SNOWFALL (INCHES)
RECORDS
 TOTAL            9.1   2011
 24 HR TOTAL      9.1   10/29/2011 TO 10/29/2011
TOTALS              T               0.1    -0.1        T
SINCE 7/1           T               0.1    -0.1        T
DAYS >= TRACE       1               0.1     0.9        1
DAYS >= 1.0         0               0.1    -0.1        0
GREATEST
 24 HR TOTAL        T   10/27 TO 10/27

DEGREE_DAYS
HEATING TOTAL     340               441    -101      378
 SINCE 7/1        400               603    -203      407
COOLING TOTAL       5                 4       1        0
 SINCE 1/1        998               580     418      927
.................................................................

WIND (MPH)
AVERAGE WIND SPEED              6.1
RESULTANT WIND SPEED/DIRECTION   1/333
HIGHEST WIND SPEED/DIRECTION    25/330    DATE  10/24
HIGHEST GUST SPEED/DIRECTION    38/330    DATE  10/24

SKY COVER
POSSIBLE SUNSHINE (PERCENT)   MM
AVERAGE SKY COVER           0.50
NUMBER OF DAYS FAIR           10
NUMBER OF DAYS PC             13
NUMBER OF DAYS CLOUDY          8

AVERAGE RH (PERCENT)     73

WEATHER CONDITIONS. NUMBER OF DAYS WITH
THUNDERSTORM              0     MIXED PRECIP               0
HEAVY RAIN                2     RAIN                       7
LIGHT RAIN               17     FREEZING RAIN              0
LT FREEZING RAIN          0     HAIL                       0
HEAVY SNOW                0     SNOW                       0
LIGHT SNOW                1     SLEET                      0
FOG                      17     FOG W/VIS <= 1/4 MILE      3
HAZE                      3

-  INDICATES NEGATIVE NUMBERS.
R  INDICATES RECORD WAS SET OR TIED.
MM INDICATES DATA IS MISSING.
T  INDICATES TRACE AMOUNT.

$$
