048
CXUS51 KBGM 011133
CLMAVP


CLIMATE REPORT
NATIONAL WEATHER SERVICE BINGHAMTON NY
624 AM EST SUN JAN 1 2017

...................................

...THE AVOCA PA CLIMATE SUMMARY FOR THE MONTH OF DECEMBER 2016...

CLIMATE NORMAL PERIOD 1981 TO 2010
CLIMATE RECORD PERIOD 1901 TO 2016

WEATHER         OBSERVED          NORMAL  DEPART  LAST YEAR`S
                 VALUE   DATE(S)  VALUE   FROM    VALUE  DATE(S)
                                          NORMAL
................................................................
TEMPERATURE (F)
RECORD
 HIGH              71   12/01/2006
 LOW               -9   12/24/1989
HIGHEST            55   12/27        37      18       68  12/24
LOWEST              8   12/16        23     -15       25  12/06
AVG. MAXIMUM     38.8              37.5     1.3     50.7
AVG. MINIMUM     26.4              23.8     2.6     38.1
MEAN             32.6              30.6     2.0     44.4
DAYS MAX >= 90      0               0.0     0.0        0
DAYS MAX <= 32      5               9.2    -4.2        0
DAYS MIN <= 32     24              24.7    -0.7        9
DAYS MIN <= 0       0               0.5    -0.5        0

PRECIPITATION (INCHES)
RECORD
 MAXIMUM         6.58   1983
 MINIMUM         0.35   1958
TOTALS           2.06              2.68   -0.62     2.55
DAILY AVG.       0.07              0.09   -0.02     0.08
DAYS >= .01        13              11.5     1.5       13
DAYS >= .10         7               5.9     1.1        9
DAYS >= .50         1               1.8    -0.8        0
DAYS >= 1.00        0               0.3    -0.3        0
GREATEST
 24 HR. TOTAL    0.80   11/30 TO 12/01

SNOWFALL (INCHES)
RECORDS
 TOTAL           33.9   1969
 24 HR TOTAL     15.0   12/25/2002 TO 12/25/2002
TOTALS            6.2               7.4    -1.2      0.8
SINCE 7/1        11.9              10.4     1.5      0.8
DAYS >= TRACE      13               7.1     5.9        5
DAYS >= 1.0         2               2.3    -0.3        0
GREATEST
 24 HR TOTAL      2.2   12/12 TO 12/12

DEGREE_DAYS
HEATING TOTAL     994              1065     -71      628
 SINCE 7/1       2012              2378    -366     1536
COOLING TOTAL       0                 0       0        0
 SINCE 1/1        998               580     418      929
.................................................................

WIND (MPH)
AVERAGE WIND SPEED              7.4
RESULTANT WIND SPEED/DIRECTION   4/259
HIGHEST WIND SPEED/DIRECTION    30/320    DATE  12/15
HIGHEST GUST SPEED/DIRECTION    43/310    DATE  12/15

SKY COVER
POSSIBLE SUNSHINE (PERCENT)   MM
AVERAGE SKY COVER           0.60
NUMBER OF DAYS FAIR            4
NUMBER OF DAYS PC             14
NUMBER OF DAYS CLOUDY         13

AVERAGE RH (PERCENT)     67

WEATHER CONDITIONS. NUMBER OF DAYS WITH
THUNDERSTORM              1     MIXED PRECIP               0
HEAVY RAIN                2     RAIN                       3
LIGHT RAIN               14     FREEZING RAIN              0
LT FREEZING RAIN          1     HAIL                       0
HEAVY SNOW                0     SNOW                       2
LIGHT SNOW               14     SLEET                      0
FOG                      15     FOG W/VIS <= 1/4 MILE      2
HAZE                      9

-  INDICATES NEGATIVE NUMBERS.
R  INDICATES RECORD WAS SET OR TIED.
MM INDICATES DATA IS MISSING.
T  INDICATES TRACE AMOUNT.

$$
