000
CXUS51 KBGM 011930
CLSAVP


CLIMATE REPORT
NATIONAL WEATHER SERVICE BINGHAMTON NY
323 PM EDT SAT SEP 1 2012

...................................

...THE AVOCA PA CLIMATE SUMMARY FOR THE SEASON, FROM
6/1/2012 TO 8/31/2012...

CLIMATE NORMAL PERIOD 1981 TO 2010
CLIMATE RECORD PERIOD 1901 TO 2012

WEATHER         OBSERVED          NORMAL  DEPART  LAST YEAR`S
                 VALUE   DATE(S)  VALUE   FROM    VALUE  DATE(S)
                                          NORMAL
................................................................
TEMPERATURE (F)
RECORD
 HIGH             101   07/16/1988
                        07/03/1966
 LOW               34   06/11/1972
HIGHEST            97   07/18        80      17       98  07/22
                        07/17
LOWEST             46   06/05        59     -13       46  06/04
AVG. MAXIMUM     82.6              79.8     2.8     81.2
AVG. MINIMUM     60.8              59.0     1.8     60.7
MEAN             71.7              69.4     2.3     70.9
DAYS MAX >= 90     17               5.5    11.5        7
DAYS MAX <= 32      0               0.0     0.0        0
DAYS MIN <= 32      0               0.0     0.0        0
DAYS MIN <= 0       0               0.0     0.0        0

PRECIPITATION (INCHES)
RECORD
 MAXIMUM        17.96   1986
 MINIMUM         5.56   1995
TOTALS           8.69             11.23   -2.54    17.34
DAILY AVG.       0.10              0.12   -0.02     0.19
DAYS >= .01        37              35.3     1.7       36
DAYS >= .10        19              22.2    -3.2       23
DAYS >= .50         6               7.2    -1.2        9
DAYS >= 1.00        0               2.2    -2.2        5
GREATEST
 24 HR. TOTAL    1.38   08/09 TO 08/10

SNOWFALL (INCHES)
RECORDS
 TOTAL            0.0   MM
 24 HR TOTAL      0.0   MM
TOTALS            0.0               0.0     0.0      0.0
SINCE 7/1         0.0               0.0     0.0      0.0
DAYS >= TRACE       0               0.0     0.0        0
DAYS >= 1.0         0               0.0     0.0        0
GREATEST
 24 HR TOTAL      0.0

DEGREE_DAYS
HEATING TOTAL      52                80     -28       35
 SINCE 7/1          2                26     -24        8
COOLING TOTAL     697               487     210      610
 SINCE 1/1        791               524     267      689

FREEZE DATES
RECORD
 EARLIEST     09/21/1956
 LATEST       05/25/1956
EARLIEST                        10/15
LATEST                          04/26
.........................................................

WIND (MPH)
AVERAGE WIND SPEED              4.7
RESULTANT WIND SPEED/DIRECTION   1/245
HIGHEST WIND SPEED/DIRECTION    36/310    DATE  07/26
HIGHEST GUST SPEED/DIRECTION    46/320    DATE  07/26

SKY COVER
POSSIBLE SUNSHINE (PERCENT)   MM
AVERAGE SKY COVER           0.40
NUMBER OF DAYS FAIR           51
NUMBER OF DAYS PC             32
NUMBER OF DAYS CLOUDY          9

AVERAGE RH (PERCENT)     67

WEATHER CONDITIONS. NUMBER OF DAYS WITH
THUNDERSTORM              0     MIXED PRECIP               0
HEAVY RAIN               17     RAIN                      18
LIGHT RAIN               37     FREEZING RAIN              0
LT FREEZING RAIN          0     HAIL                       0
HEAVY SNOW                0     SNOW                       0
LIGHT SNOW                0     SLEET                      0
FOG                      54     FOG W/VIS <= 1/4 MILE      6
HAZE                     27

-  INDICATES NEGATIVE NUMBERS.
R  INDICATES RECORD WAS SET OR TIED.
MM INDICATES DATA IS MISSING.
T  INDICATES TRACE AMOUNT.

$$
