000
CXUS51 KBGM 041621
CLSAVP


CLIMATE REPORT
NATIONAL WEATHER SERVICE BINGHAMTON NY
1207 PM EDT TUE JUN 4 2013

...................................

...THE AVOCA PA CLIMATE SUMMARY FOR THE SEASON, FROM
3/1/2013 TO 5/31/2013...

CLIMATE NORMAL PERIOD 1981 TO 2010
CLIMATE RECORD PERIOD 1901 TO 2013

WEATHER         OBSERVED          NORMAL  DEPART  LAST YEAR`S
                 VALUE   DATE(S)  VALUE   FROM    VALUE  DATE(S)
                                          NORMAL
................................................................
TEMPERATURE (F)
RECORD
 HIGH              97   05/30/1895
 LOW               -4   03/19/1967
HIGHEST            90   05/31        58      32       90  05/29
                        05/22                             05/28
LOWEST             19   03/21        38     -19       20  03/06
                        03/18
AVG. MAXIMUM     58.0              58.3    -0.3     64.7
AVG. MINIMUM     38.4              37.8     0.6     43.4
MEAN             48.2              48.1     0.1     54.1
DAYS MAX >= 90      2               0.3     1.7        2
DAYS MAX <= 32      3               2.9     0.1        0
DAYS MIN <= 32     36              28.6     7.4       19
DAYS MIN <= 0       0               0.0     0.0        0

PRECIPITATION (INCHES)
RECORD
 MAXIMUM        16.12   1983
 MINIMUM         4.89   1995
TOTALS           6.44              9.40   -2.96    10.55
DAILY AVG.       0.07              0.10   -0.03     0.11
DAYS >= .01        30              37.3    -7.3       35
DAYS >= .10        21              21.6    -0.6       18
DAYS >= .50         4               5.9    -1.9        6
DAYS >= 1.00        0               1.7    -1.7        3
GREATEST
 24 HR. TOTAL    0.97   05/23 TO 05/24           05/14 TO 05/15

SNOWFALL (INCHES)
RECORDS
 TOTAL           34.9   1967
 24 HR TOTAL     18.7   03/13/1993 TO 03/13/1993
TOTALS            6.5              12.3    -5.8      0.3
SINCE 7/1        33.4              46.2   -12.8     18.5
DAYS >= TRACE      24               6.7    17.3        7
DAYS >= 1.0         2               2.9    -0.9        0
GREATEST
 24 HR TOTAL      2.5   03/18 TO 03/18           03/04 TO 03/04

DEGREE_DAYS
HEATING TOTAL    1585              1595     -10     1070
 SINCE 7/1       5809              6201    -392     4919
COOLING TOTAL      64                37      27       94
 SINCE 1/1         64                37      27       94

FREEZE DATES
RECORD
 EARLIEST     09/21/1956
 LATEST       05/25/1956
EARLIEST                        10/15
LATEST                          04/26
.....................................................

WIND (MPH)
AVERAGE WIND SPEED              7.5
RESULTANT WIND SPEED/DIRECTION   3/286
HIGHEST WIND SPEED/DIRECTION    37/240    DATE  04/19
HIGHEST GUST SPEED/DIRECTION    51/310    DATE  04/10

SKY COVER
POSSIBLE SUNSHINE (PERCENT)   MM
AVERAGE SKY COVER           0.50
NUMBER OF DAYS FAIR           34
NUMBER OF DAYS PC             29
NUMBER OF DAYS CLOUDY         27

AVERAGE RH (PERCENT)     60

WEATHER CONDITIONS. NUMBER OF DAYS WITH
THUNDERSTORM              0     MIXED PRECIP               0
HEAVY RAIN                9     RAIN                      15
LIGHT RAIN               33     FREEZING RAIN              1
LT FREEZING RAIN          1     HAIL                       0
HEAVY SNOW                2     SNOW                       4
LIGHT SNOW               15     SLEET                      0
FOG                      33     FOG W/VIS <= 1/4 MILE      3
HAZE                     12

-  INDICATES NEGATIVE NUMBERS.
R  INDICATES RECORD WAS SET OR TIED.
MM INDICATES DATA IS MISSING.
T  INDICATES TRACE AMOUNT.

&&

9TH LOWEST PRECIPITATION

$$

TAC
