000
CXUS51 KBGM 031541 CCA
CLSAVP

CLIMATE REPORT...CORRECTED
NATIONAL WEATHER SERVICE BINGHAMTON NY
1140 AM EDT FRI JUN 3 2011

...................................

...THE AVOCA PA CLIMATE SUMMARY FOR THE SEASON, FROM
3/1/2011 TO 5/31/2011...

CLIMATE NORMAL PERIOD 1971 TO 2000
CLIMATE RECORD PERIOD 1901 TO 2011

WEATHER         OBSERVED          NORMAL  DEPART  LAST YEAR`S
                 VALUE   DATE(S)  VALUE   FROM    VALUE  DATE(S)
                                          NORMAL
................................................................
TEMPERATURE (F)
RECORD
 HIGH              97   05/30/1895
 LOW               -4   03/19/1967
HIGHEST            91   05/31        58      33       92  05/26
LOWEST             13   03/03        38     -25       17  03/27
                                                          03/06
AVG. MAXIMUM     58.9              58.0     0.9     63.9
AVG. MINIMUM     40.3              38.0     2.3     41.4
MEAN             49.6              47.8     1.8     52.6
DAYS MAX >= 90      1               0.0     1.0        2
DAYS MAX <= 32      3               3.0     0.0        0
DAYS MIN <= 32     28              29.0    -1.0       20
DAYS MIN <= 0       0               0.0     0.0        0

PRECIPITATION (INCHES)
RECORD
 MAXIMUM        16.38   1947
 MINIMUM         4.89   1995
TOTALS          16.05              9.66    6.39     7.23
DAILY AVG.       0.18              0.11    0.07     0.08
DAYS >= .01        48              37.0    11.0       32
DAYS >= .10        30              20.0    10.0       19
DAYS >= .50         8               6.0     2.0        6
DAYS >= 1.00        6               1.0     5.0        1
GREATEST
 24 HR. TOTAL    2.14   04/06 TO 04/07

SNOWFALL (INCHES)
RECORDS
 TOTAL           34.9   1967
 24 HR TOTAL     18.7   03/13/1993 TO 03/13/1993
TOTALS           15.6              11.3     4.3      0.5
SINCE 7/1        55.1              47.0     8.1     48.5
DAYS >= TRACE      15              16.5    -1.5        6
DAYS >= 1.0         2               3.2    -1.2        0
GREATEST
 24 HR TOTAL      9.0   03/23 TO 03/23

DEGREE_DAYS
HEATING TOTAL    1470              1586    -116     1183
 SINCE 7/1       6158              6181     -23     5758
COOLING TOTAL      79                42      37       92
 SINCE 1/1         79                42      37       92

FREEZE DATES
RECORD
 EARLIEST     09/21/1956
 LATEST       05/25/1956
EARLIEST                        10/15
LATEST                          04/26
.................................................................

WIND (MPH)
AVERAGE WIND SPEED              6.5
RESULTANT WIND SPEED/DIRECTION   1/280
HIGHEST WIND SPEED/DIRECTION    35/270    DATE  04/26
HIGHEST GUST SPEED/DIRECTION    55/140    DATE  04/16

SKY COVER
POSSIBLE SUNSHINE (PERCENT)   MM

NUMBER OF DAYS FAIR           41
NUMBER OF DAYS PC             32
NUMBER OF DAYS CLOUDY         19

AVERAGE RH (PERCENT)     69

WEATHER CONDITIONS. NUMBER OF DAYS WITH
THUNDERSTORM              6     MIXED PRECIP               0
HEAVY RAIN               19     RAIN                      27
LIGHT RAIN               50     FREEZING RAIN              2
LT FREEZING RAIN          1     HAIL                       0
HEAVY SNOW                2     SNOW                       3
LIGHT SNOW               13     SLEET                      0
FOG                      49     FOG W/VIS <= 1/4 MILE      8
HAZE                     10

-  INDICATES NEGATIVE NUMBERS.
R  INDICATES RECORD WAS SET OR TIED.
MM INDICATES DATA IS MISSING.
T  INDICATES TRACE AMOUNT.

&&
THIRD WETTEST SPRING
CORRECTED NORMAL SEASONAL PRECIPITATION AND DAILY AVERAGE
AND ALSO DEPARTURE FROM NORMAL FOR SEASONAL AND DAILY
PRECIPITATION
$$

TAC
