000
CXUS51 KBGM 040039
CLSAVP

CLIMATE REPORT
NATIONAL WEATHER SERVICE BINGHAMTON NY
731 PM EST FRI DEC 3 2010

...................................

...THE AVOCA PA CLIMATE SUMMARY FOR THE SEASON, FROM
9/1/2010 TO 11/30/2010...

CLIMATE NORMAL PERIOD 1971 TO 2000
CLIMATE RECORD PERIOD 1901 TO 2010

WEATHER         OBSERVED          NORMAL  DEPART  LAST YEAR`S
                 VALUE   DATE(S)  VALUE   FROM    VALUE  DATE(S)
                                          NORMAL
................................................................
TEMPERATURE (F)
RECORD
 HIGH              95   09/10/1983
                        09/02/1980
                        09/09/1959
 LOW                9   11/24/2000
                        11/30/1995
                        11/30/1976
HIGHEST            93   09/02        61      32       81  09/23
LOWEST             23   11/29        43     -20       22  11/07
AVG. MAXIMUM     62.5              61.0     1.5     60.3
AVG. MINIMUM     43.3              43.0     0.3     42.9
MEAN             52.9              51.7     1.2     51.6
DAYS MAX >= 90      4               0.0     4.0        0
DAYS MAX <= 32      0               1.0    -1.0        0
DAYS MIN <= 32     15              17.0    -2.0        9
DAYS MIN <= 0       0               0.0     0.0        0

PRECIPITATION (INCHES)
RECORD
 MAXIMUM        17.14   2003
 MINIMUM         3.81   1964
TOTALS          11.48              9.16    2.32     7.58
DAILY AVG.       0.13              0.10    0.03     0.08
DAYS >= .01        29              31.0    -2.0       30
DAYS >= .10        17              17.0     0.0       17
DAYS >= .50         7               5.0     2.0        4
DAYS >= 1.00        2               2.0     0.0        3
GREATEST
 24 HR. TOTAL    4.77   09/30 TO 10/01

SNOWFALL (INCHES)
RECORDS
 TOTAL           22.5   1971
 24 HR TOTAL     18.5   11/25/1971 TO 11/25/1971
TOTALS            0.3               4.1    -3.8      0.2
SINCE 7/1         0.3               4.4    -4.1      0.2
DAYS >= TRACE       3               8.8    -5.8        3
DAYS >= 1.0         0               0.9    -0.9        0
GREATEST
 24 HR TOTAL      0.3   11/25 TO 11/25

DEGREE_DAYS
HEATING TOTAL    1165              1280    -115     1211
 SINCE 7/1       1175              1307    -132     1227
COOLING TOTAL      90                61      29       13
 SINCE 1/1        902               611     291      450

FREEZE DATES
RECORD
 EARLIEST     09/21/1956
 LATEST       05/25/1956
EARLIEST                        10/15
LATEST                          04/26
.................................................................

WIND (MPH)
AVERAGE WIND SPEED              6.1
RESULTANT WIND SPEED/DIRECTION   2/288
HIGHEST WIND SPEED/DIRECTION    33/270    DATE  11/17
HIGHEST GUST SPEED/DIRECTION    55/300    DATE  10/11

SKY COVER
POSSIBLE SUNSHINE (PERCENT)   MM

NUMBER OF DAYS FAIR           49
NUMBER OF DAYS PC             22
NUMBER OF DAYS CLOUDY         19

AVERAGE RH (PERCENT)     67

WEATHER CONDITIONS. NUMBER OF DAYS WITH
THUNDERSTORM              2     MIXED PRECIP               0
HEAVY RAIN                9     RAIN                      17
LIGHT RAIN               36     FREEZING RAIN              0
LT FREEZING RAIN          1     HAIL                       0
HEAVY SNOW                0     SNOW                       1
LIGHT SNOW                1     SLEET                      0
FOG                      35     FOG W/VIS <= 1/4 MILE      3
HAZE                     12

-  INDICATES NEGATIVE NUMBERS.
R  INDICATES RECORD WAS SET OR TIED.
MM INDICATES DATA IS MISSING.
T  INDICATES TRACE AMOUNT.

$$

TAC
