000
CXUS51 KBGM 031429
CLSAVP


CLIMATE REPORT
NATIONAL WEATHER SERVICE BINGHAMTON NY
1008 AM EDT THU JUN 3 2010

...................................

...THE AVOCA PA CLIMATE SUMMARY FOR THE SEASON, FROM
3/1/2010 TO 5/31/2010...

CLIMATE NORMAL PERIOD 1971 TO 2000
CLIMATE RECORD PERIOD 1901 TO 2010

WEATHER         OBSERVED          NORMAL  DEPART  LAST YEAR`S
                 VALUE   DATE(S)  VALUE   FROM    VALUE  DATE(S)
                                          NORMAL
................................................................
TEMPERATURE (F)
RECORD
 HIGH              97   05/30/1895
 LOW               -4   03/19/1967
HIGHEST            92   05/26        58      34       93  04/27
LOWEST             17   03/27        38     -21        6  03/04
                        03/06                             03/03
AVG. MAXIMUM     63.9              58.0     5.9     60.7
AVG. MINIMUM     41.4              38.0     3.4     39.4
MEAN             52.6              47.8     4.8     50.1
DAYS MAX >= 90      2               0.0     2.0        2
DAYS MAX <= 32      0               3.0    -3.0        2
DAYS MIN <= 32     20              29.0    -9.0       24
DAYS MIN <= 0       0               0.0     0.0        0

PRECIPITATION (INCHES)
RECORD
 MAXIMUM        16.12   1983
 MINIMUM         4.89   1995
TOTALS           7.23              9.17   -1.94     8.13
DAILY AVG.       0.08              0.10   -0.02     0.09
DAYS >= .01        32              37.0    -5.0       34
DAYS >= .10        19              20.0    -1.0       23
DAYS >= .50         6               6.0     0.0        5
DAYS >= 1.00        1               1.0     0.0        0
GREATEST
 24 HR. TOTAL    1.24   03/30 TO 03/31

SNOWFALL (INCHES)
RECORDS
 TOTAL           34.9   1967
 24 HR TOTAL     18.7   03/13/1993 TO 03/13/1993
TOTALS            0.5              11.3   -10.8      2.9
SINCE 7/1        48.5              47.0     1.5     31.4
DAYS >= TRACE       6              16.5   -10.5        5
DAYS >= 1.0         0               3.2    -3.2        1
GREATEST
 24 HR TOTAL      0.5   03/30 TO 03/30

DEGREE_DAYS
HEATING TOTAL    1183              1586    -403     1401
 SINCE 7/1       5758              6181    -423     6076
COOLING TOTAL      92                42      50       52
 SINCE 1/1         92                42      50       52

FREEZE DATES
RECORD
 EARLIEST     09/21/1956
 LATEST       05/25/1956
EARLIEST                        10/15
LATEST                          04/26
.................................................................

WIND (MPH)
AVERAGE WIND SPEED              6.3
RESULTANT WIND SPEED/DIRECTION   2/326
HIGHEST WIND SPEED/DIRECTION    38/240    DATE  04/08
HIGHEST GUST SPEED/DIRECTION    52/250    DATE  04/08

SKY COVER
POSSIBLE SUNSHINE (PERCENT)   MM

NUMBER OF DAYS FAIR           52
NUMBER OF DAYS PC             16
NUMBER OF DAYS CLOUDY         24

AVERAGE RH (PERCENT)     62

WEATHER CONDITIONS. NUMBER OF DAYS WITH
THUNDERSTORM              2     MIXED PRECIP               0
HEAVY RAIN                6     RAIN                      17
LIGHT RAIN               37     FREEZING RAIN              0
LT FREEZING RAIN          2     HAIL                       0
HEAVY SNOW                0     SNOW                       1
LIGHT SNOW                4     SLEET                      0
FOG                      38     FOG W/VIS <= 1/4 MILE      1
HAZE                     19

-  INDICATES NEGATIVE NUMBERS.
R  INDICATES RECORD WAS SET OR TIED.
MM INDICATES DATA IS MISSING.
T  INDICATES TRACE AMOUNT.

&&
TIED WITH 1991 FOR SECOND WARMEST MARCH TO MAY PERIOD  WARMEST 53.8 IN 1921
FOURTH LOWEST SNOWFALL  RECORD 0 INCHES IN 1945 AND 1903
$$

TAC
