532
CXUS51 KBGM 020350
CLSAVP


CLIMATE REPORT
NATIONAL WEATHER SERVICE BINGHAMTON NY
1034 PM EST TUE MAR 1 2016

...................................

...THE AVOCA PA CLIMATE SUMMARY FOR THE SEASON, FROM
12/1/2015 TO 2/29/2016...

CLIMATE NORMAL PERIOD 1981 TO 2010
CLIMATE RECORD PERIOD 1901 TO 2016

WEATHER         OBSERVED          NORMAL  DEPART  LAST YEAR`S
                 VALUE   DATE(S)  VALUE   FROM    VALUE  DATE(S)
                                          NORMAL
................................................................
TEMPERATURE (F)
RECORD
 HIGH              71   12/01/2006
                        02/24/1985
 LOW              -21   01/21/1994
HIGHEST            68   12/24        34      34       61  12/25
LOWEST             -6   02/14        20     -26       -9  02/24
AVG. MAXIMUM     42.9              35.8     7.1     33.0
AVG. MINIMUM     27.3              21.0     6.3     18.0
MEAN             35.1              28.4     6.7     25.5
DAYS MAX >= 90      0               0.0     0.0        0
DAYS MAX <= 32     20              32.2   -12.2       40
DAYS MIN <= 32     59              76.6   -17.6       77
DAYS MIN <= 0       1               2.9    -1.9        8

PRECIPITATION (INCHES)
RECORD
 MAXIMUM        12.47   2008
 MINIMUM         2.78   1979
TOTALS           8.35              7.08    1.27     5.78
DAILY AVG.       0.09              0.08    0.01     0.06
DAYS >= .01        31              34.5    -3.5       40
DAYS >= .10        20              16.7     3.3       17
DAYS >= .50         3               4.0    -1.0        2
DAYS >= 1.00        3               1.0     2.0        0
GREATEST
 24 HR. TOTAL    1.59   02/15 TO 02/16           12/05 TO 12/06

SNOWFALL (INCHES)
RECORDS
 TOTAL           64.5   1993
 24 HR TOTAL     18.3   01/13/1964 TO 01/13/1964
TOTALS           11.5              30.9   -19.4     33.5
SINCE 7/1        11.5              33.9   -22.4     42.4
DAYS >= TRACE      33              24.1     8.9       51
DAYS >= 1.0         5               8.7    -3.7       12
GREATEST
 24 HR TOTAL      2.5   02/10 TO 02/10           01/24 TO 01/24

DEGREE_DAYS
HEATING TOTAL    2662              3293    -631     3507
 SINCE 7/1       3570              4639   -1069     4697
COOLING TOTAL       0                 0       0        0
 SINCE 1/1          0                 0       0        0

FREEZE DATES
RECORD
 EARLIEST     09/21/1956
 LATEST       05/25/1956
EARLIEST                        10/15
LATEST                          04/26
.....................................................

WIND (MPH)
AVERAGE WIND SPEED              7.0
RESULTANT WIND SPEED/DIRECTION   2/277
HIGHEST WIND SPEED/DIRECTION    35/250    DATE  02/25
HIGHEST GUST SPEED/DIRECTION    47/250    DATE  02/25

SKY COVER
POSSIBLE SUNSHINE (PERCENT)   MM
AVERAGE SKY COVER           0.60
NUMBER OF DAYS FAIR           22
NUMBER OF DAYS PC             32
NUMBER OF DAYS CLOUDY         37

AVERAGE RH (PERCENT)     67

WEATHER CONDITIONS. NUMBER OF DAYS WITH
THUNDERSTORM              0     MIXED PRECIP               0
HEAVY RAIN                5     RAIN                      12
LIGHT RAIN               30     FREEZING RAIN              2
LT FREEZING RAIN          4     HAIL                       0
HEAVY SNOW                4     SNOW                       5
LIGHT SNOW               27     SLEET                      1
FOG                      39     FOG W/VIS <= 1/4 MILE      8
HAZE                     36

-  INDICATES NEGATIVE NUMBERS.
R  INDICATES RECORD WAS SET OR TIED.
MM INDICATES DATA IS MISSING.
T  INDICATES TRACE AMOUNT.

&&

2ND WARMEST DECEMBER TO FEBRUARY

$$
