000
CXUS51 KBGM 011917
CLSAVP


CLIMATE REPORT
NATIONAL WEATHER SERVICE BINGHAMTON NY
302 PM EDT FRI JUN 1 2012

...................................

...THE AVOCA PA CLIMATE SUMMARY FOR THE SEASON, FROM
3/1/2012 TO 5/31/2012...

CLIMATE NORMAL PERIOD 1981 TO 2010
CLIMATE RECORD PERIOD 1901 TO 2012

WEATHER         OBSERVED          NORMAL  DEPART  LAST YEAR`S
                 VALUE   DATE(S)  VALUE   FROM    VALUE  DATE(S)
                                          NORMAL
................................................................
TEMPERATURE (F)
RECORD
 HIGH              97   05/30/1895
 LOW               -4   03/19/1967
HIGHEST            90   05/29        58      32       91  05/31
                        05/28
LOWEST             20   03/06        38     -18       13  03/03
AVG. MAXIMUM     64.7              58.3     6.4     58.9
AVG. MINIMUM     43.4              37.8     5.6     40.3
MEAN             54.1              48.1     6.0     49.6
DAYS MAX >= 90      2               0.3     1.7        1
DAYS MAX <= 32      0               2.9    -2.9        3
DAYS MIN <= 32     19              28.6    -9.6       28
DAYS MIN <= 0       0               0.0     0.0        0

PRECIPITATION (INCHES)
RECORD
 MAXIMUM        16.12   1983
 MINIMUM         4.89   1995
TOTALS          10.55              9.40    1.15    16.05
DAILY AVG.       0.11              0.10    0.01     0.18
DAYS >= .01        35              37.3    -2.3       48
DAYS >= .10        18              21.6    -3.6       30
DAYS >= .50         6               5.9     0.1        8
DAYS >= 1.00        3               1.7     1.3        6
GREATEST
 24 HR. TOTAL    2.56   05/14 TO 05/15           04/06 TO 04/07

SNOWFALL (INCHES)
RECORDS
 TOTAL           34.9   1967
 24 HR TOTAL     18.7   03/13/1993 TO 03/13/1993
TOTALS            0.3              12.3   -12.0     15.6
SINCE 7/1        18.5              46.2   -27.7     55.1
DAYS >= TRACE       7               6.7     0.3       15
DAYS >= 1.0         0               2.9    -2.9        2
GREATEST
 24 HR TOTAL      0.3   03/04 TO 03/04           03/23 TO 03/23

DEGREE_DAYS
HEATING TOTAL    1070              1595    -525     1470
 SINCE 7/1       4919              6201   -1282     6158
COOLING TOTAL      94                37      57       79
 SINCE 1/1         94                37      57       79

FREEZE DATES
RECORD
 EARLIEST     09/21/1956
 LATEST       05/25/1956
EARLIEST                        10/15
LATEST                          04/26
....................................................

WIND (MPH)
AVERAGE WIND SPEED              6.2
RESULTANT WIND SPEED/DIRECTION   2/306
HIGHEST WIND SPEED/DIRECTION    33/260    DATE  03/03
HIGHEST GUST SPEED/DIRECTION    45/290    DATE  04/09

SKY COVER
POSSIBLE SUNSHINE (PERCENT)   MM
AVERAGE SKY COVER           0.50
NUMBER OF DAYS FAIR           36
NUMBER OF DAYS PC             30
NUMBER OF DAYS CLOUDY         25

AVERAGE RH (PERCENT)     61

WEATHER CONDITIONS. NUMBER OF DAYS WITH
THUNDERSTORM              0     MIXED PRECIP               0
HEAVY RAIN               11     RAIN                      20
LIGHT RAIN               43     FREEZING RAIN              0
LT FREEZING RAIN          0     HAIL                       0
HEAVY SNOW                0     SNOW                       0
LIGHT SNOW                4     SLEET                      0
FOG                      43     FOG W/VIS <= 1/4 MILE      3
HAZE                     20

-  INDICATES NEGATIVE NUMBERS.
R  INDICATES RECORD WAS SET OR TIED.
MM INDICATES DATA IS MISSING.
T  INDICATES TRACE AMOUNT.

&&
WARMEST MARCH TO MAY EVER.  OLD RECORD 53.8 IN 1921

$$

TAC
