000
CXUS51 KBGM 010723
CLSAVP
CLIMATE REPORT
NATIONAL WEATHER SERVICE BINGHAMTON, NY
323 AM EDT WED JUN 01 2022
...................................
...THE AVOCA PA CLIMATE SUMMARY FOR THE SEASON, FROM
3/1/2022 TO 5/31/2022...
CLIMATE NORMAL PERIOD 1991 TO 2020
CLIMATE RECORD PERIOD 1901 TO 2022
WEATHER OBSERVED NORMAL DEPART LAST YEAR`S
VALUE DATE(S) VALUE FROM VALUE DATE(S)
NORMAL
................................................................
TEMPERATURE (F)
RECORD
HIGH 97 05/30/1895
LOW -4 03/19/1967
HIGHEST 92 05/31 58 34 91 05/26
LOWEST 17 03/13 38 -21 14 03/08
AVG. MAXIMUM 61.6 60.3 1.3 62.4
AVG. MINIMUM 41.2 39.3 1.9 40.0
MEAN 51.4 49.8 1.6 51.2
DAYS MAX >= 90 2 0.8 1.2 MM
DAYS MAX <= 32 2 3.1 -1.1 MM
DAYS MIN <= 32 18 28.9 -10.9 MM
DAYS MIN <= 0 0 0.1 -0.1 MM
PRECIPITATION (INCHES)
RECORD
MAXIMUM 16.12 1983
MINIMUM 4.89 1995
TOTALS 13.15 9.29 3.86 8.89
DAILY AVG. 0.15 0.10 0.05 0.10
DAYS >= .01 40 36.9 3.1 MM
DAYS >= .10 25 21.7 3.3 MM
DAYS >= .50 10 5.6 4.4 MM
DAYS >= 1.00 2 1.6 0.4 MM
GREATEST
24 HR. TOTAL 2.14 1.16 03/18 TO 03/18
STORM TOTAL 2.14 1.16
(MM/DD(HH)) MM
SNOWFALL (INCHES)
RECORDS
TOTAL 34.9 1967
24 HR TOTAL 22.1 03/14/2017 TO 03/14/2017
TOTALS 11.4 10.9 0.5 0.3
SINCE 7/1 26.8 45.1 -18.3 MM
DAYS >= TRACE 16 5.8 10.2 MM
DAYS >= 1.0 3 2.6 0.4 MM
GREATEST
24 HR TOTAL 7.0 0MM12 TO 03/12 0.3
STORM TOTAL 7.0 0.3
(MM/DD(HH)) MM
DEGREE DAYS
HEATING TOTAL 1258 1459 -201 1311
SINCE 7/1 5162 5708 -546 MM
COOLING TOTAL 79 59 20 67
SINCE 1/1 79 58 21 MM
FREEZE DATES
RECORD
EARLIEST 09/21/1956
LATEST 05/25/1956
EARLIEST 11/03
LATEST 04/22
................................................................
WIND (MPH)
AVERAGE WIND SPEED 7.2
RESULTANT WIND SPEED/DIRECTION 2/300
HIGHEST WIND SPEED/DIRECTION 32/340 DATE 04/14
HIGHEST GUST SPEED/DIRECTION 40/260 DATE 05/16
SKY COVER
POSSIBLE SUNSHINE (PERCENT) MM
AVERAGE SKY COVER 0.51
NUMBER OF DAYS FAIR 34
NUMBER OF DAYS PC 28
NUMBER OF DAYS CLOUDY 28
AVERAGE RH (PERCENT) 60
WEATHER CONDITIONS. NUMBER OF DAYS WITH
THUNDERSTORM 8 MIXED PRECIP 0
HEAVY RAIN 15 RAIN 21
LIGHT RAIN 49 FREEZING RAIN 0
LT FREEZING RAIN 0 HAIL 0
HEAVY SNOW 2 SNOW 3
LIGHT SNOW 16 SLEET 0
FOG 41 FOG W/VIS <= 1/4 MILE 7
HAZE 28
- INDICATES NEGATIVE NUMBERS.
R INDICATES RECORD WAS SET OR TIED.
MM INDICATES DATA IS MISSING.
T INDICATES TRACE AMOUNT.
$$