000
CXUS51 KBGM 011808
CLSAVP
CLIMATE REPORT
NATIONAL WEATHER SERVICE BINGHAMTON, NY
108 PM EST WED DEC 01 2021
...................................
...THE AVOCA PA CLIMATE SUMMARY FOR THE SEASON, FROM
9/1/2021 TO 11/30/2021...
CLIMATE NORMAL PERIOD 1991 TO 2020
CLIMATE RECORD PERIOD 1901 TO 2021
WEATHER OBSERVED NORMAL DEPART LAST YEAR`S
VALUE DATE(S) VALUE FROM VALUE DATE(S)
NORMAL
................................................................
TEMPERATURE (F)
RECORD
HIGH 95 09/08/2015
09/11/2013
09/10/1983
LOW 5 11/23/2018
HIGHEST 86 09/15 61 25 86 09/08
09/09
LOWEST 22 11/24 43 -21 21 11/19
AVG. MAXIMUM 64.3 63.1 1.2 65.7
AVG. MINIMUM 46.1 43.8 2.3 45.7
MEAN 55.2 53.5 1.7 55.7
DAYS MAX >= 90 0 1.0 -1.0 0
DAYS MAX <= 32 0 1.0 -1.0 0
DAYS MIN <= 32 19 18.3 0.7 8
DAYS MIN <= 0 0 0.0 0.0 0
PRECIPITATION (INCHES)
RECORD
MAXIMUM 18.92 2018
MINIMUM 3.81 1964
TOTALS 17.12 10.71 6.41 8.86
DAILY AVG. 0.19 0.12 0.07 0.10
DAYS >= .01 34 31.0 3.0 28
DAYS >= .10 22 17.9 4.1 17
DAYS >= .50 10 6.4 3.6 7
DAYS >= 1.00 5 3.0 2.0 1
GREATEST
24 HR. TOTAL 5.09 09/01 TO 09/01 1.99 10/29 TO 10/30
SNOWFALL (INCHES)
RECORDS
TOTAL 22.5 1971
24 HR TOTAL 18.5 11/25/1971 TO 11/25/1971
TOTALS 2.4 3.9 -1.5 0.5
SINCE 7/1 2.4 3.9 -1.5 0.5
DAYS >= TRACE 10 2.0 8.0 3
DAYS >= 1.0 1 1.0 0.0 0
GREATEST
24 HR TOTAL 1.5 11/28 TO 11/28 0.3 11/02 TO 11/02
DEGREE DAYS
HEATING TOTAL 964 1138 -174 925
SINCE 7/1 967 1149 -182 925
COOLING TOTAL 98 91 7 102
SINCE 1/1 936 790 146 1058
FREEZE DATES
RECORD
EARLIEST 09/21/1956
LATEST 05/25/1956
EARLIEST 11/03
LATEST 04/22
................................................................
WIND (MPH)
AVERAGE WIND SPEED 4.9
RESULTANT WIND SPEED/DIRECTION 1/250
HIGHEST WIND SPEED/DIRECTION 30/230 DATE 10/16
HIGHEST GUST SPEED/DIRECTION 42/230 DATE 10/16
SKY COVER
POSSIBLE SUNSHINE (PERCENT) MM
AVERAGE SKY COVER 0.51
NUMBER OF DAYS FAIR 27
NUMBER OF DAYS PC 31
NUMBER OF DAYS CLOUDY 24
AVERAGE RH (PERCENT) 73
WEATHER CONDITIONS. NUMBER OF DAYS WITH
THUNDERSTORM 5 MIXED PRECIP 0
HEAVY RAIN 15 RAIN 18
LIGHT RAIN 36 FREEZING RAIN 0
LT FREEZING RAIN 0 HAIL 0
HEAVY SNOW 1 SNOW 1
LIGHT SNOW 10 SLEET 0
FOG 44 FOG W/VIS <= 1/4 MILE 8
HAZE 9
- INDICATES NEGATIVE NUMBERS.
R INDICATES RECORD WAS SET OR TIED.
MM INDICATES DATA IS MISSING.
T INDICATES TRACE AMOUNT.
&&
4TH GREATEST PRECIPITATION SEPTEMBER TO NOVEMBER
7TH WARMEST SEPTEMBER TO NOVEMBER
$$
TAC