000
CXUS51 KBGM 010954
CLSAVP


CLIMATE REPORT
NATIONAL WEATHER SERVICE BINGHAMTON NY
439 AM EST FRI MAR 1 2013

...................................

...THE AVOCA PA CLIMATE SUMMARY FOR THE SEASON, FROM
12/1/2012 TO 2/28/2013...

CLIMATE NORMAL PERIOD 1981 TO 2010
CLIMATE RECORD PERIOD 1901 TO 2013

WEATHER         OBSERVED          NORMAL  DEPART  LAST YEAR`S
                 VALUE   DATE(S)  VALUE   FROM    VALUE  DATE(S)
                                          NORMAL
................................................................
TEMPERATURE (F)
RECORD
 HIGH              71   12/01/2006
                        02/24/1985
 LOW              -21   01/21/1994
HIGHEST            63   01/30        34      29       62  12/05
                        12/04
LOWEST              0   01/24        20     -20        5  01/22
                                                          01/04
AVG. MAXIMUM     37.9              35.8     2.1     41.6
AVG. MINIMUM     24.9              21.0     3.9     26.4
MEAN             31.4              28.4     3.0     34.0
DAYS MAX >= 90      0               0.0     0.0        0
DAYS MAX <= 32     25              32.2    -7.2       12
DAYS MIN <= 32     73              76.6    -3.6       72
DAYS MIN <= 0       1               2.9    -1.9        0

PRECIPITATION (INCHES)
RECORD
 MAXIMUM        12.47   2008
 MINIMUM         2.78   1979
TOTALS           7.25              7.08    0.17     6.04
DAILY AVG.       0.08              0.08    0.00     0.07
DAYS >= .01        43              34.5     8.5       31
DAYS >= .10        20              16.7     3.3       17
DAYS >= .50         1               4.0    -3.0        2
DAYS >= 1.00        1               1.0     0.0        1
GREATEST
 24 HR. TOTAL    1.53   12/20 TO 12/21

SNOWFALL (INCHES)
RECORDS
 TOTAL           64.5   1993
 24 HR TOTAL     18.3   01/13/1964 TO 01/13/1964
TOTALS           24.9              30.9    -6.0      9.1
SINCE 7/1        26.9              33.9    -7.0     18.2
DAYS >= TRACE      46              24.1    21.9       38
DAYS >= 1.0         8               8.7    -0.7        3
GREATEST
 24 HR TOTAL      5.3   12/29 TO 12/29

DEGREE_DAYS
HEATING TOTAL    2997              3293    -296     2801
 SINCE 7/1       4224              4606    -382     3849
COOLING TOTAL       0                 0       0        0
 SINCE 1/1          0                 0       0        0

FREEZE DATES
RECORD
 EARLIEST     09/21/1956
 LATEST       05/25/1956
EARLIEST                        10/15
LATEST                          04/26
..................................................

WIND (MPH)
AVERAGE WIND SPEED              6.6
RESULTANT WIND SPEED/DIRECTION   3/280
HIGHEST WIND SPEED/DIRECTION    35/260    DATE  01/31
HIGHEST GUST SPEED/DIRECTION    47/140    DATE  12/21

SKY COVER
POSSIBLE SUNSHINE (PERCENT)   MM
AVERAGE SKY COVER           0.70
NUMBER OF DAYS FAIR           15
NUMBER OF DAYS PC             33
NUMBER OF DAYS CLOUDY         42

AVERAGE RH (PERCENT)     71

WEATHER CONDITIONS. NUMBER OF DAYS WITH
THUNDERSTORM              0     MIXED PRECIP               0
HEAVY RAIN                7     RAIN                      14
LIGHT RAIN               28     FREEZING RAIN              2
LT FREEZING RAIN          3     HAIL                       0
HEAVY SNOW                2     SNOW                       8
LIGHT SNOW               32     SLEET                      1
FOG                      56     FOG W/VIS <= 1/4 MILE      8
HAZE                     33

-  INDICATES NEGATIVE NUMBERS.
R  INDICATES RECORD WAS SET OR TIED.
MM INDICATES DATA IS MISSING.
T  INDICATES TRACE AMOUNT.

$$

TAC
