000
CXUS51 KBGM 061654 CCA
CLSAVP

CLIMATE REPORT
NATIONAL WEATHER SERVICE BINGHAMTON NY
1246 PM EDT TUE SEP 6 2011

...................................

...THE AVOCA PA CLIMATE SUMMARY FOR THE SEASON, FROM
6/1/2011 TO 8/31/2011...

CLIMATE NORMAL PERIOD 1981 TO 2010
CLIMATE RECORD PERIOD 1901 TO 2011

WEATHER         OBSERVED          NORMAL  DEPART  LAST YEAR`S
                 VALUE   DATE(S)  VALUE   FROM    VALUE  DATE(S)
                                          NORMAL
................................................................
TEMPERATURE (F)
RECORD
 HIGH             101   07/16/1988
                        07/03/1966
 LOW               34   06/11/1972
HIGHEST            98   07/22        80      18       96  07/08
                                                          07/05
                                                          07/06
LOWEST             46   06/04        59     -13       45  06/08
AVG. MAXIMUM     81.2              79.8     1.4     83.0
AVG. MINIMUM     60.7              59.0     1.7     61.2
MEAN             70.9              69.4     1.5     72.1
DAYS MAX >= 90      7               5.5     1.5       16
DAYS MAX <= 32      0               0.0     0.0        0
DAYS MIN <= 32      0               0.0     0.0        0
DAYS MIN <= 0       0               0.0     0.0        0

PRECIPITATION (INCHES)
RECORD
 MAXIMUM        17.96   1986
 MINIMUM         5.56   1995
TOTALS          17.34             11.23    6.11     7.34
DAILY AVG.       0.19              0.12    0.07     0.08
DAYS >= .01        36              35.3     0.7       27
DAYS >= .10        23              22.2     0.8       17
DAYS >= .50         9               7.2     1.8        4
DAYS >= 1.00        5               2.2     2.8        0
GREATEST
 24 HR. TOTAL    3.72   08/27 TO 08/28           06/13 TO 06/13
                                                          06/13 TO 06/13
                                                          06/13 TO 06/13
 STORM TOTAL       MM                                 MM
 (MM/DD(HH))            MM                    06/13(00) TO 06/13(00)
                                                 06/13(00) TO 06/13(00)3
                                                 06/13(00) TO 06/13(00)3

SNOWFALL (INCHES)
RECORDS
 TOTAL            0.0   MM
 24 HR TOTAL      0.0   MM
TOTALS            0.0               0.0     0.0      0.0
SINCE 7/1         0.0               0.0     0.0      0.0
DAYS >= TRACE       0               0.0     0.0        0
DAYS >= 1.0         0               0.0     0.0        0
GREATEST
 24 HR TOTAL      0.0   MM                       06/13 TO 06/13
                                                          06/13 TO 06/13
                                                          06/13 TO 06/13
 STORM TOTAL       MM                                 MM
 (MM/DD(HH))            MM                    06/13(00) TO 06/13(00)
                                                 06/13(00) TO 06/13(00)3
                                                 06/13(00) TO 06/13(00)3

DEGREE_DAYS
HEATING TOTAL      35                80     -45       42
 SINCE 7/1          8                26     -18       10
COOLING TOTAL     610               487     123      720
 SINCE 1/1        689               524     165      812

FREEZE DATES
RECORD
 EARLIEST     09/21/1956
 LATEST       05/25/1956
EARLIEST                        10/15
LATEST                          04/26
....................................................

WIND (MPH)
AVERAGE WIND SPEED              4.4
RESULTANT WIND SPEED/DIRECTION   1/267
HIGHEST WIND SPEED/DIRECTION    39/350    DATE  08/28
HIGHEST GUST SPEED/DIRECTION    55/350    DATE  08/28

SKY COVER
POSSIBLE SUNSHINE (PERCENT)   MM
AVERAGE SKY COVER           0.30
NUMBER OF DAYS FAIR           58
NUMBER OF DAYS PC             23
NUMBER OF DAYS CLOUDY         11

AVERAGE RH (PERCENT)     71

WEATHER CONDITIONS. NUMBER OF DAYS WITH
THUNDERSTORM              0     MIXED PRECIP               0
HEAVY RAIN               23     RAIN                      26
LIGHT RAIN               38     FREEZING RAIN              0
LT FREEZING RAIN          0     HAIL                       1
HEAVY SNOW                0     SNOW                       0
LIGHT SNOW                0     SLEET                      0
FOG                      71     FOG W/VIS <= 1/4 MILE     11
HAZE                     58

-  INDICATES NEGATIVE NUMBERS.
R  INDICATES RECORD WAS SET OR TIED.
MM INDICATES DATA IS MISSING.
T  INDICATES TRACE AMOUNT.

$$
