566
CXUS51 KBGM 010939
CLSAVP


CLIMATE REPORT
NATIONAL WEATHER SERVICE BINGHAMTON NY
527 AM EDT FRI SEP 1 2017

...................................

...THE AVOCA PA CLIMATE SUMMARY FOR THE SEASON, FROM
6/1/2017 TO 8/31/2017...

CLIMATE NORMAL PERIOD 1981 TO 2010
CLIMATE RECORD PERIOD 1901 TO 2017

WEATHER         OBSERVED          NORMAL  DEPART  LAST YEAR`S
                 VALUE   DATE(S)  VALUE   FROM    VALUE  DATE(S)
                                          NORMAL
................................................................
TEMPERATURE (F)
RECORD
 HIGH             101   07/16/1988
                        07/03/1966
 LOW               34   06/11/1972
HIGHEST            90   07/20        80      10       97  07/23
                        07/19
                        06/13
LOWEST             45   06/04        59     -14       46  06/09
AVG. MAXIMUM     80.6              79.8     0.8     84.3
AVG. MINIMUM     60.3              59.0     1.3     61.8
MEAN             70.4              69.4     1.0     73.1
DAYS MAX >= 90      4               5.5    -1.5       19
DAYS MAX <= 32      0               0.0     0.0        0
DAYS MIN <= 32      0               0.0     0.0        0
DAYS MIN <= 0       0               0.0     0.0        0

PRECIPITATION (INCHES)
RECORD
 MAXIMUM        17.96   1986
 MINIMUM         5.56   1995
TOTALS          11.79             11.23    0.56     8.74
DAILY AVG.       0.13              0.12    0.01     0.09
DAYS >= .01        35              35.3    -0.3       33
DAYS >= .10        25              22.2     2.8       20
DAYS >= .50         6               7.2    -1.2        4
DAYS >= 1.00        2               2.2    -0.2        1
GREATEST
 24 HR. TOTAL    2.14   07/23 TO 07/24

SNOWFALL (INCHES)
RECORDS
 TOTAL            0.0   MM
 24 HR TOTAL      0.0   MM
TOTALS            0.0               0.0     0.0      0.0
SINCE 7/1         0.0               0.0     0.0      0.0
DAYS >= TRACE       0               0.0     0.0        0
DAYS >= 1.0         0               0.0     0.0        0
GREATEST
 24 HR TOTAL      0.0   MM

DEGREE_DAYS
HEATING TOTAL      60                80     -20       25
 SINCE 7/1         17                26      -9        1
COOLING TOTAL     587               487     100      795
 SINCE 1/1        639               524     115      867

FREEZE DATES
RECORD
 EARLIEST     09/21/1956
 LATEST       05/25/1956
EARLIEST                        10/15
LATEST                          04/26
..................................................

WIND (MPH)
AVERAGE WIND SPEED              5.1
RESULTANT WIND SPEED/DIRECTION   1/226
HIGHEST WIND SPEED/DIRECTION    29/330    DATE  08/19
HIGHEST GUST SPEED/DIRECTION    39/330    DATE  08/19

SKY COVER
POSSIBLE SUNSHINE (PERCENT)   MM
AVERAGE SKY COVER           0.40
NUMBER OF DAYS FAIR           41
NUMBER OF DAYS PC             39
NUMBER OF DAYS CLOUDY         10

AVERAGE RH (PERCENT)     72

WEATHER CONDITIONS. NUMBER OF DAYS WITH
THUNDERSTORM             23     MIXED PRECIP               0
HEAVY RAIN               20     RAIN                      24
LIGHT RAIN               43     FREEZING RAIN              0
LT FREEZING RAIN          0     HAIL                       0
HEAVY SNOW                0     SNOW                       0
LIGHT SNOW                0     SLEET                      0
FOG                      60     FOG W/VIS <= 1/4 MILE      6
HAZE                     17

-  INDICATES NEGATIVE NUMBERS.
R  INDICATES RECORD WAS SET OR TIED.
MM INDICATES DATA IS MISSING.
T  INDICATES TRACE AMOUNT.

&&
PRECIPITATION MISSING IN AUGUST ON DAYS 2,4,5,7
$$

TAC
