000
CXUS51 KBGM 010939
CLSAVP


CLIMATE REPORT
NATIONAL WEATHER SERVICE BINGHAMTON NY
522 AM EDT SUN JUN 1 2014

...................................

...THE AVOCA PA CLIMATE SUMMARY FOR THE SEASON, FROM
3/1/2014 TO 5/31/2014...

CLIMATE NORMAL PERIOD 1981 TO 2010
CLIMATE RECORD PERIOD 1901 TO 2014

WEATHER         OBSERVED          NORMAL  DEPART  LAST YEAR`S
                 VALUE   DATE(S)  VALUE   FROM    VALUE  DATE(S)
                                          NORMAL
................................................................
TEMPERATURE (F)
RECORD
 HIGH              97   05/30/1895
 LOW               -4   03/19/1967
HIGHEST            83   05/26        58      25       90  05/31
                        05/12                             05/22
LOWEST              0   03/04        38     -38       19  03/21
                                                          03/18
AVG. MAXIMUM     57.5              58.3    -0.8     58.0
AVG. MINIMUM     36.2              37.8    -1.6     38.4
MEAN             46.8              48.1    -1.3     48.2
DAYS MAX >= 90      0               0.3    -0.3        2
DAYS MAX <= 32      9               2.9     6.1        3
DAYS MIN <= 32     35              28.6     6.4       36
DAYS MIN <= 0       1               0.0     1.0        0

PRECIPITATION (INCHES)
RECORD
 MAXIMUM        16.12   1983
 MINIMUM         4.89   1995
TOTALS           7.83              9.40   -1.57     6.44
DAILY AVG.       0.09              0.10   -0.01     0.07
DAYS >= .01        26              37.3   -11.3       30
DAYS >= .10        17              21.6    -4.6       21
DAYS >= .50         4               5.9    -1.9        4
DAYS >= 1.00        2               1.7     0.3        0
GREATEST
 24 HR. TOTAL    1.82   05/16 TO 05/16

SNOWFALL (INCHES)
RECORDS
 TOTAL           34.9   1967
 24 HR TOTAL     18.7   03/13/1993 TO 03/13/1993
TOTALS            3.1              12.3    -9.2      6.5
SINCE 7/1        58.9              46.2    12.7     33.4
DAYS >= TRACE      15               6.7     8.3       24
DAYS >= 1.0         1               2.9    -1.9        2
GREATEST
 24 HR TOTAL      2.2   03/30 TO 03/31

DEGREE_DAYS
HEATING TOTAL    1688              1595      93     1585
 SINCE 7/1       6511              6201     310     5809
COOLING TOTAL      41                37       4       64
 SINCE 1/1         41                37       4       64

FREEZE DATES
RECORD
 EARLIEST     09/21/1956
 LATEST       05/25/1956
EARLIEST                        10/15
LATEST                          04/26
.........................................................

WIND (MPH)
AVERAGE WIND SPEED              8.4
RESULTANT WIND SPEED/DIRECTION   3/280
HIGHEST WIND SPEED/DIRECTION    33/320    DATE  05/04
HIGHEST GUST SPEED/DIRECTION    45/310    DATE  05/04

SKY COVER
POSSIBLE SUNSHINE (PERCENT)   MM
AVERAGE SKY COVER           0.50
NUMBER OF DAYS FAIR           40
NUMBER OF DAYS PC             27
NUMBER OF DAYS CLOUDY         25

AVERAGE RH (PERCENT)     59

WEATHER CONDITIONS. NUMBER OF DAYS WITH
THUNDERSTORM              0     MIXED PRECIP               0
HEAVY RAIN                9     RAIN                      13
LIGHT RAIN               37     FREEZING RAIN              0
LT FREEZING RAIN          0     HAIL                       0
HEAVY SNOW                0     SNOW                       1
LIGHT SNOW               10     SLEET                      0
FOG                      35     FOG W/VIS <= 1/4 MILE      1
HAZE                     14

-  INDICATES NEGATIVE NUMBERS.
R  INDICATES RECORD WAS SET OR TIED.
MM INDICATES DATA IS MISSING.
T  INDICATES TRACE AMOUNT.

$$
