000
CXUS51 KBGM 032005
CLSAVP


CLIMATE REPORT
NATIONAL WEATHER SERVICE BINGHAMTON NY
252 PM EST THU MAR 3 2011

...................................

...THE AVOCA PA CLIMATE SUMMARY FOR THE SEASON, FROM
12/1/2010 TO 2/28/2011...

CLIMATE NORMAL PERIOD 1971 TO 2000
CLIMATE RECORD PERIOD 1901 TO 2011

WEATHER         OBSERVED          NORMAL  DEPART  LAST YEAR`S
                 VALUE   DATE(S)  VALUE   FROM    VALUE  DATE(S)
                                          NORMAL
................................................................
TEMPERATURE (F)
RECORD
 HIGH              71   12/01/2006
                        02/24/1985
 LOW              -21   01/21/1994
HIGHEST            63   02/18        34      29       60  01/25
LOWEST             -8   01/24        20     -28        2  01/31
AVG. MAXIMUM     33.3              34.0    -0.7     33.4
AVG. MINIMUM     18.5              20.0    -1.5     21.7
MEAN             25.9              27.6    -1.7     27.6
DAYS MAX >= 90      0               0.0     0.0        0
DAYS MAX <= 32     53              39.0    14.0       43
DAYS MIN <= 32     86              77.0     9.0       86
DAYS MIN <= 0       2               4.0    -2.0        0

PRECIPITATION (INCHES)
RECORD
 MAXIMUM        12.47   2008
 MINIMUM         2.78   1979
TOTALS           7.76              6.71    1.05     6.51
DAILY AVG.       0.09              0.08    0.01     0.07
DAYS >= .01        33              35.0    -2.0       35
DAYS >= .10        16              15.0     1.0       16
DAYS >= .50         5               4.0     1.0        3
DAYS >= 1.00        2               0.0     2.0        1
GREATEST
 24 HR. TOTAL    1.63   11/30 TO 12/01           01/24 TO 01/25

SNOWFALL (INCHES)
RECORDS
 TOTAL           64.5   1993
 24 HR TOTAL     18.3   01/13/1964 TO 01/13/1964
TOTALS           39.2              30.2     9.0     47.8
SINCE 7/1        39.5              35.4     4.1     48.0
DAYS >= TRACE      60              48.0    12.0       52
DAYS >= 1.0        15               8.7     6.3       14
GREATEST
 24 HR TOTAL      9.0   02/20 TO 02/21           02/25 TO 02/25

DEGREE_DAYS
HEATING TOTAL    3513              3288     225     3348
 SINCE 7/1       4688              4595      93     4575
COOLING TOTAL       0                 0       0        0
 SINCE 1/1          0                 0       0        0

FREEZE DATES
RECORD
 EARLIEST     09/21/1956
 LATEST       05/25/1956
EARLIEST                        10/15
LATEST                          04/26
.................................................................

WIND (MPH)
AVERAGE WIND SPEED              6.9
RESULTANT WIND SPEED/DIRECTION   4/300
HIGHEST WIND SPEED/DIRECTION    33/260    DATE  02/14
HIGHEST GUST SPEED/DIRECTION    48/220    DATE  12/01

SKY COVER
POSSIBLE SUNSHINE (PERCENT)   MM

NUMBER OF DAYS FAIR           25
NUMBER OF DAYS PC             35
NUMBER OF DAYS CLOUDY         30

AVERAGE RH (PERCENT)     67

WEATHER CONDITIONS. NUMBER OF DAYS WITH
THUNDERSTORM              1     MIXED PRECIP               0
HEAVY RAIN                3     RAIN                       8
LIGHT RAIN               11     FREEZING RAIN              4
LT FREEZING RAIN         11     HAIL                       0
HEAVY SNOW                3     SNOW                       9
LIGHT SNOW               55     SLEET                      0
FOG                      51     FOG W/VIS <= 1/4 MILE      8
HAZE                     28

-  INDICATES NEGATIVE NUMBERS.
R  INDICATES RECORD WAS SET OR TIED.
MM INDICATES DATA IS MISSING.
T  INDICATES TRACE AMOUNT.

$$

TAC
