000
CXUS51 KBGM 011934
CLSAVP


CLIMATE REPORT
NATIONAL WEATHER SERVICE BINGHAMTON NY
217 PM EST THU MAR 1 2012

...................................

...THE AVOCA PA CLIMATE SUMMARY FOR THE SEASON, FROM
12/1/2011 TO 2/29/2012...

CLIMATE NORMAL PERIOD 1981 TO 2010
CLIMATE RECORD PERIOD 1901 TO 2012

WEATHER         OBSERVED          NORMAL  DEPART  LAST YEAR`S
                 VALUE   DATE(S)  VALUE   FROM    VALUE  DATE(S)
                                          NORMAL
................................................................
TEMPERATURE (F)
RECORD
 HIGH              71   12/01/2006
                        02/24/1985
 LOW              -21   01/21/1994
HIGHEST            62   12/05        34      28       63  02/18
LOWEST              5   01/22        20     -15       -8  01/24
                        01/04
AVG. MAXIMUM     41.6              35.8     5.8     33.3
AVG. MINIMUM     26.4              21.0     5.4     18.5
MEAN             34.0              28.4     5.6     25.9
DAYS MAX >= 90      0               0.0     0.0        0
DAYS MAX <= 32     12              32.2   -20.2       53
DAYS MIN <= 32     72              76.6    -4.6       86
DAYS MIN <= 0       0               2.9    -2.9        2

PRECIPITATION (INCHES)
RECORD
 MAXIMUM        12.47   2008
 MINIMUM         2.78   1979
TOTALS           6.04              7.08   -1.04     7.76
DAILY AVG.       0.07              0.08   -0.01     0.09
DAYS >= .01        31              34.5    -3.5       33
DAYS >= .10        17              16.7     0.3       16
DAYS >= .50         2               4.0    -2.0        5
DAYS >= 1.00        1               1.0     0.0        2
GREATEST
 24 HR. TOTAL    1.37   12/07 TO 12/08           11/30 TO 12/01

SNOWFALL (INCHES)
RECORDS
 TOTAL           64.5   1993
 24 HR TOTAL     18.3   01/13/1964 TO 01/13/1964
TOTALS            9.1              30.9   -21.8     39.2
SINCE 7/1        18.2              33.9   -15.7     39.5
DAYS >= TRACE      38              24.1    13.9       60
DAYS >= 1.0         3               8.7    -5.7       15
GREATEST
 24 HR TOTAL      3.8   01/21 TO 01/21           02/20 TO 02/21

DEGREE_DAYS
HEATING TOTAL    2801              3293    -492     3513
 SINCE 7/1       3849              4639    -790     4688
COOLING TOTAL       0                 0       0        0
 SINCE 1/1          0                 0       0        0

FREEZE DATES
RECORD
 EARLIEST     09/21/1956
 LATEST       05/25/1956
EARLIEST                        10/15
LATEST                          04/26
..................................................

WIND (MPH)
AVERAGE WIND SPEED              6.5
RESULTANT WIND SPEED/DIRECTION   3/276
HIGHEST WIND SPEED/DIRECTION    35/260    DATE  02/25
HIGHEST GUST SPEED/DIRECTION    46/260    DATE  02/25

SKY COVER
POSSIBLE SUNSHINE (PERCENT)   MM
AVERAGE SKY COVER           0.60
NUMBER OF DAYS FAIR           25
NUMBER OF DAYS PC             34
NUMBER OF DAYS CLOUDY         32

AVERAGE RH (PERCENT)     68

WEATHER CONDITIONS. NUMBER OF DAYS WITH
THUNDERSTORM              0     MIXED PRECIP               0
HEAVY RAIN                3     RAIN                      13
LIGHT RAIN               26     FREEZING RAIN              0
LT FREEZING RAIN          0     HAIL                       0
HEAVY SNOW                0     SNOW                       4
LIGHT SNOW               29     SLEET                      0
FOG                      42     FOG W/VIS <= 1/4 MILE      4
HAZE                     17

-  INDICATES NEGATIVE NUMBERS.
R  INDICATES RECORD WAS SET OR TIED.
MM INDICATES DATA IS MISSING.
T  INDICATES TRACE AMOUNT.

&&
3RD WARMEST "WINTER"  WARMEST 36.1F 1931-1932
     SECOND 35.0F 2001-2002
8TH LOWEST "WINTER" SNOWFALL  LOWEST 3.4" 1943-1944

$$

TAC
