000
CXUS51 KBGM 031144
CLSAVP
CLIMATE REPORT
NATIONAL WEATHER SERVICE BINGHAMTON NY
624 AM EST TUE MAR 3 2020
...................................
...THE AVOCA PA CLIMATE SUMMARY FOR THE SEASON, FROM
12/1/2019 TO 2/29/2020...
CLIMATE NORMAL PERIOD 1981 TO 2010
CLIMATE RECORD PERIOD 1901 TO 2020
WEATHER OBSERVED NORMAL DEPART LAST YEAR`S
VALUE DATE(S) VALUE FROM VALUE DATE(S)
NORMAL
................................................................
TEMPERATURE (F)
RECORD
HIGH 76 02/21/2018
02/24/2017
02/24/2017
LOW -21 01/21/1994
HIGHEST 68 01/12 34 34 65 12/21
LOWEST 5 02/15 20 -15 -5 02/01
01/31
AVG. MAXIMUM 41.4 35.8 5.6 37.8
AVG. MINIMUM 27.0 21.0 6.0 23.3
MEAN 34.2 28.4 5.8 30.6
DAYS MAX >= 90 0 0.0 0.0 0
DAYS MAX <= 32 11 32.2 -21.2 25
DAYS MIN <= 32 63 76.6 -13.6 72
DAYS MIN <= 0 0 2.9 -2.9 5
PRECIPITATION (INCHES)
RECORD
MAXIMUM 12.47 2008
MINIMUM 2.78 1979
TOTALS 7.70 7.08 0.62 9.13
DAILY AVG. 0.09 0.08 0.01 0.10
DAYS >= .01 43 34.5 8.5 41
DAYS >= .10 21 16.7 4.3 23
DAYS >= .50 3 4.0 -1.0 7
DAYS >= 1.00 1 1.0 0.0 2
GREATEST
24 HR. TOTAL 1.25 01/25 TO 01/25
SNOWFALL (INCHES)
RECORDS
TOTAL 64.5 1993
24 HR TOTAL 18.3 01/13/1964 TO 01/13/1964
TOTALS 20.7 30.9 -10.2 15.4
SINCE 7/1 21.7 33.9 -12.2 26.7
DAYS >= TRACE 38 24.1 13.9 45
DAYS >= 1.0 10 8.7 1.3 5
GREATEST
24 HR TOTAL 4.0 12/02 TO 12/02
DEGREE_DAYS
HEATING TOTAL 2786 3293 -507 3072
SINCE 7/1 3892 4639 -747 4362
COOLING TOTAL 0 0 0 0
SINCE 1/1 0 0 0 0
FREEZE DATES
RECORD
EARLIEST 09/21/1956
LATEST 05/25/1956
EARLIEST 10/15
LATEST 04/26
.................................................................
WIND (MPH)
AVERAGE WIND SPEED 6.6
RESULTANT WIND SPEED/DIRECTION 3/279
HIGHEST WIND SPEED/DIRECTION 35/270 DATE 02/27
HIGHEST GUST SPEED/DIRECTION 47/310 DATE 01/16
SKY COVER
POSSIBLE SUNSHINE (PERCENT) MM
AVERAGE SKY COVER 0.60
NUMBER OF DAYS FAIR 24
NUMBER OF DAYS PC 26
NUMBER OF DAYS CLOUDY 41
AVERAGE RH (PERCENT) 66
WEATHER CONDITIONS. NUMBER OF DAYS WITH
THUNDERSTORM 0 MIXED PRECIP 0
HEAVY RAIN 5 RAIN 14
LIGHT RAIN 30 FREEZING RAIN 3
LT FREEZING RAIN 7 HAIL 0
HEAVY SNOW 3 SNOW 10
LIGHT SNOW 38 SLEET 0
FOG 50 FOG W/VIS <= 1/4 MILE 6
HAZE 28
- INDICATES NEGATIVE NUMBERS.
R INDICATES RECORD WAS SET OR TIED.
MM INDICATES DATA IS MISSING.
T INDICATES TRACE AMOUNT.
&&
5TH WARMEST DECEMBER TO FEBRUARY
$$
TAC