000
CXUS51 KBGM 061011
CLSAVP


CLIMATE REPORT
NATIONAL WEATHER SERVICE BINGHAMTON NY
502 AM EST FRI MAR 6 2015

...................................

...THE AVOCA PA CLIMATE SUMMARY FOR THE SEASON, FROM
12/1/2014 TO 2/28/2015...

CLIMATE NORMAL PERIOD 1981 TO 2010
CLIMATE RECORD PERIOD 1901 TO 2015

WEATHER         OBSERVED          NORMAL  DEPART  LAST YEAR`S
                 VALUE   DATE(S)  VALUE   FROM    VALUE  DATE(S)
                                          NORMAL
................................................................
TEMPERATURE (F)
RECORD
 HIGH              71   12/01/2006
                        02/24/1985
 LOW              -21   01/21/1994
HIGHEST            61   12/25        34      27       66  12/22
LOWEST             -9   02/24        20     -29       -6  02/12
AVG. MAXIMUM     33.0              35.8    -2.8     33.4
AVG. MINIMUM     18.0              21.0    -3.0     17.2
MEAN             25.5              28.4    -2.9     25.3
DAYS MAX >= 90      0               0.0     0.0        0
DAYS MAX <= 32     40              32.2     7.8       47
DAYS MIN <= 32     77              76.6     0.4       79
DAYS MIN <= 0       8               2.9     5.1        8

PRECIPITATION (INCHES)
RECORD
 MAXIMUM        12.47   2008
 MINIMUM         2.78   1979
TOTALS           5.78              7.08   -1.30     8.22
DAILY AVG.       0.06              0.08   -0.02     0.09
DAYS >= .01        40              34.5     5.5       41
DAYS >= .10        17              16.7     0.3       20
DAYS >= .50         2               4.0    -2.0        6
DAYS >= 1.00        0               1.0    -1.0        0
GREATEST
 24 HR. TOTAL    0.97   12/05 TO 12/06

SNOWFALL (INCHES)
RECORDS
 TOTAL           64.5   1993
 24 HR TOTAL     18.3   01/13/1964 TO 01/13/1964
TOTALS           33.5              30.9     2.6     53.1
SINCE 7/1        42.4              33.9     8.5     55.8
DAYS >= TRACE      51              24.1    26.9       53
DAYS >= 1.0        12               8.7     3.3       16
GREATEST
 24 HR TOTAL      5.5   01/24 TO 01/24

DEGREE_DAYS
HEATING TOTAL    3507              3293     214     3547
 SINCE 7/1       4697              4606      91     4823
COOLING TOTAL       0                 0       0        0
 SINCE 1/1          0                 0       0        0

FREEZE DATES
RECORD
 EARLIEST     09/21/1956
 LATEST       05/25/1956
EARLIEST                        10/15
LATEST                          04/26
....................................................

WIND (MPH)
AVERAGE WIND SPEED              7.3
RESULTANT WIND SPEED/DIRECTION   4/302
HIGHEST WIND SPEED/DIRECTION    33/270    DATE  01/04
HIGHEST GUST SPEED/DIRECTION    47/270    DATE  01/04

SKY COVER
POSSIBLE SUNSHINE (PERCENT)   MM
AVERAGE SKY COVER           0.70
NUMBER OF DAYS FAIR           22
NUMBER OF DAYS PC             27
NUMBER OF DAYS CLOUDY         41

AVERAGE RH (PERCENT)     64

WEATHER CONDITIONS. NUMBER OF DAYS WITH
THUNDERSTORM              0     MIXED PRECIP               0
HEAVY RAIN                2     RAIN                      10
LIGHT RAIN               21     FREEZING RAIN              2
LT FREEZING RAIN          3     HAIL                       0
HEAVY SNOW                4     SNOW                      12
LIGHT SNOW               52     SLEET                      0
FOG                      41     FOG W/VIS <= 1/4 MILE      3
HAZE                     43

-  INDICATES NEGATIVE NUMBERS.
R  INDICATES RECORD WAS SET OR TIED.
MM INDICATES DATA IS MISSING.
T  INDICATES TRACE AMOUNT.

$$
