000
CXUS51 KBGM 020320 CCA
CLSAVP
CLIMATE REPORT...CORRECTED
NATIONAL WEATHER SERVICE BINGHAMTON, NY
1020 PM EST THU DEC 01 2022
...................................
...THE AVOCA PA CLIMATE SUMMARY FOR THE SEASON, FROM
9/1/2022 TO 11/30/2022...
CLIMATE NORMAL PERIOD 1991 TO 2020
CLIMATE RECORD PERIOD 1901 TO 2022
WEATHER OBSERVED NORMAL DEPART LAST YEAR`S
VALUE DATE(S) VALUE FROM VALUE DATE(S)
NORMAL
................................................................
TEMPERATURE (F)
RECORD
HIGH 95 09/08/2015
09/11/2013
09/10/1983
LOW 5 11/23/2018
HIGHEST 83 09/04 61 22 86 09/15
09/09
09/18
LOWEST 20 11/21 43 -23 22 11/24
AVG. MAXIMUM 63.4 63.1 0.3 64.3
AVG. MINIMUM 44.5 43.8 0.7 46.1
MEAN 54.0 53.5 0.5 55.2
DAYS MAX >= 90 0 1.0 -1.0 0
DAYS MAX <= 32 1 1.0 0.0 0
DAYS MIN <= 32 15 18.3 -3.3 19
DAYS MIN <= 0 0 0.0 0.0 0
PRECIPITATION (INCHES)
RECORD
MAXIMUM 18.92 2018
MINIMUM 3.81 1964
TOTALS 8.55 10.71 -2.16 17.12
DAILY AVG. 0.13 0.12 0.01 0.19
DAYS >= .01 32 31.0 1.0 34
DAYS >= .10 22 17.9 4.1 22
DAYS >= .50 9 6.4 2.6 10
DAYS >= 1.00 3 3.0 0.0 5
GREATEST
24 HR. TOTAL 2.67 09/05 TO 09/06 5.09 09/01 TO 09/01
SNOWFALL (INCHES)
RECORDS
TOTAL 22.5 1971
24 HR TOTAL 18.5 11/25/1971 TO 11/25/1971
TOTALS 1.2 3.9 -2.7 2.4
SINCE 7/1 1.2 3.9 -2.7 MM
DAYS >= TRACE 4 2.0 2.0 10
DAYS >= 1.0 1 1.0 0.0 1
GREATEST
24 HR TOTAL 1.2 11/15 TO 11/15 1.5 11/28 TO 11/28
DEGREE DAYS
HEATING TOTAL 934 1138 -204 964
SINCE 7/1 414 1149 -735 967
COOLING TOTAL 93 91 2 98
SINCE 1/1 962 790 172 936
FREEZE DATES
RECORD
EARLIEST 09/21/1956
LATEST 05/25/1956
EARLIEST 10/18
LATEST 04/30
................................................................
WIND (MPH)
AVERAGE WIND SPEED 5.2
RESULTANT WIND SPEED/DIRECTION 1/260
HIGHEST WIND SPEED/DIRECTION 30/250 DATE 11/30
HIGHEST GUST SPEED/DIRECTION 43/320 DATE 09/22
SKY COVER
POSSIBLE SUNSHINE (PERCENT) MM
AVERAGE SKY COVER 0.41
NUMBER OF DAYS FAIR 40
NUMBER OF DAYS PC 28
NUMBER OF DAYS CLOUDY 18
AVERAGE RH (PERCENT) 69
WEATHER CONDITIONS. NUMBER OF DAYS WITH
THUNDERSTORM 5 MIXED PRECIP 0
HEAVY RAIN 16 RAIN 22
LIGHT RAIN 39 FREEZING RAIN 1
LT FREEZING RAIN 1 HAIL 0
HEAVY SNOW 1 SNOW 0
LIGHT SNOW 4 SLEET 0
FOG 37 FOG W/VIS <= 1/4 MILE 6
HAZE 3
- INDICATES NEGATIVE NUMBERS.
R INDICATES RECORD WAS SET OR TIED.
MM INDICATES DATA IS MISSING.
T INDICATES TRACE AMOUNT.
&&
COMMUNICATION PROBLEMS ON MULTIPLE DAY CAUSED MISSING DATA
IN BOTH OCTOBER AND NOVEMBER
SNOWFALL ONLY ELEMENT THAT IS COMPLETELY ACCOUNTED FOR
SINCE IT IS MANUALLY DONE
$$
TAC