000
CXUS51 KBGM 032240
CLSAVP


CLIMATE REPORT
NATIONAL WEATHER SERVICE BINGHAMTON NY
631 PM EDT SAT JUN 3 2017

...................................

...THE AVOCA PA CLIMATE SUMMARY FOR THE SEASON, FROM
3/1/2017 TO 5/31/2017...

CLIMATE NORMAL PERIOD 1981 TO 2010
CLIMATE RECORD PERIOD 1901 TO 2017

WEATHER         OBSERVED          NORMAL  DEPART  LAST YEAR`S
                 VALUE   DATE(S)  VALUE   FROM    VALUE  DATE(S)
                                          NORMAL
................................................................
TEMPERATURE (F)
RECORD
 HIGH              97   05/30/1895
 LOW               -4   03/19/1967
HIGHEST            90   05/18        58      32       92  05/28
                        05/17
LOWEST              8   03/05        38     -30       18  03/03
AVG. MAXIMUM     59.3              58.3     1.0     61.4
AVG. MINIMUM     40.3              37.8     2.5     39.8
MEAN             49.8              48.1     1.7     50.6
DAYS MAX >= 90      2               0.3     1.7        1
DAYS MAX <= 32      5               2.9     2.1        1
DAYS MIN <= 32     22              28.6    -6.6       24
DAYS MIN <= 0       0               0.0     0.0        0

PRECIPITATION (INCHES)
RECORD
 MAXIMUM        16.12   1983
 MINIMUM         4.89   1995
TOTALS          12.10              9.40    2.70     7.02
DAILY AVG.       0.13              0.10    0.03     0.08
DAYS >= .01        39              37.3     1.7       33
DAYS >= .10        22              21.6     0.4       17
DAYS >= .50         7               5.9     1.1        3
DAYS >= 1.00        2               1.7     0.3        1
GREATEST
 24 HR. TOTAL    2.50   03/14 TO 03/14

SNOWFALL (INCHES)
RECORDS
 TOTAL           34.9   1967
 24 HR TOTAL     18.7   03/13/1993 TO 03/13/1993
TOTALS           30.7              12.3    18.4      3.5
SINCE 7/1        54.8              46.2     8.6     15.0
DAYS >= TRACE      14               6.7     7.3       11
DAYS >= 1.0         3               2.9     0.1        1
GREATEST
 24 HR TOTAL     22.1R  03/14 TO 03/14

DEGREE_DAYS
HEATING TOTAL    1436              1595    -159     1372
 SINCE 7/1       5191              6201   -1010     4942
COOLING TOTAL      52                37      15       72
 SINCE 1/1         52                37      15       72

FREEZE DATES
RECORD
 EARLIEST     09/21/1956
 LATEST       05/25/1956
EARLIEST                        10/15
LATEST                          04/26
........................................................

WIND (MPH)
AVERAGE WIND SPEED              7.4
RESULTANT WIND SPEED/DIRECTION   2/305
HIGHEST WIND SPEED/DIRECTION    41/260    DATE  03/02
HIGHEST GUST SPEED/DIRECTION    52/250    DATE  03/02

SKY COVER
POSSIBLE SUNSHINE (PERCENT)   MM
AVERAGE SKY COVER           0.60
NUMBER OF DAYS FAIR           25
NUMBER OF DAYS PC             33
NUMBER OF DAYS CLOUDY         34

AVERAGE RH (PERCENT)     64

WEATHER CONDITIONS. NUMBER OF DAYS WITH
THUNDERSTORM              7     MIXED PRECIP               0
HEAVY RAIN               12     RAIN                      22
LIGHT RAIN               45     FREEZING RAIN              0
LT FREEZING RAIN          0     HAIL                       0
HEAVY SNOW                3     SNOW                       6
LIGHT SNOW               14     SLEET                      0
FOG                      46     FOG W/VIS <= 1/4 MILE      3
HAZE                     27

-  INDICATES NEGATIVE NUMBERS.
R  INDICATES RECORD WAS SET OR TIED.
MM INDICATES DATA IS MISSING.
T  INDICATES TRACE AMOUNT.

$$
