000
CXUS51 KBGM 012303 RRA
CLSAVP

CLIMATE REPORT
NATIONAL WEATHER SERVICE BINGHAMTON NY
651 PM EDT THU SEP 1 2016

...................................

...THE AVOCA PA CLIMATE SUMMARY FOR THE SEASON, FROM
6/1/2016 TO 8/31/2016...

CLIMATE NORMAL PERIOD 1981 TO 2010
CLIMATE RECORD PERIOD 1901 TO 2016

WEATHER         OBSERVED          NORMAL  DEPART  LAST YEAR`S
                 VALUE   DATE(S)  VALUE   FROM    VALUE  DATE(S)
                                          NORMAL
................................................................
TEMPERATURE (F)
RECORD
 HIGH             101   07/16/1988
                        07/03/1966
 LOW               34   06/11/1972
HIGHEST            97   07/23        80      17       93  07/19
LOWEST             46   06/09        59     -13       47  06/07
AVG. MAXIMUM     84.3              79.8     4.5     81.8
AVG. MINIMUM     61.8              59.0     2.8     60.7
MEAN             73.1              69.4     3.7     71.3
DAYS MAX >= 90     19               5.5    13.5        8
DAYS MAX <= 32      0               0.0     0.0        0
DAYS MIN <= 32      0               0.0     0.0        0
DAYS MIN <= 0       0               0.0     0.0        0

PRECIPITATION (INCHES)
RECORD
 MAXIMUM        17.96   1986
 MINIMUM         5.56   1995
TOTALS           8.74             11.23   -2.49    11.59
DAILY AVG.       0.09              0.12   -0.03     0.13
DAYS >= .01        33              35.3    -2.3       33
DAYS >= .10        20              22.2    -2.2       24
DAYS >= .50         4               7.2    -3.2        9
DAYS >= 1.00        1               2.2    -1.2        2
GREATEST
 24 HR. TOTAL    2.62   07/30 TO 07/31

SNOWFALL (INCHES)
RECORDS
 TOTAL            0.0   MM
 24 HR TOTAL      0.0   MM
TOTALS            0.0               0.0     0.0      0.0
SINCE 7/1         0.0               0.0     0.0      0.0
DAYS >= TRACE       0               0.0     0.0        0
DAYS >= 1.0         0               0.0     0.0        0
GREATEST
 24 HR TOTAL      0.0   MM

DEGREE_DAYS
HEATING TOTAL      25                80     -55       24
 SINCE 7/1          1                26     -25        0
COOLING TOTAL     795               487     308      628
 SINCE 1/1        867               524     343      776

FREEZE DATES
RECORD
 EARLIEST     09/21/1956
 LATEST       05/25/1956
EARLIEST                        10/15
LATEST                          04/26
..........................................................

WIND (MPH)
AVERAGE WIND SPEED              5.8
RESULTANT WIND SPEED/DIRECTION   1/246
HIGHEST WIND SPEED/DIRECTION    31/320    DATE  07/25
HIGHEST GUST SPEED/DIRECTION    40/320    DATE  07/25

SKY COVER
POSSIBLE SUNSHINE (PERCENT)   MM
AVERAGE SKY COVER           0.30
NUMBER OF DAYS FAIR           50
NUMBER OF DAYS PC             34
NUMBER OF DAYS CLOUDY          8

AVERAGE RH (PERCENT)     67

WEATHER CONDITIONS. NUMBER OF DAYS WITH
THUNDERSTORM             24     MIXED PRECIP               0
HEAVY RAIN               16     RAIN                      19
LIGHT RAIN               43     FREEZING RAIN              0
LT FREEZING RAIN          0     HAIL                       0
HEAVY SNOW                0     SNOW                       0
LIGHT SNOW                0     SLEET                      0
FOG                      43     FOG W/VIS <= 1/4 MILE      1
HAZE                      9

-  INDICATES NEGATIVE NUMBERS.
R  INDICATES RECORD WAS SET OR TIED.
MM INDICATES DATA IS MISSING.
T  INDICATES TRACE AMOUNT.

&&
4TH WARMEST JUNE TO AUGUST  RECORD 74.5F IN 2005

$$
