000
CXUS51 KBGM 061038
CLSAVP

CLIMATE REPORT
NATIONAL WEATHER SERVICE BINGHAMTON NY
619 AM EDT MON JUN 6 2016

...................................

...THE AVOCA PA CLIMATE SUMMARY FOR THE SEASON, FROM
3/1/2016 TO 5/31/2016...

CLIMATE NORMAL PERIOD 1981 TO 2010
CLIMATE RECORD PERIOD 1901 TO 2016

WEATHER         OBSERVED          NORMAL  DEPART  LAST YEAR`S
                 VALUE   DATE(S)  VALUE   FROM    VALUE  DATE(S)
                                          NORMAL
................................................................
TEMPERATURE (F)
RECORD
 HIGH              97   05/30/1895
 LOW               -4   03/19/1967
HIGHEST            92   05/28        58      34       91  05/08
LOWEST             18   03/03        38     -20        4  03/06
AVG. MAXIMUM     61.4              58.3     3.1     60.2
AVG. MINIMUM     39.8              37.8     2.0     38.9
MEAN             50.6              48.1     2.5     49.6
DAYS MAX >= 90      1               0.3     0.7        1
DAYS MAX <= 32      1               2.9    -1.9        4
DAYS MIN <= 32     24              28.6    -4.6       33
DAYS MIN <= 0       0               0.0     0.0        0

PRECIPITATION (INCHES)
RECORD
 MAXIMUM        16.12   1983
 MINIMUM         4.89   1995
TOTALS           7.02              9.40   -2.38     6.56
DAILY AVG.       0.08              0.10   -0.02     0.07
DAYS >= .01        33              37.3    -4.3       35
DAYS >= .10        17              21.6    -4.6       20
DAYS >= .50         3               5.9    -2.9        2
DAYS >= 1.00        1               1.7    -0.7        1
GREATEST
 24 HR. TOTAL    1.34   04/07 TO 04/07

SNOWFALL (INCHES)
RECORDS
 TOTAL           34.9   1967
 24 HR TOTAL     18.7   03/13/1993 TO 03/13/1993
TOTALS            3.5              12.3    -8.8      9.0
SINCE 7/1        15.0              46.2   -31.2     51.4
DAYS >= TRACE      11               6.7     4.3       17
DAYS >= 1.0         1               2.9    -1.9        3
GREATEST
 24 HR TOTAL      2.2   04/03

DEGREE_DAYS
HEATING TOTAL    1372              1595    -223     1547
 SINCE 7/1       4942              6201   -1259     6244
COOLING TOTAL      72                37      35      148
 SINCE 1/1         72                37      35      148

FREEZE DATES
RECORD
 EARLIEST     09/21/1956
 LATEST       05/25/1956
EARLIEST                        10/15
LATEST                          04/26
.................................................

WIND (MPH)
AVERAGE WIND SPEED              6.9
RESULTANT WIND SPEED/DIRECTION   2/301
HIGHEST WIND SPEED/DIRECTION    37/310    DATE  04/03
HIGHEST GUST SPEED/DIRECTION    48/320    DATE  04/03

SKY COVER
POSSIBLE SUNSHINE (PERCENT)   MM
AVERAGE SKY COVER           0.50
NUMBER OF DAYS FAIR           36
NUMBER OF DAYS PC             30
NUMBER OF DAYS CLOUDY         26

AVERAGE RH (PERCENT)     58

WEATHER CONDITIONS. NUMBER OF DAYS WITH
THUNDERSTORM              7     MIXED PRECIP               0
HEAVY RAIN               10     RAIN                      16
LIGHT RAIN               41     FREEZING RAIN              0
LT FREEZING RAIN          0     HAIL                       0
HEAVY SNOW                2     SNOW                       3
LIGHT SNOW               10     SLEET                      0
FOG                      32     FOG W/VIS <= 1/4 MILE      7
HAZE                     18

-  INDICATES NEGATIVE NUMBERS.
R  INDICATES RECORD WAS SET OR TIED.
MM INDICATES DATA IS MISSING.
T  INDICATES TRACE AMOUNT.

&&
18TH DRIEST MARCH TO MAY
13TH WARMEST MARCH TO MAY
$$
