000
CXUS51 KBGM 011318
CLSAVP


CLIMATE REPORT
NATIONAL WEATHER SERVICE BINGHAMTON NY
817 AM EST SUN DEC 1 2013

...................................

...THE AVOCA PA CLIMATE SUMMARY FOR THE SEASON, FROM
9/1/2013 TO 11/30/2013...

CLIMATE NORMAL PERIOD 1981 TO 2010
CLIMATE RECORD PERIOD 1901 TO 2013

WEATHER         OBSERVED          NORMAL  DEPART  LAST YEAR`S
                 VALUE   DATE(S)  VALUE   FROM    VALUE  DATE(S)
                                          NORMAL
................................................................
TEMPERATURE (F)
RECORD
 HIGH              95   09/11/2013
                        09/10/1983
                        09/02/1980
 LOW                9   11/24/2000
                        11/30/1995
                        11/30/1976
HIGHEST            95R  09/11        61      34       88  09/01
LOWEST             13   11/30        43     -30       22  11/28
AVG. MAXIMUM     62.1              60.8     1.3     60.8
AVG. MINIMUM     41.5              42.2    -0.7     43.4
MEAN             51.8              51.5     0.3     52.1
DAYS MAX >= 90      2               0.5     1.5       MM
DAYS MAX <= 32      3               1.0     2.0       MM
DAYS MIN <= 32     24              18.4     5.6       MM
DAYS MIN <= 0       0               0.0     0.0       MM

PRECIPITATION (INCHES)
RECORD
 MAXIMUM        18.19   2011
 MINIMUM         3.81   1964
TOTALS           5.88             10.55   -4.67    11.85
DAILY AVG.       0.06              0.12   -0.06     0.13
DAYS >= .01        25              32.1    -7.1       MM
DAYS >= .10        12              17.5    -5.5       MM
DAYS >= .50         5               6.3    -1.3       MM
DAYS >= 1.00        0               2.9    -2.9       MM
GREATEST
 24 HR. TOTAL    1.37   MM                       11/30 TO 11/30
                                                          11/30 TO 11/30
                                                          11/30 TO 11/30
 STORM TOTAL       MM                                 MM
 (MM/DD(HH))            MM                    11/30(00) TO 11/30(00)
                                                 11/30(00) TO 11/30(00)0
                                                 11/30(00) TO 11/30(00)0

SNOWFALL (INCHES)
RECORDS
 TOTAL           22.5   1971
 24 HR TOTAL     18.5   11/25/1971 TO 11/25/1971
TOTALS            2.6               3.0    -0.4      2.0
SINCE 7/1         2.6               3.0    -0.4      2.0
DAYS >= TRACE      13               2.2    10.8       MM
DAYS >= 1.0         1               0.9     0.1       MM
GREATEST
 24 HR TOTAL      1.4   MM                       11/30 TO 11/30
                                                          11/30 TO 11/30
                                                          11/30 TO 11/30
 STORM TOTAL       MM                                 MM
 (MM/DD(HH))            MM                    11/30(00) TO 11/30(00)
                                                 11/30(00) TO 11/30(00)0
                                                 11/30(00) TO 11/30(00)0

DEGREE_DAYS
HEATING TOTAL    1267              1287     -20     1225
 SINCE 7/1       1276              1313     -37     1227
COOLING TOTAL      93                56      37       73
 SINCE 1/1        795               580     215      864

FREEZE DATES
RECORD
 EARLIEST     09/21/1956
 LATEST       05/25/1956
EARLIEST                        10/15
LATEST                          04/26
.................................................

WIND (MPH)
AVERAGE WIND SPEED              5.7
RESULTANT WIND SPEED/DIRECTION   1/272
HIGHEST WIND SPEED/DIRECTION    33/330    DATE  11/23
HIGHEST GUST SPEED/DIRECTION    47/230    DATE  11/01

SKY COVER
POSSIBLE SUNSHINE (PERCENT)   MM
AVERAGE SKY COVER           0.50
NUMBER OF DAYS FAIR           36
NUMBER OF DAYS PC             38
NUMBER OF DAYS CLOUDY         17

AVERAGE RH (PERCENT)     65

WEATHER CONDITIONS. NUMBER OF DAYS WITH
THUNDERSTORM              0     MIXED PRECIP               0
HEAVY RAIN                6     RAIN                      13
LIGHT RAIN               29     FREEZING RAIN              0
LT FREEZING RAIN          0     HAIL                       0
HEAVY SNOW                1     SNOW                       1
LIGHT SNOW                8     SLEET                      1
FOG                      32     FOG W/VIS <= 1/4 MILE      4
HAZE                     18

-  INDICATES NEGATIVE NUMBERS.
R  INDICATES RECORD WAS SET OR TIED.
MM INDICATES DATA IS MISSING.
T  INDICATES TRACE AMOUNT.

$$
