000
CXUS51 KBGM 082106 CCA
CLSAVP

CLIMATE REPORT...CORRECTED
NATIONAL WEATHER SERVICE BINGHAMTON NY
406 PM EST MON DEC 8 2014

...................................

...THE AVOCA PA CLIMATE SUMMARY FOR THE SEASON, FROM
9/1/2014 TO 11/30/2014...

CLIMATE NORMAL PERIOD 1981 TO 2010
CLIMATE RECORD PERIOD 1901 TO 2014

WEATHER         OBSERVED          NORMAL  DEPART  LAST YEAR`S
                 VALUE   DATE(S)  VALUE   FROM    VALUE  DATE(S)
                                          NORMAL
................................................................
TEMPERATURE (F)
RECORD
 HIGH              95   09/11/2013
                        09/10/1983
                        09/02/1980
 LOW                9   11/24/2000
                        11/30/1995
                        11/30/1976
HIGHEST            89   09/02        61      28       95  09/11
LOWEST             12   11/29        43     -31       13  11/30
AVG. MAXIMUM     62.3              60.8     1.5     62.1
AVG. MINIMUM     43.4              42.2     1.2     41.5
MEAN             52.8              51.5     1.3     51.8
DAYS MAX >= 90      0               0.5    -0.5        2
DAYS MAX <= 32      2               1.0     1.0        3
DAYS MIN <= 32     19              18.4     0.6       24
DAYS MIN <= 0       0               0.0     0.0        0

PRECIPITATION (INCHES)
RECORD
 MAXIMUM        18.19   2011
 MINIMUM         3.81   1964
TOTALS           6.71             10.55   -3.84     5.88
DAILY AVG.       0.07              0.12   -0.05     0.06
DAYS >= .01        27              32.1    -5.1       25
DAYS >= .10        13              17.5    -4.5       12
DAYS >= .50         4               6.3    -2.3        5
DAYS >= 1.00        1               2.9    -1.9        0
GREATEST
 24 HR. TOTAL    2.98   10/15 TO 10/16

SNOWFALL (INCHES)
RECORDS
 TOTAL           22.5   1971
 24 HR TOTAL     18.5   11/25/1971 TO 11/25/1971
TOTALS            8.9               3.0     5.9      2.7
SINCE 7/1         8.9               3.0     5.9      2.7
DAYS >= TRACE       8               2.2     5.8       14
DAYS >= 1.0         2               0.9     1.1        1
GREATEST
 24 HR TOTAL      7.1   11/26

DEGREE_DAYS
HEATING TOTAL    1179              1287    -108     1267
 SINCE 7/1       1190              1313    -123     1276
COOLING TOTAL     100                56      44       93
 SINCE 1/1        692               580     112      795

FREEZE DATES
RECORD
 EARLIEST     09/21/1956
 LATEST       05/25/1956
EARLIEST                        10/15
LATEST                          04/26
...................................................

WIND (MPH)
AVERAGE WIND SPEED              6.6
RESULTANT WIND SPEED/DIRECTION   2/250
HIGHEST WIND SPEED/DIRECTION    31/330    DATE  11/02
HIGHEST GUST SPEED/DIRECTION    45/270    DATE  11/18

SKY COVER
POSSIBLE SUNSHINE (PERCENT)   MM
AVERAGE SKY COVER           0.50
NUMBER OF DAYS FAIR           32
NUMBER OF DAYS PC             39
NUMBER OF DAYS CLOUDY         20

AVERAGE RH (PERCENT)     64

WEATHER CONDITIONS. NUMBER OF DAYS WITH
THUNDERSTORM              0     MIXED PRECIP               0
HEAVY RAIN                6     RAIN                      16
LIGHT RAIN               28     FREEZING RAIN              0
LT FREEZING RAIN          0     HAIL                       0
HEAVY SNOW                1     SNOW                       3
LIGHT SNOW                6     SLEET                      0
FOG                      31     FOG W/VIS <= 1/4 MILE      4
HAZE                     10

-  INDICATES NEGATIVE NUMBERS.
R  INDICATES RECORD WAS SET OR TIED.
MM INDICATES DATA IS MISSING.
T  INDICATES TRACE AMOUNT.

&&
CORRECTED SNOWFALL AMOUNTS AND DAYS
ADDED GREATEST 24 HR TOTAL PRECIPITATION DATES

$$

TAC
