000
CXUS51 KBGM 072117
CLSAVP


CLIMATE REPORT
NATIONAL WEATHER SERVICE BINGHAMTON NY
508 PM EDT SUN JUN 7 2015

...................................

...THE AVOCA PA CLIMATE SUMMARY FOR THE SEASON, FROM
3/1/2015 TO 5/31/2015...

CLIMATE NORMAL PERIOD 1981 TO 2010
CLIMATE RECORD PERIOD 1901 TO 2015

WEATHER         OBSERVED          NORMAL  DEPART  LAST YEAR`S
                 VALUE   DATE(S)  VALUE   FROM    VALUE  DATE(S)
                                          NORMAL
................................................................
TEMPERATURE (F)
RECORD
 HIGH              97   05/30/1895
 LOW               -4   03/19/1967
HIGHEST            91   05/08        58      33       83  05/26
                                                          05/12
LOWEST              4   03/06        38     -34        0  03/04
AVG. MAXIMUM     60.2              58.3     1.9     57.5
AVG. MINIMUM     38.9              37.8     1.1     36.2
MEAN             49.6              48.1     1.5     46.8
DAYS MAX >= 90      1               0.3     0.7        0
DAYS MAX <= 32      4               2.9     1.1        9
DAYS MIN <= 32     33              28.6     4.4       35
DAYS MIN <= 0       0               0.0     0.0        1

PRECIPITATION (INCHES)
RECORD
 MAXIMUM        16.12   1983
 MINIMUM         4.89   1995
TOTALS           6.56              9.40   -2.84     7.83
DAILY AVG.       0.07              0.10   -0.03     0.09
DAYS >= .01        35              37.3    -2.3       26
DAYS >= .10        20              21.6    -1.6       17
DAYS >= .50         2               5.9    -3.9        4
DAYS >= 1.00        1               1.7    -0.7        2
GREATEST
 24 HR. TOTAL    1.43   04/20 TO 04/21           05/16 TO 05/16

SNOWFALL (INCHES)
RECORDS
 TOTAL           34.9   1967
 24 HR TOTAL     18.7   03/13/1993 TO 03/13/1993
TOTALS            9.0              12.3    -3.3      3.1
SINCE 7/1        51.4              46.2     5.2     58.9
DAYS >= TRACE      17               6.7    10.3       15
DAYS >= 1.0         3               2.9     0.1        1
GREATEST
 24 HR TOTAL      3.0   03/20 TO 03/20           03/30 TO 03/31

DEGREE_DAYS
HEATING TOTAL    1547              1595     -48     1688
 SINCE 7/1       6244              6201      43     6511
COOLING TOTAL     148                37     111       41
 SINCE 1/1        148                37     111       41

FREEZE DATES
RECORD
 EARLIEST     09/21/1956
 LATEST       05/25/1956
EARLIEST                        10/15
LATEST                          04/26
..................................................

WIND (MPH)
AVERAGE WIND SPEED              7.2
RESULTANT WIND SPEED/DIRECTION   2/292
HIGHEST WIND SPEED/DIRECTION    32/260    DATE  05/27
HIGHEST GUST SPEED/DIRECTION    48/240    DATE  04/21

SKY COVER
POSSIBLE SUNSHINE (PERCENT)   MM
AVERAGE SKY COVER           0.50
NUMBER OF DAYS FAIR           39
NUMBER OF DAYS PC             31
NUMBER OF DAYS CLOUDY         22

AVERAGE RH (PERCENT)     58

WEATHER CONDITIONS. NUMBER OF DAYS WITH
THUNDERSTORM              0     MIXED PRECIP               0
HEAVY RAIN                9     RAIN                      18
LIGHT RAIN               48     FREEZING RAIN              1
LT FREEZING RAIN          1     HAIL                       0
HEAVY SNOW                2     SNOW                       4
LIGHT SNOW               18     SLEET                      0
FOG                      39     FOG W/VIS <= 1/4 MILE      8
HAZE                     42

-  INDICATES NEGATIVE NUMBERS.
R  INDICATES RECORD WAS SET OR TIED.
MM INDICATES DATA IS MISSING.
T  INDICATES TRACE AMOUNT.

&&

10TH DRIEST MARCH TO MAY

$$

TAC
