000
CXUS53 KGRR 010910
CF6AZO
PRELIMINARY LOCAL CLIMATOLOGICAL DATA (WS FORM: F-6)
STATION: KALAMAZOO
MONTH: JULY
YEAR: 2021
LATITUDE: 42 13 N
LONGITUDE: 85 33 W
TEMPERATURE IN F: :PCPN: SNOW: WIND :SUNSHINE: SKY :PK WND
================================================================================
1 2 3 4 5 6A 6B 7 8 9 10 11 12 13 14 15 16 17 18
12Z AVG MX 2MIN
DY MAX MIN AVG DEP HDD CDD WTR SNW DPTH SPD SPD DIR MIN PSBL S-S WX SPD DR
================================================================================
1 82 64 73 1 0 8 0.00 M M 8.8 18 320 M M 1 1 26 320
2 78 55 67 -5 0 2 0.00 M M 8.4 17 320 M M 1 25 340
3 82 57 70 -2 0 5 0.00 M M 8.6 25 300 M M 3 32 310
4 89 69 79 7 0 14 0.00 M M 6.3 13 300 M M 0 18 300
5 90 68 79 7 0 14 0.00 M M 8.9 18 220 M M 0 18 27 240
6 90 73 82 10 0 17 0.00 M M 8.9 15 260 M M 3 24 280
7 87 71 79 7 0 14 0.21 M M 6.3 25 320 M M 2 138 31 190
8 74 62 68 -5 0 3 0.03 M M 7.0 15 300 M M 9 123 21 280
9 75 61 68 -5 0 3 0.06 M M 4.8 12 360 M M 9 1 16 20
10 79 55 67 -6 0 2 0.01 M M 3.5 10 90 M M 4 1 17 100
11 71 66 69 -4 0 4 0.01 M M 6.4 13 50 M M 10 23 60
12 79 66 73 0 0 8 0.02 M M 4.7 9 100 M M 9 18 14 90
13 79 67 73 0 0 8 1.47 M M 5.6 20 290 M M 7 123 29 320
14 86 65 76 3 0 11 0.00 M M 7.1 15 230 M M 2 1 21 210
15 80 68 74 1 0 9 0.01 M M 9.2 20 250 M M 4 29 250
16 73 67 70 -3 0 5 0.55 M M 3.6 9 50 M M 10 1 15 60
17 81 66 74 1 0 9 0.41 M M 3.6 10 30 M M 9 138 16 30
18 84 61 73 0 0 8 0.00 M M 2.0 8 90 M M 2 1 13 120
19 83 60 72 -1 0 7 0.00 M M 4.3 13 320 M M 0 1 17 300
20 85 63 74 1 0 9 0.00 M M 7.7 18 320 M M 0 18 27 320
21 78 62 70 -3 0 5 0.00 M M 3.5 13 350 M M 4 18 16 20
22 80 55 68 -5 0 3 0.00 M M 3.2 9 180 M M 1 8 15 170
23 84 68 76 3 0 11 1.13 M M 6.7 14 190 M M 5 138 18 190
24 88 72 80 7 0 15 0.21 M M 9.2 21 220 M M 3 138 27 220
25 88 67 78 5 0 13 0.00 M M 4.4 14 320 M M 0 12 20 330
26 89 61 75 3 0 10 0.00 M M 3.4 12 300 M M 0 1 15 340
27 86 65 76 4 0 11 0.00 M M 4.7 12 270 M M 0 18 260
28 87 68 78 6 0 13 T M M 2.5 9 200 M M 4 8 12 200
29 85 68 77 5 0 12 0.21 M M 10.1 33 200 M M 3 13 45 190
30 77 57 67 -5 0 2 0.00 M M 6.9 14 360 M M 2 19 10
31 78 55 67 -5 0 2 0.00 M M 3.8 14 300 M M 0 1 19 300
================================================================================
SM 2547 1982 0 257 4.33 M 184.1 M 107
================================================================================
AV 82.2 63.9 5.9 FASTST M M 3 MAX(MPH)
MISC ----> 33 200 45 190
================================================================================
NOTES:
# LAST OF SEVERAL OCCURRENCES
COLUMN 17 PEAK WIND IN M.P.H.
PRELIMINARY LOCAL CLIMATOLOGICAL DATA (WS FORM: F-6) , PAGE 2
STATION: KALAMAZOO
MONTH: JULY
YEAR: 2021
LATITUDE: 42 13 N
LONGITUDE: 85 33 W
[TEMPERATURE DATA] [PRECIPITATION DATA] SYMBOLS USED IN COLUMN 16
AVERAGE MONTHLY: 73.0 TOTAL FOR MONTH: 4.33 1 = FOG OR MIST
DPTR FM NORMAL: 0.4 DPTR FM NORMAL: 0.97 2 = FOG REDUCING VISIBILITY
HIGHEST: 90 ON 6, 5 GRTST 24HR 1.48 ON 12-13 TO 1/4 MILE OR LESS
LOWEST: 55 ON 31,22 3 = THUNDER
SNOW, ICE PELLETS, HAIL 4 = ICE PELLETS
TOTAL MONTH: M 5 = HAIL
GRTST 24HR M ON M 6 = FREEZING RAIN OR DRIZZLE
GRTST DEPTH: M ON M 7 = DUSTSTORM OR SANDSTORM:
VSBY 1/2 MILE OR LESS
8 = SMOKE OR HAZE
[NO. OF DAYS WITH] [WEATHER - DAYS WITH] 9 = BLOWING SNOW
X = TORNADO
MAX 32 OR BELOW: 0 0.01 INCH OR MORE: 13
MAX 90 OR ABOVE: 2 0.10 INCH OR MORE: 7
MIN 32 OR BELOW: 0 0.50 INCH OR MORE: 3
MIN 0 OR BELOW: 0 1.00 INCH OR MORE: 2
[HDD (BASE 65) ]
TOTAL THIS MO. 0 CLEAR (SCALE 0-3) 18
DPTR FM NORMAL -6 PTCLDY (SCALE 4-7) 7
TOTAL FM JUL 1 0 CLOUDY (SCALE 8-10) 6
DPTR FM NORMAL 0
[CDD (BASE 65) ]
TOTAL THIS MO. 257
DPTR FM NORMAL 17 [PRESSURE DATA]
TOTAL FM JAN 1 596 HIGHEST SLP 30.24 ON 22
DPTR FM NORMAL 154 LOWEST SLP 29.69 ON 29
[REMARKS]
#FINAL-07-21#