014
CXUS53 KGRR 022314
CLSAZO
WRKCLMAZO 000
TTAA00 KGRR 022310
CLIMATE REPORT
NATIONAL WEATHER SERVICE GRAND RAPIDS, MI
547 PM EST MON DEC 2 2019
...................................
...THE KALAMAZOO CLIMATE SUMMARY FOR THE SEASON, FROM
9/1/2019 TO 11/30/2019...
CLIMATE NORMAL PERIOD 1981 TO 2010
CLIMATE RECORD PERIOD 1998 TO 2019
WEATHER OBSERVED NORMAL DEPART LAST YEAR`S
VALUE DATE(S) VALUE FROM VALUE DATE(S)
NORMAL
................................................................
TEMPERATURE (F)
RECORD
HIGH 100 MM
LOW 11 11/13/2019
11/12/2019
11/12/2019
HIGHEST 92 09/11 MM MM 90 09/04
LOWEST 11R 11/13 MM MM 22 11/29
11/12 11/10
11/14
AVG. MAXIMUM 60.4 60.3 0.1 58.8
AVG. MINIMUM 43.2 42.3 0.9 43.1
MEAN 51.8 51.3 0.5 51.0
DAYS MAX >= 90 2 0.2 1.8 1
DAYS MAX <= 32 3 1.7 1.3 6
DAYS MIN <= 32 21 18.3 2.7 25
DAYS MIN <= 0 0 0.0 0.0 0
PRECIPITATION (INCHES)
RECORD
MAXIMUM MM MM
TOTALS 10.12 10.17 -0.05 8.35
DAILY AVG. 0.11 0.11 0.00 0.09
DAYS >= .01 31 MM MM 42
DAYS >= .10 20 MM MM 23
DAYS >= .50 8 MM MM 4
DAYS >= 1.00 2 MM MM 1
GREATEST
24 HR. TOTAL 1.15 10/26 TO 10/26
DEGREE_DAYS
HEATING TOTAL 1330 1311 19 1429
SINCE 7/1 1333 1327 6 1431
COOLING TOTAL 154 64 90 175
SINCE 1/1 870 675 195 1030
FREEZE DATES
EARLIEST MM
LATEST MM
.................................................................
WIND (MPH)
AVERAGE WIND SPEED 7.4
RESULTANT WIND SPEED/DIRECTION 3/230
HIGHEST WIND SPEED/DIRECTION 33/250 DATE 11/27
HIGHEST GUST SPEED/DIRECTION 50/250 DATE 11/27
SKY COVER
POSSIBLE SUNSHINE (PERCENT) MM
AVERAGE SKY COVER 0.60
NUMBER OF DAYS FAIR 23
NUMBER OF DAYS PC 38
NUMBER OF DAYS CLOUDY 30
AVERAGE RH (PERCENT) 71
- INDICATES NEGATIVE NUMBERS.
R INDICATES RECORD WAS SET OR TIED.
MM INDICATES DATA IS MISSING.
T INDICATES TRACE AMOUNT.
$$