000
CXUS51 KOKX 011320 CCA
CLMBDR
CLIMATE REPORT
NATIONAL WEATHER SERVICE NEW YORK, NY
907 AM EDT WED NOV 01 2023
...................................
...THE BRIDGEPORT CT CLIMATE SUMMARY FOR THE MONTH OF OCTOBER 2023...
CLIMATE NORMAL PERIOD 1991 TO 2020
CLIMATE RECORD PERIOD 1948 TO 2023
WEATHER OBSERVED NORMAL DEPART LAST YEAR`S
VALUE DATE(S) VALUE FROM VALUE DATE(S)
NORMAL
................................................................
TEMPERATURE (F)
RECORD
HIGH 89 10/08/2007
LOW 26 10/31/1988
10/20/1972
10/24/1969
HIGHEST 79 10/04 MM MM 74 10/07
LOWEST 41 10/24 MM MM 36 10/30
AVG. MAXIMUM 66.2 64.4 1.8 63.2
AVG. MINIMUM 50.6 48.3 2.3 47.7
MEAN 58.4 56.4 2.0 55.4
DAYS MAX >= 90 0 0.0 0.0 0
DAYS MAX <= 32 0 0.0 0.0 0
DAYS MIN <= 32 0 0.4 -0.4 0
DAYS MIN <= 0 0 0.0 0.0 0
PRECIPITATION (INCHES)
RECORD
MAXIMUM 12.08 2005
MINIMUM 0.32 2013
TOTALS 2.84 3.84 -1.00 3.78
DAILY AVG. 0.09 0.12 -0.03 0.12
DAYS >= .01 8 9.9 -1.9 12
DAYS >= .10 6 5.8 0.2 8
DAYS >= .50 3 2.3 0.7 3
DAYS >= 1.00 0 1.1 -1.1 1
GREATEST
24 HR. TOTAL 0.95 10/29 TO 10/30 1.10 10/24 TO 10/24
10/24 TO 10/25
STORM TOTAL 0.56 1.10
(MM/DD(HH)) MM
SNOWFALL (INCHES)
TOTALS 0.0 0.1 -0.1 0.0
LIQUID EQUIV 0.00 T 0.00 0.00
SINCE 7/1 0.0 0.1 -0.1 MM
LIQUID 7/1 0.00 0.00 0.00 MM
SNOWDEPTH AVG. 0 0
DAYS >= TRACE 0 0.1 -0.1 0
DAYS >= 1.0 0 0.0 0.0 0
GREATEST
SNOW DEPTH 0 0 MM
24 HR TOTAL MM MM
STORM TOTAL 0.0 0.0
(MM/DD(HH)) MM
DEGREE DAYS
HEATING TOTAL 208 282 -74 291
SINCE 7/1 267 328 -61 MM
COOLING TOTAL 12 14 -2 2
SINCE 1/1 913 954 -41 MM
................................................................
WIND (MPH)
AVERAGE WIND SPEED 7.3
HIGHEST WIND SPEED/DIRECTION 24/300 DATE 10/22
HIGHEST GUST SPEED/DIRECTION 34/300 DATE 10/22
WEATHER CONDITIONS. NUMBER OF DAYS WITH
THUNDERSTORM 0 MIXED PRECIP 0
HEAVY RAIN 5 RAIN 6
LIGHT RAIN 9 FREEZING RAIN 0
LT FREEZING RAIN 0 HAIL 0
HEAVY SNOW 0 SNOW 0
LIGHT SNOW 0 SLEET 0
FOG 9 FOG W/VIS <= 1/4 MILE 1
HAZE 1
- INDICATES NEGATIVE NUMBERS.
R INDICATES RECORD WAS SET OR TIED.
MM INDICATES DATA IS MISSING.
T INDICATES TRACE AMOUNT.
$$