000
CXUS51 KOKX 011952
CLSBDR
CLIMATE REPORT
NATIONAL WEATHER SERVICE NEW YORK, NY
328 PM EDT FRI SEP 01 2023
...................................
...THE BRIDGEPORT CT CLIMATE SUMMARY FOR THE SEASON, FROM
6/1/2023 TO 8/31/2023...
CLIMATE NORMAL PERIOD 1991 TO 2020
CLIMATE RECORD PERIOD 1948 TO 2023
WEATHER OBSERVED NORMAL DEPART LAST YEAR`S
VALUE DATE(S) VALUE FROM VALUE
NORMAL
..............................................................
TEMPERATURE (F)
RECORD
HIGH 103 07/22/2011
07/22/1957
07/22/1957
LOW 41 06/01/1967
HIGHEST 92 07/12 MM MM
LOWEST 46 06/04 MM MM
AVG. MAXIMUM 79.6 81.0 -1.4
AVG. MINIMUM 65.0 65.5 -0.5
MEAN 72.3 73.3 -1.0
DAYS MAX >= 90 3 8.7 -5.7
DAYS MAX <= 32 0 0.0 0.0
DAYS MIN <= 32 0 0.0 0.0
DAYS MIN <= 0 0 0.0 0.0
PRECIPITATION (INCHES)
RECORD
MAXIMUM 20.23 1972
MINIMUM 4.13 1995
TOTALS 13.13 11.07 2.06 6.96
DAILY AVG. 0.14 0.12 0.02
DAYS >= .01 36 29.3 6.7
DAYS >= .10 27 18.5 8.5
DAYS >= .50 9 7.2 1.8
DAYS >= 1.00 5 2.6 2.4
GREATEST
24 HR. TOTAL 2.49
STORM TOTAL 1.47
(MM/DD(HH))
SNOWFALL (INCHES)
RECORDS
TOTAL T 2008
24 HR TOTAL MM
TOTALS 0.0 0.0 0.0
LIQUID EQUIV 0.00 0.00 0.00
SINCE 7/1 0.0 0.0 0.0
LIQUID 7/1 0.00
DAYS >= TRACE 0 0.0 0.0
DAYS >= 1.0 0 0.0 0.0
GREATEST
SNOW DEPTH 0
24 HR TOTAL MM
STORM TOTAL 0.0
(MM/DD(HH))
DEGREE DAYS
HEATING TOTAL 31 26 5
SINCE 7/1 0 0 0
COOLING TOTAL 732 787 -55
SINCE 1/1 754 817 -63
..............................................................
WIND (MPH)
AVERAGE WIND SPEED 7.4
HIGHEST WIND SPEED/DIRECTION 33/290 DATE 07/25
HIGHEST GUST SPEED/DIRECTION 50/200 DATE 07/18
SKY COVER
POSSIBLE SUNSHINE (PERCENT) MM
AVERAGE SKY COVER 0.39
NUMBER OF DAYS FAIR 46
NUMBER OF DAYS PC 32
NUMBER OF DAYS CLOUDY 14
AVERAGE RH (PERCENT) 73
WEATHER CONDITIONS. NUMBER OF DAYS WITH
THUNDERSTORM 20 MIXED PRECIP 0
HEAVY RAIN 16 RAIN 20
LIGHT RAIN 42 FREEZING RAIN 0
LT FREEZING RAIN 0 HAIL 0
HEAVY SNOW 0 SNOW 0
LIGHT SNOW 0 SLEET 0
FOG 39 FOG W/VIS <= 1/4 MILE 5
HAZE 10
- INDICATES NEGATIVE NUMBERS.
R INDICATES RECORD WAS SET OR TIED.
MM INDICATES DATA IS MISSING.
T INDICATES TRACE AMOUNT.
$$