000
CXUS53 KIWX 010810
CF6BEH
PRELIMINARY LOCAL CLIMATOLOGICAL DATA (WS FORM: F-6)
STATION: BENTON HARBOR
MONTH: MAY
YEAR: 2022
LATITUDE: 42 7 N
LONGITUDE: 86 26 W
TEMPERATURE IN F: :PCPN: SNOW: WIND :SUNSHINE: SKY :PK WND
================================================================================
1 2 3 4 5 6A 6B 7 8 9 10 11 12 13 14 15 16 17 18
12Z AVG MX 2MIN
DY MAX MIN AVG DEP HDD CDD WTR SNW DPTH SPD SPD DIR MIN PSBL S-S WX SPD DR
================================================================================
1 57 48 53 0 12 0 T M M 12.3 21 250 M M 10 1 32 240
2 51 45 48 -5 17 0 0.00 M M 7.0 16 260 M M 8 21 270
3 53 44 49 -4 16 0 0.94 M M 8.6 18 80 M M 10 1 30 80
4 54 41 48 -6 17 0 0.00 M M 5.4 10 10 M M 5 19 340
5 60 39 50 -4 15 0 0.13 M M 4.9 12 60 M M 6 1 19 60
6 56 50 53 -1 12 0 0.45 M M 9.2 20 70 M M 10 1 30 60
7 67 43 55 0 10 0 0.00 M M 6.5 17 90 M M 0 28 80
8 67 43 55 0 10 0 0.00 M M 10.6 24 100 M M 0 32 120
9 79 51 65 10 0 0 0.00 M M 15.8 28 130 M M 0 42 130
10 87 66 77 21 0 12 0.00 M M 9.5 16 170 M M 5 24 150
11 91 69 80 24 0 15 0.00 M M 6.6 16 120 M M 1 22 120
12 88 60 74 18 0 9 0.00 M M 8.5 17 140 M M 0 25 140
13 88 61 75 18 0 10 0.00 M M 6.9 16 140 M M 0 22 130
14 77 55 66 9 0 1 0.00 M M 3.4 13 270 M M 1 16 280
15 70 51 61 4 4 0 0.10 M M 2.8 12 270 M M 3 17 300
16 72 50 61 3 4 0 0.00 M M 6.7 16 250 M M 1 24 250
17 63 48 56 -2 9 0 0.00 M M 4.2 10 10 M M 1 18 30
18 61 51 56 -2 9 0 0.16 0.0 M 5.8 16 270 M M 10 1 20 270
19 82 47 65 6 0 0 T M M 7.4 18 230 M M 5 128 26 240
20 85 55 70 11 0 5 0.06 M M 11.2 33 250 M M 3 1 47 260
21 61 52 57 -3 8 0 1.33 M M 4.6 14 80 M M 8 13 21 330
22 57 42 50 -10 15 0 0.02 M M 3.9 14 300 M M 4 1 23 290
23 63 38 51 -9 14 0 0.00 M M 6.0 14 360 M M 0 1 28 10
24 71 47 59 -1 6 0 0.00 M M 6.8 17 80 M M 1 26 100
25 79 56 68 7 0 3 0.28 M M 11.2 22 140 M M 6 13 35 120
26 76 62 69 8 0 4 T M 0 7.6 16 160 M M 5 24 160
27 65 50 58 -4 7 0 0.43 0.0 0 4.2 12 330 M M 8 1 20 350
28 73 42 58 -4 7 0 0.00 0.0 0 3.0 14 110 M M 1 1 18 120
29 84 60 72 10 0 7 0.00 0.0 0 10.3 18 160 M M 0 30 150
30 88 70 79 16 0 14 0.00 0.0 0 11.7 21 160 M M 0 31 170
31 88 73 81 18 0 16 0.00 M M 10.4 22 240 M M 2 30 240
================================================================================
SM 2213 1609 192 96 3.90 0.0 233.0 M 114
================================================================================
AV 71.4 51.9 7.5 FASTST M M 4 MAX(MPH)
MISC ----> 33 250 47 260
================================================================================
NOTES:
# LAST OF SEVERAL OCCURRENCES
COLUMN 17 PEAK WIND IN M.P.H.
PRELIMINARY LOCAL CLIMATOLOGICAL DATA (WS FORM: F-6) , PAGE 2
STATION: BENTON HARBOR
MONTH: MAY
YEAR: 2022
LATITUDE: 42 7 N
LONGITUDE: 86 26 W
[TEMPERATURE DATA] [PRECIPITATION DATA] SYMBOLS USED IN COLUMN 16
AVERAGE MONTHLY: 61.6 TOTAL FOR MONTH: 3.90 1 = FOG OR MIST
DPTR FM NORMAL: 3.8 DPTR FM NORMAL: 0.12 2 = FOG REDUCING VISIBILITY
HIGHEST: 91 ON 11 GRTST 24HR 1.39 ON 20-21 TO 1/4 MILE OR LESS
LOWEST: 38 ON 23 3 = THUNDER
SNOW, ICE PELLETS, HAIL 4 = ICE PELLETS
TOTAL MONTH: 0.0 INCH 5 = HAIL
GRTST 24HR 0.0 6 = FREEZING RAIN OR DRIZZLE
GRTST DEPTH: 0 7 = DUSTSTORM OR SANDSTORM:
VSBY 1/2 MILE OR LESS
8 = SMOKE OR HAZE
[NO. OF DAYS WITH] [WEATHER - DAYS WITH] 9 = BLOWING SNOW
X = TORNADO
MAX 32 OR BELOW: 0 0.01 INCH OR MORE: 10
MAX 90 OR ABOVE: 1 0.10 INCH OR MORE: 8
MIN 32 OR BELOW: 0 0.50 INCH OR MORE: 2
MIN 0 OR BELOW: 0 1.00 INCH OR MORE: 1
[HDD (BASE 65) ]
TOTAL THIS MO. 192 CLEAR (SCALE 0-3) 15
DPTR FM NORMAL -72 PTCLDY (SCALE 4-7) 11
TOTAL FM JUL 1 5724 CLOUDY (SCALE 8-10) 5
DPTR FM NORMAL -399
[CDD (BASE 65) ]
TOTAL THIS MO. 96
DPTR FM NORMAL 56 [PRESSURE DATA]
TOTAL FM JAN 1 97 HIGHEST SLP 30.40 ON 23
DPTR FM NORMAL 50 LOWEST SLP 29.39 ON 20
[REMARKS]
#FINAL-05-22#