000
CXUS51 KCTP 010800
CF6BFD
PRELIMINARY LOCAL CLIMATOLOGICAL DATA (WS FORM: F-6)
STATION: BRADFORD
MONTH: APRIL
YEAR: 2022
LATITUDE: 41 47 N
LONGITUDE: 78 38 W
TEMPERATURE IN F: :PCPN: SNOW: WIND :SUNSHINE: SKY :PK WND
================================================================================
1 2 3 4 5 6A 6B 7 8 9 10 11 12 13 14 15 16 17 18
12Z AVG MX 2MIN
DY MAX MIN AVG DEP HDD CDD WTR SNW DPTH SPD SPD DIR MIN PSBL S-S WX SPD DR
================================================================================
1 42 31 37 -2 28 0 0.07 M M 12.7 23 300 M M 10 8 32 280
2 51 30 41 2 24 0 0.00 M M 5.4 20 300 M M 4 25 290
3 42 33 38 -2 27 0 0.04 M M 8.9 20 300 M M 10 8 26 290
4 46 31 39 -1 26 0 0.00 M M 3.4 13 330 M M 8 16 320
5 64 31 48 8 17 0 0.03 M M 6.7 14 140 M M 3 19 160
6 57 48 53 12 12 0 0.33 M M 10.4 20 140 M M 10 18 27 140
7 53 40 47 6 18 0 0.73 M M 6.0 16 150 M M 10 1 25 150
8 47 31 39 -3 26 0 T M M 5.8 16 220 M M 6 18 25 190
9 46 33 40 -2 25 0 0.04 M M 7.4 21 300 M M 9 8 27 310
10 39 28 34 -9 31 0 0.03 M M 10.4 22 310 M M 9 8 28 300
11 62 25 44 1 21 0 0.37 M M 6.7 16 230 M M 4 24 210
12 67 42 55 11 10 0 0.19 M M 5.7 21 310 M M 4 8 28 320
13 74 42 58 14 7 0 0.07 M M 7.0 15 180 M M 7 3 26 210
14 69 37 53 9 12 0 0.06 M M 9.0 30 310 M M 4 37 300
15 62 31 47 2 18 0 0.00 M M 8.8 28 270 M M 6 46 260
16 50 32 41 -4 24 0 0.21 M M 8.7 22 290 M M 9 1 29 280
17 43 28 36 -10 29 0 0.03 M M 7.6 18 330 M M 7 25 330
18 39 25 32 -14 33 0 0.26 M M 13.1 26 140 M M 5 12 40 150
19 36 32 34 -12 31 0 0.05 M M 12.5 25 280 M M 10 8 41 270
20 51 29 40 -7 25 0 T M M 7.0 15 280 M M 4 23 270
21 55 44 50 3 15 0 0.18 M M 8.2 16 190 M M 5 18 25 170
22 63 34 49 1 16 0 T M M 5.5 18 310 M M 1 128 22 320
23 75 47 61 13 4 0 T M M 6.6 12 150 M M 6 17 190
24 85 46 66 18 0 1 0.00 M M 7.1 20 280 M M 0 26 290
25 82 57 70 21 0 5 1.09 M M 8.0 22 300 M M 5 1 28 200
26 57 40 49 0 16 0 0.01 M M 8.3 16 330 M M 10 1 21 330
27 40 28 34 -16 31 0 0.02 M M 13.0 22 300 M M 10 8 32 280
28 49 28 39 -11 26 0 0.00 M M 9.9 20 320 M M 3 27 310
29 59 28 44 -6 21 0 0.00 M M 5.8 15 350 M M 0 19 70
30 66 28 47 -4 18 0 0.00 M M 3.4 12 60 M M 0 16 20
================================================================================
SM 1671 1039 591 6 3.81 M 239.0 M 179
================================================================================
AV 55.7 34.6 8.0 FASTST M M 6 MAX(MPH)
MISC ----> 30 310 46 260
================================================================================
NOTES:
# LAST OF SEVERAL OCCURRENCES
COLUMN 17 PEAK WIND IN M.P.H.
PRELIMINARY LOCAL CLIMATOLOGICAL DATA (WS FORM: F-6) , PAGE 2
STATION: BRADFORD
MONTH: APRIL
YEAR: 2022
LATITUDE: 41 47 N
LONGITUDE: 78 38 W
[TEMPERATURE DATA] [PRECIPITATION DATA] SYMBOLS USED IN COLUMN 16
AVERAGE MONTHLY: 45.2 TOTAL FOR MONTH: 3.81 1 = FOG OR MIST
DPTR FM NORMAL: 0.3 DPTR FM NORMAL: 0.26 2 = FOG REDUCING VISIBILITY
HIGHEST: 85 ON 24 GRTST 24HR 1.10 ON 25-26 TO 1/4 MILE OR LESS
LOWEST: 25 ON 18,11 3 = THUNDER
SNOW, ICE PELLETS, HAIL 4 = ICE PELLETS
TOTAL MONTH: M 5 = HAIL
GRTST 24HR M ON M 6 = FREEZING RAIN OR DRIZZLE
GRTST DEPTH: M ON M 7 = DUSTSTORM OR SANDSTORM:
VSBY 1/2 MILE OR LESS
8 = SMOKE OR HAZE
[NO. OF DAYS WITH] [WEATHER - DAYS WITH] 9 = BLOWING SNOW
X = TORNADO
MAX 32 OR BELOW: 0 0.01 INCH OR MORE: 19
MAX 90 OR ABOVE: 0 0.10 INCH OR MORE: 8
MIN 32 OR BELOW: 17 0.50 INCH OR MORE: 2
MIN 0 OR BELOW: 0 1.00 INCH OR MORE: 1
[HDD (BASE 65) ]
TOTAL THIS MO. 591 CLEAR (SCALE 0-3) 5
DPTR FM NORMAL -15 PTCLDY (SCALE 4-7) 15
TOTAL FM JUL 1 6125 CLOUDY (SCALE 8-10) 10
DPTR FM NORMAL -674
[CDD (BASE 65) ]
TOTAL THIS MO. 6
DPTR FM NORMAL 4 [PRESSURE DATA]
TOTAL FM JAN 1 6 HIGHEST SLP 30.50 ON 22
DPTR FM NORMAL 4 LOWEST SLP 29.52 ON 1
[REMARKS]
#FINAL-04-22#