000
CXUS54 KAMA 010810
CF6BGD
PRELIMINARY LOCAL CLIMATOLOGICAL DATA (WS FORM: F-6)
STATION: BORGER
MONTH: NOVEMBER
YEAR: 2020
LATITUDE: 35 42 N
LONGITUDE: 101 24 W
TEMPERATURE IN F: :PCPN: SNOW: WIND :SUNSHINE: SKY :PK WND
================================================================================
1 2 3 4 5 6A 6B 7 8 9 10 11 12 13 14 15 16 17 18
12Z AVG MX 2MIN
DY MAX MIN AVG DEP HDD CDD WTR SNW DPTH SPD SPD DIR MIN PSBL S-S WX SPD DR
================================================================================
1 71 40 56 1 9 0 0.00 M M 8.7 18 180 M M 0 24 180
2 78 44 61 7 4 0 0.00 M M 11.4 21 250 M M 0 26 250
3 83 52 68 14 0 3 0.00 M M 11.6 21 210 M M 0 27 230
4 81 53 67 14 0 2 0.00 M M 6.2 15 200 M M 0 21 200
5 82 52 67 14 0 2 0.00 M M 6.8 15 340 M M 0 19 350
6 84 44 64 11 1 0 0.00 M M 9.4 24 160 M M 0 33 160
7 77 52 65 13 0 0 0.00 M M 17.2 32 160 M M 0 44 170
8 82 55 69 17 0 4 T M M 20.2 32 170 M M 1 45 190
9 82 43 63 12 2 0 0.00 M M 14.8 25 230 M M 2 35 180
10 63 32 48 -3 17 0 0.00 M M 7.7 16 160 M M 1 22 160
11 60 32 46 -5 19 0 0.00 M M 6.5 15 200 M M 0 21 190
12 62 37 50 0 15 0 0.00 M M 8.9 18 180 M M 0 24 170
13 57 32 45 -5 20 0 0.00 M M 7.6 23 180 M M 0 34 190
14 77 46 62 13 3 0 0.00 M M 18.5 36 280 M M 2 48 290
15 64 33 49 0 16 0 0.00 M M 9.6 21 210 M M 0 28 200
16 73 36 55 7 10 0 0.00 M M 7.4 18 60 M M 0 25 50
17 75 37 56 8 9 0 0.00 M M 9.9 23 190 M M 0 31 180
18 82 53 68 20 0 3 0.00 M M 19.1 29 200 M M 0 41 200
19 89 62 76 29 0 11 0.00 M M 16.5 30 230 M M 0 39 240
20 67 48 58 11 7 0 0.00 M M 9.7 20 10 M M 0 24 350
21 56 48 52 6 13 0 T M M 3.5 8 30 M M 9 10 30
22 53 45 49 3 16 0 0.02 M M 8.8 16 30 M M 9 18 20 30
23 58 45 52 7 13 0 0.04 M M 13.4 25 190 M M 9 37 190
24 68 40 54 9 11 0 0.06 M M 12.5 26 340 M M 7 3 36 330
25 63 35 49 5 16 0 0.00 M M 9.6 20 190 M M 0 27 200
26 60 36 48 4 17 0 0.00 M M 8.4 17 290 M M 0 21 190
27 55 32 44 0 21 0 0.00 M M 8.6 17 40 M M 1 24 50
28 44 36 40 -3 25 0 0.19 M M 2.9 14 250 M M 9 1 17 250
29 50 33 42 -1 23 0 0.00 M M 11.2 30 30 M M 6 39 30
30 57 23 40 -2 25 0 0.00 M M 11.1 22 220 M M 0 29 230
================================================================================
SM 2053 1256 312 25 0.31 M 317.7 M 56
================================================================================
AV 68.4 41.9 10.6 FASTST M M 2 MAX(MPH)
MISC ----> 36 280 48 290
================================================================================
NOTES:
# LAST OF SEVERAL OCCURRENCES
COLUMN 17 PEAK WIND IN M.P.H.
PRELIMINARY LOCAL CLIMATOLOGICAL DATA (WS FORM: F-6) , PAGE 2
STATION: BORGER
MONTH: NOVEMBER
YEAR: 2020
LATITUDE: 35 42 N
LONGITUDE: 101 24 W
[TEMPERATURE DATA] [PRECIPITATION DATA] SYMBOLS USED IN COLUMN 16
AVERAGE MONTHLY: 55.2 TOTAL FOR MONTH: 0.31 1 = FOG OR MIST
DPTR FM NORMAL: 6.6 DPTR FM NORMAL: -0.53 2 = FOG REDUCING VISIBILITY
HIGHEST: 89 ON 19 GRTST 24HR 0.19 ON 28-28 TO 1/4 MILE OR LESS
LOWEST: 23 ON 30 3 = THUNDER
SNOW, ICE PELLETS, HAIL 4 = ICE PELLETS
TOTAL MONTH: M 5 = HAIL
GRTST 24HR M ON M 6 = FREEZING RAIN OR DRIZZLE
GRTST DEPTH: M ON M 7 = DUSTSTORM OR SANDSTORM:
VSBY 1/2 MILE OR LESS
8 = SMOKE OR HAZE
[NO. OF DAYS WITH] [WEATHER - DAYS WITH] 9 = BLOWING SNOW
X = TORNADO
MAX 32 OR BELOW: 0 0.01 INCH OR MORE: 4
MAX 90 OR ABOVE: 0 0.10 INCH OR MORE: 1
MIN 32 OR BELOW: 5 0.50 INCH OR MORE: 0
MIN 0 OR BELOW: 0 1.00 INCH OR MORE: 0
[HDD (BASE 65) ]
TOTAL THIS MO. 312 CLEAR (SCALE 0-3) 24
DPTR FM NORMAL -184 PTCLDY (SCALE 4-7) 2
TOTAL FM JUL 1 594 CLOUDY (SCALE 8-10) 4
DPTR FM NORMAL -123
[CDD (BASE 65) ]
TOTAL THIS MO. 25
DPTR FM NORMAL 21 [PRESSURE DATA]
TOTAL FM JAN 1 2688 HIGHEST SLP M ON M
DPTR FM NORMAL 849 LOWEST SLP 29.55 ON 14
[REMARKS]
#FINAL-11-20#