000
CXUS51 KBGM 210800
CF6BGM
PRELIMINARY LOCAL CLIMATOLOGICAL DATA (WS FORM: F-6)

                                          STATION:   BINGHAMTON NY
                                          MONTH:     AUGUST
                                          YEAR:      2014
                                          LATITUDE:   42 13 N
                                          LONGITUDE:  75 59 W

  TEMPERATURE IN F:       :PCPN:    SNOW:  WIND      :SUNSHINE: SKY     :PK WND
================================================================================
1   2   3   4   5  6A  6B    7    8   9   10  11  12  13   14  15   16   17  18
                                     12Z  AVG MX 2MIN
DY MAX MIN AVG DEP HDD CDD  WTR  SNW DPTH SPD SPD DIR MIN PSBL S-S WX    SPD DR
================================================================================

 1  81  60  71   2   0   6 0.00  0.0    0  5.9 13 260   M    M   1 1      16 270
 2  78  61  70   1   0   5 0.00  0.0    0  4.3  9 150   M    M   3 1      16 190
 3  77  63  70   1   0   5 0.07  0.0    0  3.8 14 260   M    M   9 1      21 250
 4  79  61  70   1   0   5 0.00  0.0    0  3.4 10 260   M    M   6 12     13 270
 5  81  60  71   2   0   6 0.16  0.0    0  5.5 14 310   M    M   2 123    18 320
 6  74  59  67  -2   0   2    T  0.0    0  6.5 16 350   M    M   6 12     21 330
 7  74  53  64  -4   1   0 0.00  0.0    0  8.5 18 350   M    M   3        25 340
 8  75  51  63  -5   2   0 0.00  0.0    0  6.8 15  20   M    M   1        17 340
 9  78  54  66  -2   0   1 0.00  0.0    0  2.7  9  20   M    M   2        14  30
10  81  57  69   1   0   4 0.00  0.0    0  2.1  8 120   M    M   1        10  60
11  80  61  71   3   0   6 0.00  0.0    0  7.0 15 180   M    M   3        23 170
12  67  62  65  -3   0   0 1.54  0.0    0 12.4 21 150   M    M   9 1      30 140
13  74  57  66  -2   0   1 1.19  0.0    0  8.1 18 140   M    M   7 13     28 310
14  68  49  59  -9   6   0 0.00  0.0    0  7.7 16 320   M    M   5        23 290
15  64  52  58 -10   7   0    T  0.0    0  8.0 17 300   M    M   9        23 300
16  67  50  59  -9   6   0 0.05  0.0    0  6.8 12 220   M    M   2        17 210
17  70  56  63  -5   2   0    T  0.0    0  7.3 17 350   M    M   6        21 340
18  71  52  62  -6   3   0 0.00  0.0    0  4.8 12 350   M    M   5 12     15 350
19  78  47  63  -4   2   0 0.00  0.0    0  4.4 10 180   M    M   3 12     14 190
20  77  63  70   3   0   5 0.94  0.0    0  5.1 22 210   M    M   7 123    26 200
================================================================================
SM 1494 1128        29  46  3.95     0.0 121.1          M       90
================================================================================
AV 74.7 56.4                               6.1 FASTST   M    M   5    MAX(MPH)
                                 MISC ---->  # 22 210               # 30  140
================================================================================
NOTES:
# LAST OF SEVERAL OCCURRENCES

COLUMN 17 PEAK WIND IN M.P.H.

PRELIMINARY LOCAL CLIMATOLOGICAL DATA (WS FORM: F-6) , PAGE 2

                                          STATION:  BINGHAMTON NY
                                          MONTH:    AUGUST
                                          YEAR:     2014
                                          LATITUDE:   42 13 N
                                          LONGITUDE:  75 59 W

[TEMPERATURE DATA]      [PRECIPITATION DATA]       SYMBOLS USED IN COLUMN 16

AVERAGE MONTHLY: 65.6   TOTAL FOR MONTH:   3.95    1 = FOG OR MIST
DPTR FM NORMAL:  -2.6   DPTR FM NORMAL:    1.71    2 = FOG REDUCING VISIBILITY
HIGHEST:    81 ON 10, 5 GRTST 24HR  2.73 ON 12-13      TO 1/4 MILE OR LESS
LOWEST:     47 ON 19                               3 = THUNDER
                        SNOW, ICE PELLETS, HAIL    4 = ICE PELLETS
                        TOTAL MONTH:   0.0 INCH    5 = HAIL
                        GRTST 24HR     0.0         6 = FREEZING RAIN OR DRIZZLE
                        GRTST DEPTH:   0           7 = DUSTSTORM OR SANDSTORM:
                                                       VSBY 1/2 MILE OR LESS
                                                   8 = SMOKE OR HAZE
[NO. OF DAYS WITH]      [WEATHER - DAYS WITH]      9 = BLOWING SNOW
                                                   X = TORNADO
MAX 32 OR BELOW:   0    0.01 INCH OR MORE:   6
MAX 90 OR ABOVE:   0    0.10 INCH OR MORE:   4
MIN 32 OR BELOW:   0    0.50 INCH OR MORE:   3
MIN  0 OR BELOW:   0    1.00 INCH OR MORE:   2

[HDD (BASE 65) ]
TOTAL THIS MO.    29    CLEAR  (SCALE 0-3)  10
DPTR FM NORMAL     9    PTCLDY (SCALE 4-7)   7
TOTAL FM JUL 1    54    CLOUDY (SCALE 8-10)  3
DPTR FM NORMAL    10

[CDD (BASE 65) ]
TOTAL THIS MO.    46
DPTR FM NORMAL   -33    [PRESSURE DATA]
TOTAL FM JAN 1   279    HIGHEST SLP M ON M
DPTR FM NORMAL   -35    LOWEST  SLP 29.70 ON 13

[REMARKS]
