000
CXUS51 KBGM 060137
CF6BGM
PRELIMINARY LOCAL CLIMATOLOGICAL DATA (WS FORM: F-6)

                                          STATION:   BINGHAMTON NY
                                          MONTH:     JULY
                                          YEAR:      2013
                                          LATITUDE:   42 13 N
                                          LONGITUDE:  75 59 W

  TEMPERATURE IN F:       :PCPN:    SNOW:  WIND      :SUNSHINE: SKY     :PK WND
================================================================================
1   2   3   4   5  6A  6B    7    8   9   10  11  12  13   14  15   16   17  18
                                     12Z  AVG MX 2MIN
DY MAX MIN AVG DEP HDD CDD  WTR  SNW DPTH SPD SPD DIR MIN PSBL S-S WX    SPD DR
================================================================================

 1  72  66  69   1   0   4 1.80  0.0    0  3.7 17 340   M    M  10 12     25 340
 2  80  67  74   6   0   9 0.13  0.0    0  5.9 14 200   M    M   7 12     18 200
 3  81  67  74   6   0   9 0.00  0.0    0  7.1 13 180   M    M   5        18 170
 4  84  68  76   8   0  11 0.00  0.0    0  7.7 15 230   M    M   2        21 240
 5  87  71  79  11   0  14    T  0.0    0  7.7 16 230   M    M   4        23 220
 6  84  69  77   9   0  12 0.00  0.0    0  5.0 12 260   M    M   4        15 270
 7  87  69  78  10   0  13 1.71  0.0    0  6.4 21 170   M    M   4 123    31 170
 8  81  66  74   6   0   9 0.08  0.0    0  5.8 18 330   M    M   8 1238   29 310
 9  82  64  73   4   0   8 0.41  0.0    0  4.3 22 230   M    M   7 12     29 220
10  80  67  74   5   0   9 0.05  0.0    0  8.4 18 260   M    M   6 18     24 270
11  75  62  69   0   0   4    T  0.0    0  6.7 14 330   M    M   5        18 360
12  76  59  68  -1   0   3    T  0.0    0  6.8 12  40   M    M   2        18  50
13  78  63  71   2   0   6 0.11  0.0    0  5.8 12 130   M    M   7 1      15 140
14  85  67  76   7   0  11 0.00  0.0    0  5.5 12 240   M    M   4 1      16 260
15  86  69  78   9   0  13 0.00  0.0    0  6.6 13 320   M    M   3        22 230
16  87  67  77   8   0  12 0.00  0.0    0  7.0 14 350   M    M   1        18 340
17  89  66  78   9   0  13 0.00  0.0    0  4.3 12 360   M    M   1 18     15 260
18  89  71  80  11   0  15    T  0.0    0  5.3 14 300   M    M   1 138    21 310
19  88  69  79  10   0  14    T  0.0    0  8.8 20 250   M    M   2        25 260
20  81  65  73   4   0   8    T  0.0    0  6.8 18 260   M    M   6 8      23 250
21  81  60  71   2   0   6 0.00  0.0    0  4.6 12 350   M    M   3 128    16 300
22  83  61  72   3   0   7 1.08  0.0    0  6.6 13 360   M    M   6 13     15 140
23  80  64  72   3   0   7 0.53  0.0    0  5.2 13 330   M    M   7 1      17 340
24  66  51  59 -10   6   0 0.02  0.0    0  8.5 16 320   M    M  10 1      22 330
25  72  47  60  -9   5   0 0.00  0.0    0  7.3 16  50   M    M   0        22  70
26  76  51  64  -5   1   0 0.00  0.0    0  4.2  9 290   M    M   1        16 330
27  78  56  67  -2   0   2 0.44  0.0    0  7.1 14 210   M    M   3 1      18 190
28  73  59  66  -3   0   1 0.16  0.0    0  6.4 15 310   M    M   6 1      22 300
29  72  57  65  -4   0   0 0.00  0.0    0  6.0 16 250   M    M   5 12     21 240
30  73  53  63  -6   2   0 0.00  0.0    0  5.3 12 350   M    M   4        16 340
31  76  54  65  -4   0   0 0.00  0.0    0  3.5 10 260   M    M   1 1      16 230
================================================================================
SM 2482 1945        14 220  6.52     0.0 190.3          M      135
================================================================================
AV 80.1 62.7                               6.1 FASTST   M    M   4    MAX(MPH)
                                 MISC ---->  # 22 230               # 31  170
================================================================================
NOTES:
# LAST OF SEVERAL OCCURRENCES

COLUMN 17 PEAK WIND IN M.P.H.

PRELIMINARY LOCAL CLIMATOLOGICAL DATA (WS FORM: F-6) , PAGE 2

                                          STATION:  BINGHAMTON NY
                                          MONTH:    JULY
                                          YEAR:     2013
                                          LATITUDE:   42 13 N
                                          LONGITUDE:  75 59 W

[TEMPERATURE DATA]      [PRECIPITATION DATA]       SYMBOLS USED IN COLUMN 16

AVERAGE MONTHLY: 71.4   TOTAL FOR MONTH:   6.52    1 = FOG OR MIST
DPTR FM NORMAL:   2.7   DPTR FM NORMAL:    2.82    2 = FOG REDUCING VISIBILITY
HIGHEST:    89 ON 18,17 GRTST 24HR  1.91 ON 30- 1      TO 1/4 MILE OR LESS
LOWEST:     47 ON 25                               3 = THUNDER
                        SNOW, ICE PELLETS, HAIL    4 = ICE PELLETS
                        TOTAL MONTH:   0.0 INCH    5 = HAIL
                        GRTST 24HR     0.0         6 = FREEZING RAIN OR DRIZZLE
                        GRTST DEPTH:   0           7 = DUSTSTORM OR SANDSTORM:
                                                       VSBY 1/2 MILE OR LESS
                                                   8 = SMOKE OR HAZE
[NO. OF DAYS WITH]      [WEATHER - DAYS WITH]      9 = BLOWING SNOW
                                                   X = TORNADO
MAX 32 OR BELOW:   0    0.01 INCH OR MORE:  12
MAX 90 OR ABOVE:   0    0.10 INCH OR MORE:   9
MIN 32 OR BELOW:   0    0.50 INCH OR MORE:   4
MIN  0 OR BELOW:   0    1.00 INCH OR MORE:   3

[HDD (BASE 65) ]
TOTAL THIS MO.    14    CLEAR  (SCALE 0-3)  10
DPTR FM NORMAL   -10    PTCLDY (SCALE 4-7)  19
TOTAL FM JUL 1    14    CLOUDY (SCALE 8-10)  2
DPTR FM NORMAL   -10

[CDD (BASE 65) ]
TOTAL THIS MO.   220
DPTR FM NORMAL    82    [PRESSURE DATA]
TOTAL FM JAN 1   346    HIGHEST SLP 30.35 ON 14
DPTR FM NORMAL   111    LOWEST  SLP 29.63 ON 23

[REMARKS]
#FINAL-07-13#
