000
CXUS51 KBGM 010645
CF6BGM
PRELIMINARY LOCAL CLIMATOLOGICAL DATA (WS FORM: F-6)

                                          STATION:   BINGHAMTON NY
                                          MONTH:     JUNE
                                          YEAR:      2013
                                          LATITUDE:   42 13 N
                                          LONGITUDE:  75 59 W

  TEMPERATURE IN F:       :PCPN:    SNOW:  WIND      :SUNSHINE: SKY     :PK WND
================================================================================
1   2   3   4   5  6A  6B    7    8   9   10  11  12  13   14  15   16   17  18
                                     12Z  AVG MX 2MIN
DY MAX MIN AVG DEP HDD CDD  WTR  SNW DPTH SPD SPD DIR MIN PSBL S-S WX    SPD DR
================================================================================

 1  84  65  75  14   0  10 0.00  0.0    0  8.4 18 230   M    M   2        26 220
 2  78  64  71  10   0   6 0.12  0.0    0  8.7 33 270   M    M   4 138    47 270
 3  65  48  57  -4   8   0 0.00  0.0    0  6.9 14 330   M    M   6        18 280
 4  65  44  55  -7  10   0 0.00  0.0    0  8.6 21 350   M    M   0        25 340
 5  71  42  57  -5   8   0 0.00  0.0    0  3.7  9  60   M    M   0        14 150
 6  63  53  58  -4   7   0 0.59  0.0    0 10.2 17 130   M    M   9 1      24 140
 7  59  56  58  -4   7   0 0.43  0.0    0  8.5 15 140   M    M   8 1      21 140
 8  65  55  60  -3   5   0 0.02  0.0    0  5.8 13 310   M    M   9 12     17 330
 9  73  51  62  -1   3   0 0.00  0.0    0  4.9 12 350   M    M   4 12     16 320
10  63  57  60  -3   5   0 0.53  0.0    0 11.0 22 140   M    M   9 1      31 130
11  64  57  61  -3   4   0 0.21  0.0    0  9.1 17 310   M    M  10 1      28 300
12  71  54  63  -1   2   0 0.00  0.0    0  7.2 17 360   M    M   6        25 300
13  59  53  56  -8   9   0 0.85  0.0    0 11.5 22 140   M    M  10 1      30 140
14  69  52  61  -3   4   0 0.01  0.0    0  9.2 18 340   M    M   5        26 330
15  73  53  63  -1   2   0 0.00  0.0    0  6.9 15 340   M    M   0        22 290
16  71  57  64  -1   1   0 0.05  0.0    0  9.9 21 210   M    M   4 1      30 210
17  80  57  69   4   0   4    T  0.0    0  6.9 20 320   M    M   1 3      28 270
18  72  54  63  -2   2   0    T  0.0    0  7.4 18 360   M    M   5        23  20
19  68  49  59  -7   6   0 0.00  0.0    0  7.7 18 360   M    M   0        31 340
20  76  46  61  -5   4   0 0.00  0.0    0  3.6 15 260   M    M   2        21 270
21  80  56  68   2   0   3 0.00  0.0    0  4.0 12 260   M    M   1        18 280
22  81  60  71   5   0   6 0.00  0.0    0  8.0 15 220   M    M   1        29 100
23  88  67  78  12   0  13 0.10  0.0    0  8.2 18 350   M    M   2 1      23 350
24  86  65  76   9   0  11 0.05  0.0    0  6.0 29 300   M    M   2 138    40 310
25  82  64  73   6   0   8 0.05  0.0    0  8.1 20 270   M    M   2 1      26 280
26  75  64  70   3   0   5 0.05  0.0    0  5.7 13 250   M    M   4 1      20 180
27  79  62  71   4   0   6 1.50  0.0    0  5.6 16  10   M    M   5 128    22  40
28  74  61  68   1   0   3 0.45  0.0    0  5.4 16  10   M    M   8 123    21 360
29  77  58  68   1   0   3 0.01  0.0    0  5.8 20 250   M    M   7 12     23 250
30  82  58  70   2   0   5 0.22  0.0    0  3.3 15 120   M    M   4 12     18 120
================================================================================
SM 2193 1682        87  83  5.24     0.0 216.2          M      130
================================================================================
AV 73.1 56.1                               7.2 FASTST   M    M   4    MAX(MPH)
                                 MISC ---->  # 33 270               # 47  270
================================================================================
NOTES:
# LAST OF SEVERAL OCCURRENCES

COLUMN 17 PEAK WIND IN M.P.H.

PRELIMINARY LOCAL CLIMATOLOGICAL DATA (WS FORM: F-6) , PAGE 2

                                          STATION:  BINGHAMTON NY
                                          MONTH:    JUNE
                                          YEAR:     2013
                                          LATITUDE:   42 13 N
                                          LONGITUDE:  75 59 W

[TEMPERATURE DATA]      [PRECIPITATION DATA]       SYMBOLS USED IN COLUMN 16

AVERAGE MONTHLY: 64.6   TOTAL FOR MONTH:   5.24    1 = FOG OR MIST
DPTR FM NORMAL:   0.2   DPTR FM NORMAL:    0.93    2 = FOG REDUCING VISIBILITY
HIGHEST:    88 ON 23    GRTST 24HR  1.90 ON 27-28      TO 1/4 MILE OR LESS
LOWEST:     42 ON  5                               3 = THUNDER
                        SNOW, ICE PELLETS, HAIL    4 = ICE PELLETS
                        TOTAL MONTH:   0.0 INCH    5 = HAIL
                        GRTST 24HR     0.0         6 = FREEZING RAIN OR DRIZZLE
                        GRTST DEPTH:   0           7 = DUSTSTORM OR SANDSTORM:
                                                       VSBY 1/2 MILE OR LESS
                                                   8 = SMOKE OR HAZE
[NO. OF DAYS WITH]      [WEATHER - DAYS WITH]      9 = BLOWING SNOW
                                                   X = TORNADO
MAX 32 OR BELOW:   0    0.01 INCH OR MORE:  17
MAX 90 OR ABOVE:   0    0.10 INCH OR MORE:  10
MIN 32 OR BELOW:   0    0.50 INCH OR MORE:   4
MIN  0 OR BELOW:   0    1.00 INCH OR MORE:   1

[HDD (BASE 65) ]
TOTAL THIS MO.    87    CLEAR  (SCALE 0-3)  12
DPTR FM NORMAL    -4    PTCLDY (SCALE 4-7)  11
TOTAL FM JUL 1  6911    CLOUDY (SCALE 8-10)  7
DPTR FM NORMAL  -284

[CDD (BASE 65) ]
TOTAL THIS MO.    83
DPTR FM NORMAL     9    [PRESSURE DATA]
TOTAL FM JAN 1   126    HIGHEST SLP 30.29 ON 21
DPTR FM NORMAL    29    LOWEST  SLP 29.46 ON M

[REMARKS]
#FINAL-06-13#
