000
CXUS51 KBGM 041525
CF6BGM
PRELIMINARY LOCAL CLIMATOLOGICAL DATA (WS FORM: F-6)

                                          STATION:   BINGHAMTON NY
                                          MONTH:     MAY
                                          YEAR:      2013
                                          LATITUDE:   42 13 N
                                          LONGITUDE:  75 59 W

  TEMPERATURE IN F:       :PCPN:    SNOW:  WIND      :SUNSHINE: SKY     :PK WND
================================================================================
1   2   3   4   5  6A  6B    7    8   9   10  11  12  13   14  15   16   17  18
                                     12Z  AVG MX 2MIN
DY MAX MIN AVG DEP HDD CDD  WTR  SNW DPTH SPD SPD DIR MIN PSBL S-S WX    SPD DR
================================================================================

 1  71  44  58   7   7   0 0.00  0.0    0  7.3 15 170   M    M   0        23 160
 2  74  45  60   9   5   0 0.00  0.0    0  5.2 14 150   M    M   0        20 150
 3  70  52  61   9   4   0 0.00  0.0    0  8.5 17 140   M    M   2        22 140
 4  72  45  59   7   6   0 0.00  0.0    0  3.5 13 130   M    M   1        18 130
 5  74  46  60   8   5   0 0.00  0.0    0  6.5 15 140   M    M   0        20 130
 6  72  42  57   4   8   0 0.00  0.0    0  5.0 13 150   M    M   0        17 150
 7  75  49  62   9   3   0 0.00  0.0    0  6.2 14 110   M    M   2        21 110
 8  62  52  57   4   8   0 0.67  0.0    0  7.0 14 220   M    M   9 1      20 220
 9  68  49  59   5   6   0 0.00  0.0    0  5.5 13 280   M    M   4 1      15 280
10  69  50  60   6   5   0 0.48  0.0    0  6.6 15 220   M    M   3 123    21 220
11  64  52  58   4   7   0 0.40  0.0    0  7.4 23 260   M    M   9 1      29 260
12  53  38  46  -9  19   0 0.03  0.0    0 10.8 25 270   M    M   7 1      37 270
13  45  32  39 -16  26   0 0.03    T    0  9.8 24 280   M    M   7 8      33 260
14  54  30  42 -13  23   0 0.00  0.0    0  6.5 16 340   M    M   0        22 280
15  75  40  58   2   7   0 0.02  0.0    0 10.3 23 220   M    M   4        32 200
16  76  51  64   8   1   0 0.00  0.0    0  9.3 22 290   M    M   3        35 350
17  64  42  53  -3  12   0 0.00  0.0    0  8.1 16 360   M    M   0        23  10
18  65  42  54  -2  11   0 0.00  0.0    0  6.5 16 160   M    M   5        22 160
19  62  53  58   1   7   0 0.01  0.0    0  9.0 15 140   M    M  10 1      21 160
20  79  56  68  11   0   3    T  0.0    0  4.6 12 150   M    M   5 18     16 260
21  85  61  73  16   0   8    T  0.0    0  8.0 20 330   M    M   1 13     28 320
22  83  62  73  15   0   8 0.35  0.0    0  5.9 29 240   M    M   2 13     43 250
23  71  58  65   7   0   0 0.37  0.0    0  6.8 15 210   M    M   8 123    24 180
24  58  37  48 -10  17   0 0.31    T    0 12.2 22 340   M    M  10 124    29 340
25  51  38  45 -13  20   0    T  0.0    0 15.9 26 330   M    M   7        38 320
26  57  38  48 -11  17   0 0.00  0.0    0 11.2 26 330   M    M   2        41 340
27  68  37  53  -6  12   0 0.00  0.0    0  6.5 16 350   M    M   0        28 310
28  55  46  51  -8  14   0 0.61  0.0    0  7.1 14 150   M    M   7 12     18 150
29  80  55  68   8   0   3 0.09  0.0    0  7.0 18 240   M    M   8 1238   24 230
30  85  63  74  14   0   9 0.00  0.0    0  4.7 12 250   M    M   2 8      16 220
31  87  67  77  17   0  12 0.00  0.0    0  6.4 14 230   M    M   1        20 210
================================================================================
SM 2124 1472       250  43  3.37    T    235.3          M      119
================================================================================
AV 68.5 47.5                               7.6 FASTST   M    M   4    MAX(MPH)
                                 MISC ---->  # 29 240               # 43  250
================================================================================
NOTES:
# LAST OF SEVERAL OCCURRENCES

COLUMN 17 PEAK WIND IN M.P.H.

PRELIMINARY LOCAL CLIMATOLOGICAL DATA (WS FORM: F-6) , PAGE 2

                                          STATION:  BINGHAMTON NY
                                          MONTH:    MAY
                                          YEAR:     2013
                                          LATITUDE:   42 13 N
                                          LONGITUDE:  75 59 W

[TEMPERATURE DATA]      [PRECIPITATION DATA]       SYMBOLS USED IN COLUMN 16

AVERAGE MONTHLY: 58.0   TOTAL FOR MONTH:   3.37    1 = FOG OR MIST
DPTR FM NORMAL:   2.2   DPTR FM NORMAL:   -0.20    2 = FOG REDUCING VISIBILITY
HIGHEST:    87 ON 31    GRTST 24HR  0.88 ON 10-11      TO 1/4 MILE OR LESS
LOWEST:     30 ON 14                               3 = THUNDER
                        SNOW, ICE PELLETS, HAIL    4 = ICE PELLETS
                        TOTAL MONTH:    T          5 = HAIL
                        GRTST 24HR    T  ON 24-24  6 = FREEZING RAIN OR DRIZZLE
                        GRTST DEPTH:   0           7 = DUSTSTORM OR SANDSTORM:
                                                       VSBY 1/2 MILE OR LESS
                                                   8 = SMOKE OR HAZE
[NO. OF DAYS WITH]      [WEATHER - DAYS WITH]      9 = BLOWING SNOW
                                                   X = TORNADO
MAX 32 OR BELOW:   0    0.01 INCH OR MORE:  12
MAX 90 OR ABOVE:   0    0.10 INCH OR MORE:   7
MIN 32 OR BELOW:   2    0.50 INCH OR MORE:   2
MIN  0 OR BELOW:   0    1.00 INCH OR MORE:   0

[HDD (BASE 65) ]
TOTAL THIS MO.   250    CLEAR  (SCALE 0-3)  16
DPTR FM NORMAL   -55    PTCLDY (SCALE 4-7)  11
TOTAL FM JUL 1  6824    CLOUDY (SCALE 8-10)  4
DPTR FM NORMAL  -280

[CDD (BASE 65) ]
TOTAL THIS MO.    43
DPTR FM NORMAL    24    [PRESSURE DATA]
TOTAL FM JAN 1    43    HIGHEST SLP 30.45 ON  2
DPTR FM NORMAL    20    LOWEST  SLP 29.60 ON 15

[REMARKS]
#FINAL-05-13#
